000
CDUS41 KCLE 042228
CLIYNG


CLIMATE REPORT
NATIONAL WEATHER SERVICE CLEVELAND OH
527 PM EST THU JAN 4 2018


...................................

...THE YOUNGSTOWN OH CLIMATE SUMMARY FOR JANUARY 4 2018...
VALID TODAY AS OF 0500 PM LOCAL TIME.

CLIMATE NORMAL PERIOD 1981 TO 2010
CLIMATE RECORD PERIOD 1897 TO 2018


WEATHER ITEM   OBSERVED TIME   RECORD YEAR NORMAL DEPARTURE LAST
                VALUE   (LST)  VALUE       VALUE  FROM      YEAR
                                                  NORMAL
..................................................................
TEMPERATURE (F)
 TODAY
  MAXIMUM         16   1218 AM  64    1997  33    -17       40
  MINIMUM         11    359 PM  -2    1981  20     -9       19
  AVERAGE         14                        26    -12       30

PRECIPITATION (IN)
  TODAY            0.10                      0.09   0.01     0.05
  MONTH TO DATE    0.11                      0.36  -0.25     1.02
  SINCE DEC 1      2.22                      3.35  -1.13     4.59
  SINCE JAN 1      0.11                      0.36  -0.25     1.02

SNOWFALL (IN)
  TODAY            2.7                       0.5    2.2       T
  MONTH TO DATE    3.3                       2.1    1.2       T
  SINCE DEC 1     22.3                      17.1    5.2     23.3
  SINCE JUL 1     23.3                      21.5    1.8     27.7
  SNOW DEPTH       4

DEGREE DAYS
 HEATING
  TODAY           51                        39     12       35
  MONTH TO DATE  219                       156     63      118
  SINCE DEC 1   1370                      1233    137     1197
  SINCE JUL 1   2468                      2562    -94     2169

 COOLING
  TODAY            0                         0      0        0
  MONTH TO DATE    0                         0      0        0
  SINCE DEC 1      0                         0      0        0
  SINCE JAN 1      0                         0      0        0
..................................................................


WIND (MPH)
  HIGHEST WIND SPEED    24   HIGHEST WIND DIRECTION     W (290)
  HIGHEST GUST SPEED    31   HIGHEST GUST DIRECTION    NW (300)


SKY COVER
  POSSIBLE SUNSHINE  MM
  AVERAGE SKY COVER 1.0


WEATHER CONDITIONS
 THE FOLLOWING WEATHER WAS RECORDED TODAY.
  HEAVY SNOW
  LIGHT SNOW
  FOG
  BLOWING SNOW


RELATIVE HUMIDITY (PERCENT)
 HIGHEST    80           200 AM
 LOWEST     67           900 AM
 AVERAGE    74

..........................................................


THE YOUNGSTOWN OH CLIMATE NORMALS FOR TOMORROW
                         NORMAL    RECORD    YEAR
 MAXIMUM TEMPERATURE (F)   33        64      1997
 MINIMUM TEMPERATURE (F)   19        -5      1968


SUNRISE AND SUNSET
JANUARY  4 2018.......SUNRISE   749 AM EST   SUNSET   507 PM EST
JANUARY  5 2018.......SUNRISE   748 AM EST   SUNSET   508 PM EST


-  INDICATES NEGATIVE NUMBERS.
R  INDICATES RECORD WAS SET OR TIED.
MM INDICATES DATA IS MISSING.
T  INDICATES TRACE AMOUNT.




$$
