000
CDUS41 KCLE 230545
CLIYNG


CLIMATE REPORT
NATIONAL WEATHER SERVICE CLEVELAND OH
145 AM EDT SUN APR 23 2017


...................................

...THE YOUNGSTOWN OH CLIMATE SUMMARY FOR APRIL 22 2017...

CLIMATE NORMAL PERIOD 1981 TO 2010
CLIMATE RECORD PERIOD 1897 TO 2017


WEATHER ITEM   OBSERVED TIME   RECORD YEAR NORMAL DEPARTURE LAST
                VALUE   (LST)  VALUE       VALUE  FROM      YEAR
                                                  NORMAL
..................................................................
TEMPERATURE (F)
 YESTERDAY
  MAXIMUM         53    248 PM  83    1985  62     -9       67
  MINIMUM         39   1145 PM  20    1975  40     -1       48
  AVERAGE         46                        51     -5       58

PRECIPITATION (IN)
  YESTERDAY        0.00                      0.11  -0.11     0.39
  MONTH TO DATE    2.15                      2.51  -0.36     3.05
  SINCE MAR 1      7.19                      5.45   1.74     6.86
  SINCE JAN 1     15.07                     10.15   4.92    12.05

SNOWFALL (IN)
  YESTERDAY        0.0                       0.0    0.0      0.0
  MONTH TO DATE    2.0                       2.8   -0.8      8.8
  SINCE MAR 1     22.1                      13.7    8.4     13.1
  SINCE JUL 1     69.5                      62.5    7.0     44.7
  SNOW DEPTH       0

DEGREE DAYS
 HEATING
  YESTERDAY       19                        14      5        7
  MONTH TO DATE  261                       398   -137      427
  SINCE MAR 1   1131                      1274   -143     1041
  SINCE JUL 1   4915                      5922  -1007     4889

 COOLING
  YESTERDAY        0                         0      0        0
  MONTH TO DATE   14                         0     14        0
  SINCE MAR 1     14                         1     13        0
  SINCE JAN 1     14                         1     13        0
..................................................................


WIND (MPH)
  HIGHEST WIND SPEED    17   HIGHEST WIND DIRECTION     N (360)
  HIGHEST GUST SPEED    23   HIGHEST GUST DIRECTION     N (10)
  AVERAGE WIND SPEED     9.9


SKY COVER
  POSSIBLE SUNSHINE  MM
  AVERAGE SKY COVER 1.0


WEATHER CONDITIONS
 THE FOLLOWING WEATHER WAS RECORDED YESTERDAY.
  NO SIGNIFICANT WEATHER WAS OBSERVED.


RELATIVE HUMIDITY (PERCENT)
 HIGHEST    79           500 AM
 LOWEST     50           500 PM
 AVERAGE    65

..........................................................


THE YOUNGSTOWN OH CLIMATE NORMALS FOR TODAY
                         NORMAL    RECORD    YEAR
 MAXIMUM TEMPERATURE (F)   62        85      1985
 MINIMUM TEMPERATURE (F)   40        25      1986


SUNRISE AND SUNSET
APRIL 23 2017.........SUNRISE   631 AM EDT   SUNSET   812 PM EDT
APRIL 24 2017.........SUNRISE   629 AM EDT   SUNSET   813 PM EDT


-  INDICATES NEGATIVE NUMBERS.
R  INDICATES RECORD WAS SET OR TIED.
MM INDICATES DATA IS MISSING.
T  INDICATES TRACE AMOUNT.




$$
