000
CDUS41 KCLE 100527
CLIYNG


CLIMATE REPORT
NATIONAL WEATHER SERVICE CLEVELAND OH
126 AM EDT SUN SEP 10 2017


...................................

...THE YOUNGSTOWN OH CLIMATE SUMMARY FOR SEPTEMBER 9 2017...

CLIMATE NORMAL PERIOD 1981 TO 2010
CLIMATE RECORD PERIOD 1897 TO 2017


WEATHER ITEM   OBSERVED TIME   RECORD YEAR NORMAL DEPARTURE LAST
                VALUE   (LST)  VALUE       VALUE  FROM      YEAR
                                                  NORMAL
..................................................................
TEMPERATURE (F)
 YESTERDAY
  MAXIMUM         68    334 PM  92    1959  75     -7       83
  MINIMUM         41    632 AM  37    1979  54    -13       67
  AVERAGE         55                        64     -9       75

PRECIPITATION (IN)
  YESTERDAY        0.00                      0.13  -0.13      T
  MONTH TO DATE    0.74                      1.12  -0.38     1.34
  SINCE SEP 1      0.74                      1.12  -0.38     1.34
  SINCE JAN 1     33.46                     27.34   6.12    29.84

SNOWFALL (IN)
  YESTERDAY        0.0                       0.0    0.0      0.0
  MONTH TO DATE    0.0                       0.0    0.0      0.0
  SINCE SEP 1      0.0                       0.0    0.0      0.0
  SINCE JUL 1      0.0                       0.0    0.0      0.0
  SNOW DEPTH       0

DEGREE DAYS
 HEATING
  YESTERDAY       10                         3      7        0
  MONTH TO DATE   49                        20     29        0
  SINCE SEP 1     49                        20     29        0
  SINCE JUL 1     65                        58      7        6

 COOLING
  YESTERDAY        0                         2     -2       10
  MONTH TO DATE    5                        25    -20       54
  SINCE SEP 1      5                        25    -20       54
  SINCE JAN 1    538                       511     27      797
..................................................................


WIND (MPH)
  HIGHEST WIND SPEED    15   HIGHEST WIND DIRECTION     N (350)
  HIGHEST GUST SPEED    19   HIGHEST GUST DIRECTION     N (10)
  AVERAGE WIND SPEED     5.3


SKY COVER
  POSSIBLE SUNSHINE  MM
  AVERAGE SKY COVER 0.4


WEATHER CONDITIONS
 THE FOLLOWING WEATHER WAS RECORDED YESTERDAY.
  FOG
  FOG W/VISIBILITY <= 1/4 MILE


RELATIVE HUMIDITY (PERCENT)
 HIGHEST   100           200 AM
 LOWEST     48           100 PM
 AVERAGE    74

..........................................................


THE YOUNGSTOWN OH CLIMATE NORMALS FOR TODAY
                         NORMAL    RECORD    YEAR
 MAXIMUM TEMPERATURE (F)   75        93      1941
                                             1931
 MINIMUM TEMPERATURE (F)   53        37      1956


SUNRISE AND SUNSET
SEPTEMBER 10 2017.....SUNRISE   658 AM EDT   SUNSET   740 PM EDT
SEPTEMBER 11 2017.....SUNRISE   659 AM EDT   SUNSET   738 PM EDT


-  INDICATES NEGATIVE NUMBERS.
R  INDICATES RECORD WAS SET OR TIED.
MM INDICATES DATA IS MISSING.
T  INDICATES TRACE AMOUNT.




$$
