000
CDUS41 KCLE 140529
CLIYNG


CLIMATE REPORT
NATIONAL WEATHER SERVICE CLEVELAND OH
1228 AM EST TUE NOV 14 2017


...................................

...THE YOUNGSTOWN OH CLIMATE SUMMARY FOR NOVEMBER 13 2017...

CLIMATE NORMAL PERIOD 1981 TO 2010
CLIMATE RECORD PERIOD 1897 TO 2017


WEATHER ITEM   OBSERVED TIME   RECORD YEAR NORMAL DEPARTURE LAST
                VALUE   (LST)  VALUE       VALUE  FROM      YEAR
                                                  NORMAL
..................................................................
TEMPERATURE (F)
 YESTERDAY
  MAXIMUM         43    105 PM  71    1989  50     -7       56
  MINIMUM         34    344 AM  17    1986  35     -1       29
  AVERAGE         39                        42     -3       43

PRECIPITATION (IN)
  YESTERDAY        0.09                      0.11  -0.02     0.00
  MONTH TO DATE    2.86                      1.33   1.53     0.51
  SINCE SEP 1      6.57                      7.85  -1.28    10.82
  SINCE JAN 1     39.29                     34.07   5.22    39.32

SNOWFALL (IN)
  YESTERDAY        T                         0.1   -0.1      0.0
  MONTH TO DATE    0.3                       0.9   -0.6      0.0
  SINCE SEP 1      0.3                       1.7   -1.4      0.0
  SINCE JUL 1      0.3                       1.7   -1.4      0.0
  SNOW DEPTH       0

DEGREE DAYS
 HEATING
  YESTERDAY       26                        22      4       22
  MONTH TO DATE  304                       266     38      198
  SINCE SEP 1    669                       849   -180      563
  SINCE JUL 1    685                       887   -202      569

 COOLING
  YESTERDAY        0                         0      0        0
  MONTH TO DATE    0                         0      0        3
  SINCE SEP 1    125                        58     67      136
  SINCE JAN 1    658                       544    114      879
..................................................................


WIND (MPH)
  HIGHEST WIND SPEED    15   HIGHEST WIND DIRECTION    NW (330)
  HIGHEST GUST SPEED    18   HIGHEST GUST DIRECTION    NW (330)
  AVERAGE WIND SPEED     3.7


SKY COVER
  POSSIBLE SUNSHINE  MM
  AVERAGE SKY COVER 0.9


WEATHER CONDITIONS
 THE FOLLOWING WEATHER WAS RECORDED YESTERDAY.
  LIGHT RAIN
  SLEET
  FOG


RELATIVE HUMIDITY (PERCENT)
 HIGHEST   100          1200 PM
 LOWEST     79           700 PM
 AVERAGE    90

..........................................................


THE YOUNGSTOWN OH CLIMATE NORMALS FOR TODAY
                         NORMAL    RECORD    YEAR
 MAXIMUM TEMPERATURE (F)   50        69      1994
 MINIMUM TEMPERATURE (F)   35        12      1986


SUNRISE AND SUNSET
NOVEMBER 14 2017......SUNRISE   710 AM EST   SUNSET   504 PM EST
NOVEMBER 15 2017......SUNRISE   711 AM EST   SUNSET   503 PM EST


-  INDICATES NEGATIVE NUMBERS.
R  INDICATES RECORD WAS SET OR TIED.
MM INDICATES DATA IS MISSING.
T  INDICATES TRACE AMOUNT.




$$
