841
CDUS41 KCLE 240546
CLIYNG


CLIMATE REPORT
NATIONAL WEATHER SERVICE CLEVELAND OH
145 AM EDT SUN APR 24 2016


...................................

...THE YOUNGSTOWN OH CLIMATE SUMMARY FOR APRIL 23 2016...

CLIMATE NORMAL PERIOD 1981 TO 2010
CLIMATE RECORD PERIOD 1897 TO 2016


WEATHER ITEM   OBSERVED TIME   RECORD YEAR NORMAL DEPARTURE LAST
                VALUE   (LST)  VALUE       VALUE  FROM      YEAR
                                                  NORMAL
..................................................................
TEMPERATURE (F)
 YESTERDAY
  MAXIMUM         54    515 PM  85    1985  62     -8       35
  MINIMUM         39   1158 PM  25    1986  40     -1       32
  AVERAGE         47                        51     -4       34

PRECIPITATION (IN)
  YESTERDAY        0.00                      0.11  -0.11     0.07
  MONTH TO DATE    3.05                      2.62   0.43     2.79
  SINCE MAR 1      6.86                      5.56   1.30     5.12
  SINCE JAN 1     12.05                     10.26   1.79    10.35

SNOWFALL (IN)
  YESTERDAY        0.0                       0.1   -0.1      0.7
  MONTH TO DATE    6.4                       2.9    3.5      0.9
  SINCE MAR 1     10.7                      13.8   -3.1      9.5
  SINCE JUL 1     42.3                      62.6  -20.3     79.0
  SNOW DEPTH       0

DEGREE DAYS
 HEATING
  YESTERDAY       18                        14      4       31
  MONTH TO DATE  445                       412     33      299
  SINCE MAR 1   1059                      1288   -229     1287
  SINCE JUL 1   4907                      5936  -1029     6405

 COOLING
  YESTERDAY        0                         0      0        0
  MONTH TO DATE    0                         0      0        0
  SINCE MAR 1      0                         1     -1        0
  SINCE JAN 1      0                         1     -1        0
..................................................................


WIND (MPH)
  HIGHEST WIND SPEED    17   HIGHEST WIND DIRECTION     N (360)
  HIGHEST GUST SPEED    22   HIGHEST GUST DIRECTION    NW (330)
  AVERAGE WIND SPEED    10.0


SKY COVER
  POSSIBLE SUNSHINE  MM
  AVERAGE SKY COVER 0.8


WEATHER CONDITIONS
 THE FOLLOWING WEATHER WAS RECORDED YESTERDAY.
  FOG


RELATIVE HUMIDITY (PERCENT)
 HIGHEST    86          1200 AM
 LOWEST     29           600 PM
 AVERAGE    58

..........................................................


THE YOUNGSTOWN OH CLIMATE NORMALS FOR TODAY
                         NORMAL    RECORD    YEAR
 MAXIMUM TEMPERATURE (F)   63        88      1897
 MINIMUM TEMPERATURE (F)   41        26      2003


SUNRISE AND SUNSET
APRIL 24 2016.........SUNRISE   629 AM EDT   SUNSET   813 PM EDT
APRIL 25 2016.........SUNRISE   628 AM EDT   SUNSET   814 PM EDT


-  INDICATES NEGATIVE NUMBERS.
R  INDICATES RECORD WAS SET OR TIED.
MM INDICATES DATA IS MISSING.
T  INDICATES TRACE AMOUNT.




$$
