000
CDUS41 KCLE 220532
CLIYNG


CLIMATE REPORT
NATIONAL WEATHER SERVICE CLEVELAND OH
1231 AM EST THU JAN 22 2015


...................................

...THE YOUNGSTOWN OH CLIMATE SUMMARY FOR JANUARY 21 2015...

CLIMATE NORMAL PERIOD 1981 TO 2010
CLIMATE RECORD PERIOD 1897 TO 2015


WEATHER ITEM   OBSERVED TIME   RECORD YEAR NORMAL DEPARTURE LAST
                VALUE   (LST)  VALUE       VALUE  FROM      YEAR
                                                  NORMAL
..................................................................
TEMPERATURE (F)
 YESTERDAY
  MAXIMUM         33    851 PM  59    1959  32      1       18
  MINIMUM         17    259 AM -20    1985  19     -2       -3
  AVERAGE         25                        26     -1        8

PRECIPITATION (IN)
  YESTERDAY        0.19                      0.08   0.11     0.01
  MONTH TO DATE    2.42                      1.79   0.63     2.05
  SINCE DEC 1      4.74                      4.78  -0.04     5.57
  SINCE JAN 1      2.42                      1.79   0.63     2.05

SNOWFALL (IN)
  YESTERDAY        2.3                       0.6    1.7      0.2
  MONTH TO DATE   18.6                      11.4    7.2     14.5
  SINCE DEC 1     19.3                      26.4   -7.1     35.0
  SINCE JUL 1     30.9                      30.8    0.1     49.1
  SNOW DEPTH       3

DEGREE DAYS
 HEATING
  YESTERDAY       40                        39      1       57
  MONTH TO DATE  910                       825     85      869
  SINCE DEC 1   1843                      1902    -59     1931
  SINCE JUL 1   3253                      3231     22     3313

 COOLING
  YESTERDAY        0                         0      0        0
  MONTH TO DATE    0                         0      0        0
  SINCE DEC 1      0                         0      0        0
  SINCE JAN 1      0                         0      0        0
..................................................................


WIND (MPH)
  HIGHEST WIND SPEED    16   HIGHEST WIND DIRECTION     W (250)
  HIGHEST GUST SPEED    20   HIGHEST GUST DIRECTION     W (250)
  AVERAGE WIND SPEED     6.3


SKY COVER
  POSSIBLE SUNSHINE  MM
  AVERAGE SKY COVER 0.9


WEATHER CONDITIONS
 THE FOLLOWING WEATHER WAS RECORDED YESTERDAY.
  LT FREEZING RAIN
  HEAVY SNOW
  SNOW
  LIGHT SNOW
  SLEET
  FOG
  FOG W/VISIBILITY <= 1/4 MILE


RELATIVE HUMIDITY (PERCENT)
 HIGHEST   100           100 PM
 LOWEST     85          1100 AM
 AVERAGE    93

..........................................................


THE YOUNGSTOWN OH CLIMATE NORMALS FOR TODAY
                         NORMAL    RECORD    YEAR
 MAXIMUM TEMPERATURE (F)   32        69      1933
 MINIMUM TEMPERATURE (F)   19        -6      2014
                                             1970


SUNRISE AND SUNSET
JANUARY 22 2015.......SUNRISE   742 AM EST   SUNSET   526 PM EST
JANUARY 23 2015.......SUNRISE   742 AM EST   SUNSET   528 PM EST


-  INDICATES NEGATIVE NUMBERS.
R  INDICATES RECORD WAS SET OR TIED.
MM INDICATES DATA IS MISSING.
T  INDICATES TRACE AMOUNT.




$$
