000
CDUS41 KCLE 221119
CLIYNG


CLIMATE REPORT
NATIONAL WEATHER SERVICE CLEVELAND OH
719 AM EDT SUN MAR 22 2015


...................................

...THE YOUNGSTOWN OH CLIMATE SUMMARY FOR MARCH 21 2015...

CLIMATE NORMAL PERIOD 1981 TO 2010
CLIMATE RECORD PERIOD 1897 TO 2015


WEATHER ITEM   OBSERVED TIME   RECORD YEAR NORMAL DEPARTURE LAST
                VALUE   (LST)  VALUE       VALUE  FROM      YEAR
                                                  NORMAL
..................................................................
TEMPERATURE (F)
 YESTERDAY
  MAXIMUM         49    137 PM  80    2012  48      1       42
  MINIMUM         28   1121 PM   7    1988  29     -1       23
  AVERAGE         39                        38      1       33

PRECIPITATION (IN)
  YESTERDAY        T                         0.11  -0.11      T
  MONTH TO DATE    1.51                      1.91  -0.40     1.04
  SINCE MAR 1      1.51                      1.91  -0.40     1.04
  SINCE JAN 1      6.74                      6.61   0.13     5.73

SNOWFALL (IN)
  YESTERDAY        0.0                       0.3   -0.3       T
  MONTH TO DATE    8.0                       8.2   -0.2      5.2
  SINCE MAR 1      8.0                       8.2   -0.2      5.2
  SINCE JUL 1     77.5                      57.0   20.5     86.2
  SNOW DEPTH       0

DEGREE DAYS
 HEATING
  YESTERDAY       26                        27     -1       32
  MONTH TO DATE  662                       634     28      755
  SINCE MAR 1    662                       634     28      755
  SINCE JUL 1   5780                      5282    498     5823

 COOLING
  YESTERDAY        0                         0      0        0
  MONTH TO DATE    0                         0      0        0
  SINCE MAR 1      0                         0      0        0
  SINCE JAN 1      0                         0      0        0
..................................................................


WIND (MPH)
  HIGHEST WIND SPEED    23   HIGHEST WIND DIRECTION    NW (330)
  HIGHEST GUST SPEED    27   HIGHEST GUST DIRECTION    SW (230)
  AVERAGE WIND SPEED    10.5


SKY COVER
  POSSIBLE SUNSHINE  MM
  AVERAGE SKY COVER 0.9


WEATHER CONDITIONS
 THE FOLLOWING WEATHER WAS RECORDED YESTERDAY.
  LIGHT RAIN
  FOG
  HAZE


RELATIVE HUMIDITY (PERCENT)
 HIGHEST    96           600 PM
 LOWEST     65          1100 AM
 AVERAGE    81

..........................................................


THE YOUNGSTOWN OH CLIMATE NORMALS FOR TODAY
                         NORMAL    RECORD    YEAR
 MAXIMUM TEMPERATURE (F)   48        81      2012
 MINIMUM TEMPERATURE (F)   30         6      1988


SUNRISE AND SUNSET
MARCH 22 2015.........SUNRISE   723 AM EDT   SUNSET   737 PM EDT
MARCH 23 2015.........SUNRISE   721 AM EDT   SUNSET   738 PM EDT


-  INDICATES NEGATIVE NUMBERS.
R  INDICATES RECORD WAS SET OR TIED.
MM INDICATES DATA IS MISSING.
T  INDICATES TRACE AMOUNT.




$$
