000
CDUS41 KCLE 170539
CLIYNG


CLIMATE REPORT
NATIONAL WEATHER SERVICE CLEVELAND OH
137 AM EDT WED AUG 17 2016


...................................

...THE YOUNGSTOWN OH CLIMATE SUMMARY FOR AUGUST 16 2016...

CLIMATE NORMAL PERIOD 1981 TO 2010
CLIMATE RECORD PERIOD 1897 TO 2016


WEATHER ITEM   OBSERVED TIME   RECORD YEAR NORMAL DEPARTURE LAST
                VALUE   (LST)  VALUE       VALUE  FROM      YEAR
                                                  NORMAL
..................................................................
TEMPERATURE (F)
 YESTERDAY
  MAXIMUM         87    213 PM  91    1995  80      7       87
                                      1938
                                      1932
  MINIMUM         69   1142 PM  42    1979  59     10       61
  AVERAGE         78                        69      9       74

PRECIPITATION (IN)
  YESTERDAY        0.10                      0.10   0.00     0.00
  MONTH TO DATE    2.67                      1.67   1.00     1.44
  SINCE JUN 1     10.84                      9.86   0.98    14.53
  SINCE JAN 1     25.94                     24.65   1.29    29.51

SNOWFALL (IN)
  YESTERDAY        0.0                       0.0    0.0      0.0
  MONTH TO DATE    0.0                       0.0    0.0      0.0
  SINCE JUN 1      0.0                       0.0    0.0      0.0
  SINCE JUL 1      0.0                       0.0    0.0      0.0
  SNOW DEPTH       0

DEGREE DAYS
 HEATING
  YESTERDAY        0                         1     -1        0
  MONTH TO DATE    0                        11    -11        3
  SINCE JUN 1     40                        93    -53       52
  SINCE JUL 1      6                        24    -18       10

 COOLING
  YESTERDAY       13                         5      8        9
  MONTH TO DATE  173                        88     85       88
  SINCE JUN 1    574                       383    191      383
  SINCE JAN 1    629                       422    207      495
..................................................................


WIND (MPH)
  HIGHEST WIND SPEED    28   HIGHEST WIND DIRECTION    SW (240)
  HIGHEST GUST SPEED    36   HIGHEST GUST DIRECTION    SW (240)
  AVERAGE WIND SPEED     9.9


SKY COVER
  POSSIBLE SUNSHINE  MM
  AVERAGE SKY COVER 0.9


WEATHER CONDITIONS
 THE FOLLOWING WEATHER WAS RECORDED YESTERDAY.
  RAIN
  LIGHT RAIN
  FOG


RELATIVE HUMIDITY (PERCENT)
 HIGHEST    97          1100 PM
 LOWEST     61           100 PM
 AVERAGE    79

..........................................................


THE YOUNGSTOWN OH CLIMATE NORMALS FOR TODAY
                         NORMAL    RECORD    YEAR
 MAXIMUM TEMPERATURE (F)   80        97      1988
 MINIMUM TEMPERATURE (F)   58        43      1981


SUNRISE AND SUNSET
AUGUST 17 2016........SUNRISE   634 AM EDT   SUNSET   818 PM EDT
AUGUST 18 2016........SUNRISE   635 AM EDT   SUNSET   817 PM EDT


-  INDICATES NEGATIVE NUMBERS.
R  INDICATES RECORD WAS SET OR TIED.
MM INDICATES DATA IS MISSING.
T  INDICATES TRACE AMOUNT.




$$
