000
CDUS41 KCLE 220531
CLIYNG


CLIMATE REPORT
NATIONAL WEATHER SERVICE CLEVELAND OH
1230 AM EST TUE NOV 22 2016


...................................

...THE YOUNGSTOWN OH CLIMATE SUMMARY FOR NOVEMBER 21 2016...

CLIMATE NORMAL PERIOD 1981 TO 2010
CLIMATE RECORD PERIOD 1897 TO 2016


WEATHER ITEM   OBSERVED TIME   RECORD YEAR NORMAL DEPARTURE LAST
                VALUE   (LST)  VALUE       VALUE  FROM      YEAR
                                                  NORMAL
..................................................................
TEMPERATURE (F)
 YESTERDAY
  MAXIMUM         34    147 PM  71    1930  47    -13       50
  MINIMUM         29   1132 PM   9    1951  33     -4       31
  AVERAGE         32                        40     -8       41

PRECIPITATION (IN)
  YESTERDAY        T                         0.12  -0.12     0.17
  MONTH TO DATE    1.14                      2.21  -1.07     1.38
  SINCE SEP 1     11.45                      8.73   2.72     8.81
  SINCE JAN 1     39.95                     34.95   5.00    39.71

SNOWFALL (IN)
  YESTERDAY        T                         0.1   -0.1      0.0
  MONTH TO DATE    4.4                       1.7    2.7       T
  SINCE SEP 1      4.4                       2.5    1.9      0.4
  SINCE JUL 1      4.4                       2.5    1.9      0.4
  SNOW DEPTH       2

DEGREE DAYS
 HEATING
  YESTERDAY       33                        26      7       24
  MONTH TO DATE  380                       460    -80      304
  SINCE SEP 1    745                      1043   -298      747
  SINCE JUL 1    751                      1081   -330      776

 COOLING
  YESTERDAY        0                         0      0        0
  MONTH TO DATE    3                         0      3        2
  SINCE SEP 1    136                        58     78      121
  SINCE JAN 1    879                       544    335      681
..................................................................


WIND (MPH)
  HIGHEST WIND SPEED    28   HIGHEST WIND DIRECTION    NW (310)
  HIGHEST GUST SPEED    37   HIGHEST GUST DIRECTION    NW (330)
  AVERAGE WIND SPEED    14.0


SKY COVER
  POSSIBLE SUNSHINE  MM
  AVERAGE SKY COVER 1.0


WEATHER CONDITIONS
 THE FOLLOWING WEATHER WAS RECORDED YESTERDAY.
  LIGHT SNOW


RELATIVE HUMIDITY (PERCENT)
 HIGHEST    75          1000 PM
 LOWEST     56           200 PM
 AVERAGE    66

..........................................................


THE YOUNGSTOWN OH CLIMATE NORMALS FOR TODAY
                         NORMAL    RECORD    YEAR
 MAXIMUM TEMPERATURE (F)   46        71      1930
 MINIMUM TEMPERATURE (F)   32        11      1964


SUNRISE AND SUNSET
NOVEMBER 22 2016......SUNRISE   720 AM EST   SUNSET   458 PM EST
NOVEMBER 23 2016......SUNRISE   721 AM EST   SUNSET   457 PM EST


-  INDICATES NEGATIVE NUMBERS.
R  INDICATES RECORD WAS SET OR TIED.
MM INDICATES DATA IS MISSING.
T  INDICATES TRACE AMOUNT.




$$
