000
CDUS41 KCLE 142126
CLIYNG


CLIMATE REPORT
NATIONAL WEATHER SERVICE CLEVELAND OH
526 PM EDT SUN SEP 14 2014


...................................

...THE YOUNGSTOWN OH CLIMATE SUMMARY FOR SEPTEMBER 14 2014...
VALID TODAY AS OF 0500 PM LOCAL TIME.

CLIMATE NORMAL PERIOD 1981 TO 2010
CLIMATE RECORD PERIOD 1897 TO 2014


WEATHER ITEM   OBSERVED TIME   RECORD YEAR NORMAL DEPARTURE LAST
                VALUE   (LST)  VALUE       VALUE  FROM      YEAR
                                                  NORMAL
..................................................................
TEMPERATURE (F)
 TODAY
  MAXIMUM         65    341 PM  90    1931  73     -8       65
  MINIMUM         39    608 AM  36    1985  52    -13       43
  AVERAGE         52                        63    -11       54

PRECIPITATION (IN)
  TODAY            0.00                      0.13  -0.13     0.00
  MONTH TO DATE    1.41                      1.77  -0.36     1.08
  SINCE SEP 1      1.41                      1.77  -0.36     1.08
  SINCE JAN 1     30.97                     27.99   2.98    28.30

SNOWFALL (IN)
  TODAY            0.0                       0.0    0.0      0.0
  MONTH TO DATE    0.0                       0.0    0.0      0.0
  SINCE SEP 1      0.0                       0.0    0.0      0.0
  SINCE JUL 1      0.0                       0.0    0.0      0.0
  SNOW DEPTH       0

DEGREE DAYS
 HEATING
  TODAY           13                         4      9       11
  MONTH TO DATE   44                        38      6       39
  SINCE SEP 1     44                        38      6       39
  SINCE JUL 1     96                        76     20       77

 COOLING
  TODAY            0                         2     -2        0
  MONTH TO DATE   49                        35     14       52
  SINCE SEP 1     49                        35     14       52
  SINCE JAN 1    526                       521      5      604
..................................................................


WIND (MPH)
  HIGHEST WIND SPEED     8   HIGHEST WIND DIRECTION     W (250)
  HIGHEST GUST SPEED    12   HIGHEST GUST DIRECTION    SW (240)


SKY COVER
  POSSIBLE SUNSHINE  MM
  AVERAGE SKY COVER 0.6


WEATHER CONDITIONS
 THE FOLLOWING WEATHER WAS RECORDED TODAY.
  FOG


RELATIVE HUMIDITY (PERCENT)
 HIGHEST   100          1200 AM
 LOWEST     48           100 PM
 AVERAGE    74

..........................................................


THE YOUNGSTOWN OH CLIMATE NORMALS FOR TOMORROW
                         NORMAL    RECORD    YEAR
 MAXIMUM TEMPERATURE (F)   73        92      1942
                                             1939
 MINIMUM TEMPERATURE (F)   52        38      1983


SUNRISE AND SUNSET
SEPTEMBER 14 2014.....SUNRISE   702 AM EDT   SUNSET   734 PM EDT
SEPTEMBER 15 2014.....SUNRISE   703 AM EDT   SUNSET   732 PM EDT


-  INDICATES NEGATIVE NUMBERS.
R  INDICATES RECORD WAS SET OR TIED.
MM INDICATES DATA IS MISSING.
T  INDICATES TRACE AMOUNT.




$$
