000
CDUS41 KCLE 160536
CLIYNG


CLIMATE REPORT
NATIONAL WEATHER SERVICE CLEVELAND OH
125 AM EDT TUE MAY 16 2017


...................................

...THE YOUNGSTOWN OH CLIMATE SUMMARY FOR MAY 15 2017...

CLIMATE NORMAL PERIOD 1981 TO 2010
CLIMATE RECORD PERIOD 1897 TO 2017


WEATHER ITEM   OBSERVED TIME   RECORD YEAR NORMAL DEPARTURE LAST
                VALUE   (LST)  VALUE       VALUE  FROM      YEAR
                                                  NORMAL
..................................................................
TEMPERATURE (F)
 YESTERDAY
  MAXIMUM         68    344 PM  87    1991  69     -1       47
                                      1962
  MINIMUM         37    508 AM  33    1969  46     -9       34
  AVERAGE         53                        58     -5       41

PRECIPITATION (IN)
  YESTERDAY        0.00                      0.13  -0.13     0.19
  MONTH TO DATE    2.06                      1.75   0.31     1.86
  SINCE MAR 1     10.94                      8.05   2.89     9.48
  SINCE JAN 1     18.82                     12.75   6.07    14.67

SNOWFALL (IN)
  YESTERDAY        0.0                       0.0    0.0      0.2
  MONTH TO DATE    0.0                       0.0    0.0      0.2
  SINCE MAR 1     22.1                      13.9    8.2     13.3
  SINCE JUL 1     69.5                      62.7    6.8     44.9
  SNOW DEPTH       0

DEGREE DAYS
 HEATING
  YESTERDAY       12                         8      4       24
  MONTH TO DATE  209                       149     60      165
  SINCE MAR 1   1390                      1528   -138     1324
  SINCE JUL 1   5174                      6176  -1002     5172

 COOLING
  YESTERDAY        0                         1     -1        0
  MONTH TO DATE    0                         8     -8        0
  SINCE MAR 1     16                        17     -1        0
  SINCE JAN 1     16                        17     -1        0
..................................................................


WIND (MPH)
  HIGHEST WIND SPEED    18   HIGHEST WIND DIRECTION    NW (330)
  HIGHEST GUST SPEED    23   HIGHEST GUST DIRECTION    NW (330)
  AVERAGE WIND SPEED     6.6


SKY COVER
  POSSIBLE SUNSHINE  MM
  AVERAGE SKY COVER 0.2


WEATHER CONDITIONS
 THE FOLLOWING WEATHER WAS RECORDED YESTERDAY.
  FOG


RELATIVE HUMIDITY (PERCENT)
 HIGHEST    92           500 AM
 LOWEST     34           200 PM
 AVERAGE    63

..........................................................


THE YOUNGSTOWN OH CLIMATE NORMALS FOR TODAY
                         NORMAL    RECORD    YEAR
 MAXIMUM TEMPERATURE (F)   69        89      1962
 MINIMUM TEMPERATURE (F)   47        30      1956


SUNRISE AND SUNSET
MAY 16 2017...........SUNRISE   603 AM EDT   SUNSET   836 PM EDT
MAY 17 2017...........SUNRISE   602 AM EDT   SUNSET   837 PM EDT


-  INDICATES NEGATIVE NUMBERS.
R  INDICATES RECORD WAS SET OR TIED.
MM INDICATES DATA IS MISSING.
T  INDICATES TRACE AMOUNT.




$$
