000
CDUS41 KCLE 090527
CLIYNG


CLIMATE REPORT
NATIONAL WEATHER SERVICE CLEVELAND OH
1227 AM EST THU FEB 9 2017


...................................

...THE YOUNGSTOWN OH CLIMATE SUMMARY FOR FEBRUARY 8 2017...

CLIMATE NORMAL PERIOD 1981 TO 2010
CLIMATE RECORD PERIOD 1897 TO 2017


WEATHER ITEM   OBSERVED TIME   RECORD YEAR NORMAL DEPARTURE LAST
                VALUE   (LST)  VALUE       VALUE  FROM      YEAR
                                                  NORMAL
..................................................................
TEMPERATURE (F)
 YESTERDAY
  MAXIMUM         55   1202 AM  57    2001  35     20       42
  MINIMUM         26   1159 PM  -9    1977  20      6       30
  AVERAGE         41                        27     14       36

PRECIPITATION (IN)
  YESTERDAY        0.09                      0.07   0.02     0.05
  MONTH TO DATE    1.05                      0.60   0.45     1.09
  SINCE DEC 1      9.97                      6.14   3.83     6.69
  SINCE JAN 1      6.40                      3.15   3.25     2.50

SNOWFALL (IN)
  YESTERDAY        1.3                       0.5    0.8      0.2
  MONTH TO DATE    2.0                       3.7   -1.7      1.5
  SINCE DEC 1     38.9                      35.3    3.6     14.1
  SINCE JUL 1     43.3                      39.7    3.6     14.5
  SNOW DEPTH       0

DEGREE DAYS
 HEATING
  YESTERDAY       24                        38    -14       29
  MONTH TO DATE  257                       307    -50      227
  SINCE DEC 1   2338                      2601   -263     2116
  SINCE JUL 1   3310                      3930   -620     3118

 COOLING
  YESTERDAY        0                         0      0        0
  MONTH TO DATE    0                         0      0        0
  SINCE DEC 1      0                         0      0        0
  SINCE JAN 1      0                         0      0        0
..................................................................


WIND (MPH)
  HIGHEST WIND SPEED    25   HIGHEST WIND DIRECTION     W (250)
  HIGHEST GUST SPEED    36   HIGHEST GUST DIRECTION     W (270)
  AVERAGE WIND SPEED    12.5


SKY COVER
  POSSIBLE SUNSHINE  MM
  AVERAGE SKY COVER 1.0


WEATHER CONDITIONS
 THE FOLLOWING WEATHER WAS RECORDED YESTERDAY.
  LIGHT RAIN
  LIGHT SNOW
  FOG


RELATIVE HUMIDITY (PERCENT)
 HIGHEST    85           700 PM
 LOWEST     71           100 AM
 AVERAGE    78

..........................................................


THE YOUNGSTOWN OH CLIMATE NORMALS FOR TODAY
                         NORMAL    RECORD    YEAR
 MAXIMUM TEMPERATURE (F)   35        70      1937
 MINIMUM TEMPERATURE (F)   20       -16      1934


SUNRISE AND SUNSET
FEBRUARY  9 2017......SUNRISE   725 AM EST   SUNSET   550 PM EST
FEBRUARY 10 2017......SUNRISE   723 AM EST   SUNSET   551 PM EST


-  INDICATES NEGATIVE NUMBERS.
R  INDICATES RECORD WAS SET OR TIED.
MM INDICATES DATA IS MISSING.
T  INDICATES TRACE AMOUNT.




$$
