000
CDUS41 KCLE 100551
CLIYNG


CLIMATE REPORT
NATIONAL WEATHER SERVICE CLEVELAND OH
149 AM EDT SUN JUL 10 2016


...................................

...THE YOUNGSTOWN OH CLIMATE SUMMARY FOR JULY 9 2016...

CLIMATE NORMAL PERIOD 1981 TO 2010
CLIMATE RECORD PERIOD 1897 TO 2016


WEATHER ITEM   OBSERVED TIME   RECORD YEAR NORMAL DEPARTURE LAST
                VALUE   (LST)  VALUE       VALUE  FROM      YEAR
                                                  NORMAL
..................................................................
TEMPERATURE (F)
 YESTERDAY
  MAXIMUM         79    219 PM  98    1936  82     -3       79
  MINIMUM         63   1144 PM  44    1963  60      3       62
  AVERAGE         71                        71      0       71

PRECIPITATION (IN)
  YESTERDAY        0.01                      0.14  -0.13     0.63
  MONTH TO DATE    1.55                      1.22   0.33     1.47
  SINCE JUN 1      4.49                      5.10  -0.61    10.49
  SINCE JAN 1     19.59                     19.89  -0.30    25.47

SNOWFALL (IN)
  YESTERDAY        0.0                       0.0    0.0      0.0
  MONTH TO DATE    0.0                       0.0    0.0      0.0
  SINCE JUN 1      0.0                       0.0    0.0      0.0
  SINCE JUL 1      0.0                       0.0    0.0      0.0
  SNOW DEPTH       0

DEGREE DAYS
 HEATING
  YESTERDAY        0                         0      0        0
  MONTH TO DATE    6                         8     -2        2
  SINCE JUN 1     40                        77    -37       44
  SINCE JUL 1      6                         8     -2        2

 COOLING
  YESTERDAY        6                         6      0        6
  MONTH TO DATE   59                        54      5       30
  SINCE JUN 1    201                       164     37      140
  SINCE JAN 1    256                       203     53      252
..................................................................


WIND (MPH)
  HIGHEST WIND SPEED    23   HIGHEST WIND DIRECTION    NW (300)
  HIGHEST GUST SPEED    29   HIGHEST GUST DIRECTION    NW (310)
  AVERAGE WIND SPEED     9.9


SKY COVER
  POSSIBLE SUNSHINE  MM
  AVERAGE SKY COVER 0.6


WEATHER CONDITIONS
 THE FOLLOWING WEATHER WAS RECORDED YESTERDAY.
  THUNDERSTORM
  LIGHT RAIN


RELATIVE HUMIDITY (PERCENT)
 HIGHEST    93           200 AM
 LOWEST     48           200 PM
 AVERAGE    71

..........................................................


THE YOUNGSTOWN OH CLIMATE NORMALS FOR TODAY
                         NORMAL    RECORD    YEAR
 MAXIMUM TEMPERATURE (F)   82       103      1936
 MINIMUM TEMPERATURE (F)   60        40      1898


SUNRISE AND SUNSET
JULY 10 2016..........SUNRISE   559 AM EDT   SUNSET   857 PM EDT
JULY 11 2016..........SUNRISE   600 AM EDT   SUNSET   856 PM EDT


-  INDICATES NEGATIVE NUMBERS.
R  INDICATES RECORD WAS SET OR TIED.
MM INDICATES DATA IS MISSING.
T  INDICATES TRACE AMOUNT.




$$
