000
CDUS41 KCLE 202214
CLIYNG


CLIMATE REPORT
NATIONAL WEATHER SERVICE CLEVELAND OH
513 PM EST THU NOV 20 2014


...................................

...THE YOUNGSTOWN OH CLIMATE SUMMARY FOR NOVEMBER 20 2014...
VALID TODAY AS OF 0500 PM LOCAL TIME.

CLIMATE NORMAL PERIOD 1981 TO 2010
CLIMATE RECORD PERIOD 1897 TO 2014


WEATHER ITEM   OBSERVED TIME   RECORD YEAR NORMAL DEPARTURE LAST
                VALUE   (LST)  VALUE       VALUE  FROM      YEAR
                                                  NORMAL
..................................................................
TEMPERATURE (F)
 TODAY
  MAXIMUM         29   1218 AM  74    1931  47    -18       45
  MINIMUM         22    956 AM  14    1951  33    -11       22
  AVERAGE         26                        40    -14       34

PRECIPITATION (IN)
  TODAY            T                         0.10  -0.10     0.00
  MONTH TO DATE    1.62                      2.09  -0.47     2.04
  SINCE SEP 1      6.61                      8.61  -2.00     7.35
  SINCE JAN 1     36.17                     34.83   1.34    34.57

SNOWFALL (IN)
  TODAY            T                         0.1   -0.1      0.0
  MONTH TO DATE    7.5                       1.6    5.9      4.6
  SINCE SEP 1      7.5                       2.4    5.1      5.8
  SINCE JUL 1      7.5                       2.4    5.1      5.8
  SNOW DEPTH       3

DEGREE DAYS
 HEATING
  TODAY           39                        25     14       31
  MONTH TO DATE  551                       434    117      457
  SINCE SEP 1   1080                      1017     63      977
  SINCE JUL 1   1132                      1055     77     1015

 COOLING
  TODAY            0                         0      0        0
  MONTH TO DATE    0                         0      0        0
  SINCE SEP 1     56                        58     -2       78
  SINCE JAN 1    533                       544    -11      630
..................................................................


WIND (MPH)
  HIGHEST WIND SPEED    28   HIGHEST WIND DIRECTION     W (250)
  HIGHEST GUST SPEED    38   HIGHEST GUST DIRECTION    SW (240)


SKY COVER
  POSSIBLE SUNSHINE  MM
  AVERAGE SKY COVER 0.9


WEATHER CONDITIONS
 THE FOLLOWING WEATHER WAS RECORDED TODAY.
  LIGHT SNOW


RELATIVE HUMIDITY (PERCENT)
 HIGHEST    69          1200 AM
 LOWEST     55           500 AM
 AVERAGE    62

..........................................................


THE YOUNGSTOWN OH CLIMATE NORMALS FOR TOMORROW
                         NORMAL    RECORD    YEAR
 MAXIMUM TEMPERATURE (F)   47        71      1930
 MINIMUM TEMPERATURE (F)   33         9      1951


SUNRISE AND SUNSET
NOVEMBER 20 2014......SUNRISE   717 AM EST   SUNSET   500 PM EST
NOVEMBER 21 2014......SUNRISE   718 AM EST   SUNSET   459 PM EST


-  INDICATES NEGATIVE NUMBERS.
R  INDICATES RECORD WAS SET OR TIED.
MM INDICATES DATA IS MISSING.
T  INDICATES TRACE AMOUNT.




$$
