000
CDUS41 KCLE 290535
CLIYNG


CLIMATE REPORT
NATIONAL WEATHER SERVICE CLEVELAND OH
132 AM EDT MON JUN 29 2015


...................................

...THE YOUNGSTOWN OH CLIMATE SUMMARY FOR JUNE 28 2015...

CLIMATE NORMAL PERIOD 1981 TO 2010
CLIMATE RECORD PERIOD 1897 TO 2015


WEATHER ITEM   OBSERVED TIME   RECORD YEAR NORMAL DEPARTURE LAST
                VALUE   (LST)  VALUE       VALUE  FROM      YEAR
                                                  NORMAL
..................................................................
TEMPERATURE (F)
 YESTERDAY
  MAXIMUM         64    628 PM  97    1934  81    -17       88
                                      1933
  MINIMUM         55   1135 PM  44    1988  58     -3       63
                                      1897
  AVERAGE         60                        69     -9       76

PRECIPITATION (IN)
  YESTERDAY        0.25                      0.13   0.12     0.00
  MONTH TO DATE    8.32                      3.62   4.70     4.37
  SINCE JUN 1      8.32                      3.62   4.70     4.37
  SINCE JAN 1     23.30                     18.41   4.89    19.46

SNOWFALL (IN)
  YESTERDAY        0.0                       0.0    0.0      0.0
  MONTH TO DATE    0.0                       0.0    0.0      0.0
  SINCE JUN 1      0.0                       0.0    0.0      0.0
  SINCE JUL 1     79.0                      62.7   16.3     90.1
  SNOW DEPTH       0

DEGREE DAYS
 HEATING
  YESTERDAY        5                         1      4        0
  MONTH TO DATE   39                        67    -28       28
  SINCE JUN 1     39                        67    -28       28
  SINCE JUL 1   6725                      6347    378     6855

 COOLING
  YESTERDAY        0                         5     -5       11
  MONTH TO DATE  106                        98      8      130
  SINCE JUN 1    106                        98      8      130
  SINCE JAN 1    218                       137     81      185
..................................................................


WIND (MPH)
  HIGHEST WIND SPEED    20   HIGHEST WIND DIRECTION    NW (320)
  HIGHEST GUST SPEED    29   HIGHEST GUST DIRECTION    NW (300)
  AVERAGE WIND SPEED     9.9


SKY COVER
  POSSIBLE SUNSHINE  MM
  AVERAGE SKY COVER 0.9


WEATHER CONDITIONS
 THE FOLLOWING WEATHER WAS RECORDED YESTERDAY.
  LIGHT RAIN
  FOG


RELATIVE HUMIDITY (PERCENT)
 HIGHEST   100           800 AM
 LOWEST     72           600 PM
 AVERAGE    86

..........................................................


THE YOUNGSTOWN OH CLIMATE NORMALS FOR TODAY
                         NORMAL    RECORD    YEAR
 MAXIMUM TEMPERATURE (F)   81        99      1933
 MINIMUM TEMPERATURE (F)   59        47      1992


SUNRISE AND SUNSET
JUNE 29 2015..........SUNRISE   552 AM EDT   SUNSET   900 PM EDT
JUNE 30 2015..........SUNRISE   553 AM EDT   SUNSET   900 PM EDT


-  INDICATES NEGATIVE NUMBERS.
R  INDICATES RECORD WAS SET OR TIED.
MM INDICATES DATA IS MISSING.
T  INDICATES TRACE AMOUNT.




$$
