000
CDUS41 KCLE 140545
CLIYNG


CLIMATE REPORT
NATIONAL WEATHER SERVICE CLEVELAND OH
145 AM EDT THU AUG 14 2014


...................................

...THE YOUNGSTOWN OH CLIMATE SUMMARY FOR AUGUST 13 2014...

CLIMATE NORMAL PERIOD 1981 TO 2010
CLIMATE RECORD PERIOD 1897 TO 2014


WEATHER ITEM   OBSERVED TIME   RECORD YEAR NORMAL DEPARTURE LAST
                VALUE   (LST)  VALUE       VALUE  FROM      YEAR
                                                  NORMAL
..................................................................
TEMPERATURE (F)
 YESTERDAY
  MAXIMUM         72    209 PM  94    1947  80     -8       72
  MINIMUM         51   1154 PM  44    1982  59     -8       50
                                      1979
  AVERAGE         62                        70     -8       61

PRECIPITATION (IN)
  YESTERDAY        0.10                      0.09   0.01      T
  MONTH TO DATE    2.83                      1.38   1.45     1.18
  SINCE JUN 1     11.04                      9.57   1.47    14.00
  SINCE JAN 1     26.13                     24.36   1.77    25.77

SNOWFALL (IN)
  YESTERDAY        0.0                       0.0    0.0      0.0
  MONTH TO DATE    0.0                       0.0    0.0      0.0
  SINCE JUN 1      0.0                       0.0    0.0       T
  SINCE JUL 1      0.0                       0.0    0.0      0.0
  SNOW DEPTH       0

DEGREE DAYS
 HEATING
  YESTERDAY        3                         1      2        4
  MONTH TO DATE    3                         8     -5       10
  SINCE JUN 1     59                        90    -31       79
  SINCE JUL 1     31                        21     10       23

 COOLING
  YESTERDAY        0                         5     -5        0
  MONTH TO DATE   47                        73    -26       34
  SINCE JUN 1    330                       368    -38      372
  SINCE JAN 1    385                       407    -22      460
..................................................................


WIND (MPH)
  HIGHEST WIND SPEED    20   HIGHEST WIND DIRECTION    NW (320)
  HIGHEST GUST SPEED    25   HIGHEST GUST DIRECTION    NW (320)
  AVERAGE WIND SPEED     7.8


SKY COVER
  POSSIBLE SUNSHINE  MM
  AVERAGE SKY COVER 0.7


WEATHER CONDITIONS
 THE FOLLOWING WEATHER WAS RECORDED YESTERDAY.
  RAIN
  LIGHT RAIN
  FOG
  HAZE


RELATIVE HUMIDITY (PERCENT)
 HIGHEST    96          1100 PM
 LOWEST     49           400 PM
 AVERAGE    73

..........................................................


THE YOUNGSTOWN OH CLIMATE NORMALS FOR TODAY
                         NORMAL    RECORD    YEAR
 MAXIMUM TEMPERATURE (F)   80        95      1936
 MINIMUM TEMPERATURE (F)   59        45      1964


SUNRISE AND SUNSET
AUGUST 14 2014........SUNRISE   631 AM EDT   SUNSET   823 PM EDT
AUGUST 15 2014........SUNRISE   632 AM EDT   SUNSET   822 PM EDT


-  INDICATES NEGATIVE NUMBERS.
R  INDICATES RECORD WAS SET OR TIED.
MM INDICATES DATA IS MISSING.
T  INDICATES TRACE AMOUNT.




$$
