000
CDUS41 KCLE 010526
CLIYNG


CLIMATE REPORT
NATIONAL WEATHER SERVICE CLEVELAND OH
1226 AM EST THU DEC 1 2016


...................................

...THE YOUNGSTOWN OH CLIMATE SUMMARY FOR NOVEMBER 30 2016...

CLIMATE NORMAL PERIOD 1981 TO 2010
CLIMATE RECORD PERIOD 1897 TO 2016


WEATHER ITEM   OBSERVED TIME   RECORD YEAR NORMAL DEPARTURE LAST
                VALUE   (LST)  VALUE       VALUE  FROM      YEAR
                                                  NORMAL
..................................................................
TEMPERATURE (F)
 YESTERDAY
  MAXIMUM         57    417 AM  66    1998  42     15       46
  MINIMUM         41   1159 PM   1    1976  29     12       26
                                      1958
  AVERAGE         49                        36     13       36

PRECIPITATION (IN)
  YESTERDAY        0.41                      0.11   0.30     0.00
  MONTH TO DATE    1.96                      3.18  -1.22     1.86
  SINCE SEP 1     12.27                      9.70   2.57     9.29
  SINCE JAN 1     40.77                     35.92   4.85    40.19

SNOWFALL (IN)
  YESTERDAY        0.0                       0.2   -0.2      0.0
  MONTH TO DATE    4.4                       3.6    0.8       T
  SINCE SEP 1      4.4                       4.4    0.0      0.4
  SINCE JUL 1      4.4                       4.4    0.0      0.4
  SNOW DEPTH       0

DEGREE DAYS
 HEATING
  YESTERDAY       16                        29    -13       29
  MONTH TO DATE  601                       708   -107      530
  SINCE SEP 1    966                      1291   -325      973
  SINCE JUL 1    972                      1329   -357     1002

 COOLING
  YESTERDAY        0                         0      0        0
  MONTH TO DATE    3                         0      3        2
  SINCE SEP 1    136                        58     78      121
  SINCE JAN 1    879                       544    335      681
..................................................................


WIND (MPH)
  HIGHEST WIND SPEED    29   HIGHEST WIND DIRECTION    NW (310)
  HIGHEST GUST SPEED    41   HIGHEST GUST DIRECTION    NW (300)
  AVERAGE WIND SPEED     9.7


SKY COVER
  POSSIBLE SUNSHINE  MM
  AVERAGE SKY COVER 1.0


WEATHER CONDITIONS
 THE FOLLOWING WEATHER WAS RECORDED YESTERDAY.
  RAIN
  LIGHT RAIN
  FOG


RELATIVE HUMIDITY (PERCENT)
 HIGHEST   100           300 PM
 LOWEST     61           300 AM
 AVERAGE    81

..........................................................


THE YOUNGSTOWN OH CLIMATE NORMALS FOR TODAY
                         NORMAL    RECORD    YEAR
 MAXIMUM TEMPERATURE (F)   42        71      1934
 MINIMUM TEMPERATURE (F)   29         9      1964
                                             1936


SUNRISE AND SUNSET
DECEMBER  1 2016......SUNRISE   729 AM EST   SUNSET   454 PM EST
DECEMBER  2 2016......SUNRISE   730 AM EST   SUNSET   454 PM EST


-  INDICATES NEGATIVE NUMBERS.
R  INDICATES RECORD WAS SET OR TIED.
MM INDICATES DATA IS MISSING.
T  INDICATES TRACE AMOUNT.




$$
