000
CDUS41 KCLE 150528
CLIYNG


CLIMATE REPORT
NATIONAL WEATHER SERVICE CLEVELAND OH
1228 AM EST WED FEB 15 2017


...................................

...THE YOUNGSTOWN OH CLIMATE SUMMARY FOR FEBRUARY 14 2017...

CLIMATE NORMAL PERIOD 1981 TO 2010
CLIMATE RECORD PERIOD 1897 TO 2017


WEATHER ITEM   OBSERVED TIME   RECORD YEAR NORMAL DEPARTURE LAST
                VALUE   (LST)  VALUE       VALUE  FROM      YEAR
                                                  NORMAL
..................................................................
TEMPERATURE (F)
 YESTERDAY
  MAXIMUM         49    303 PM  68    1938  36     13       16
  MINIMUM         27    642 AM  -6    1979  20      7       -2
  AVERAGE         38                        28     10        7

PRECIPITATION (IN)
  YESTERDAY        0.00                      0.08  -0.08      T
  MONTH TO DATE    1.50                      1.05   0.45     1.50
  SINCE DEC 1     10.42                      6.59   3.83     7.10
  SINCE JAN 1      6.85                      3.60   3.25     2.91

SNOWFALL (IN)
  YESTERDAY        0.0                       0.5   -0.5       T
  MONTH TO DATE    3.6                       6.3   -2.7      9.5
  SINCE DEC 1     40.5                      37.9    2.6     22.1
  SINCE JUL 1     44.9                      42.3    2.6     22.5
  SNOW DEPTH       0

DEGREE DAYS
 HEATING
  YESTERDAY       27                        37    -10       58
  MONTH TO DATE  457                       531    -74      526
  SINCE DEC 1   2538                      2825   -287     2415
  SINCE JUL 1   3510                      4154   -644     3417

 COOLING
  YESTERDAY        0                         0      0        0
  MONTH TO DATE    0                         0      0        0
  SINCE DEC 1      0                         0      0        0
  SINCE JAN 1      0                         0      0        0
..................................................................


WIND (MPH)
  HIGHEST WIND SPEED    28   HIGHEST WIND DIRECTION     W (250)
  HIGHEST GUST SPEED    37   HIGHEST GUST DIRECTION    SW (220)
  AVERAGE WIND SPEED    11.3


SKY COVER
  POSSIBLE SUNSHINE  MM
  AVERAGE SKY COVER 0.6


WEATHER CONDITIONS
 THE FOLLOWING WEATHER WAS RECORDED YESTERDAY.
  NO SIGNIFICANT WEATHER WAS OBSERVED.


RELATIVE HUMIDITY (PERCENT)
 HIGHEST    75           400 AM
 LOWEST     42           300 PM
 AVERAGE    59

..........................................................


THE YOUNGSTOWN OH CLIMATE NORMALS FOR TODAY
                         NORMAL    RECORD    YEAR
 MAXIMUM TEMPERATURE (F)   36        65      1954
 MINIMUM TEMPERATURE (F)   21        -8      2015


SUNRISE AND SUNSET
FEBRUARY 15 2017......SUNRISE   717 AM EST   SUNSET   557 PM EST
FEBRUARY 16 2017......SUNRISE   716 AM EST   SUNSET   558 PM EST


-  INDICATES NEGATIVE NUMBERS.
R  INDICATES RECORD WAS SET OR TIED.
MM INDICATES DATA IS MISSING.
T  INDICATES TRACE AMOUNT.




$$
