468
CDUS41 KCLE 260527
CLIYNG


CLIMATE REPORT
NATIONAL WEATHER SERVICE CLEVELAND OH
126 AM EDT TUE APR 26 2016


...................................

...THE YOUNGSTOWN OH CLIMATE SUMMARY FOR APRIL 25 2016...

CLIMATE NORMAL PERIOD 1981 TO 2010
CLIMATE RECORD PERIOD 1897 TO 2016


WEATHER ITEM   OBSERVED TIME   RECORD YEAR NORMAL DEPARTURE LAST
                VALUE   (LST)  VALUE       VALUE  FROM      YEAR
                                                  NORMAL
..................................................................
TEMPERATURE (F)
 YESTERDAY
  MAXIMUM         79    318 PM  86    2009  63     16       56
                                      1990
  MINIMUM         39    529 AM  25    1956  41     -2       31
  AVERAGE         59                        52      7       44

PRECIPITATION (IN)
  YESTERDAY        T                         0.11  -0.11     0.00
  MONTH TO DATE    3.05                      2.83   0.22     2.79
  SINCE MAR 1      6.86                      5.77   1.09     5.12
  SINCE JAN 1     12.05                     10.47   1.58    10.35

SNOWFALL (IN)
  YESTERDAY        0.0                       0.0    0.0      0.0
  MONTH TO DATE    6.4                       2.9    3.5      0.9
  SINCE MAR 1     10.7                      13.8   -3.1      9.5
  SINCE JUL 1     42.3                      62.6  -20.3     79.0
  SNOW DEPTH       0

DEGREE DAYS
 HEATING
  YESTERDAY        6                        13     -7       21
  MONTH TO DATE  466                       439     27      346
  SINCE MAR 1   1080                      1315   -235     1334
  SINCE JUL 1   4928                      5963  -1035     6452

 COOLING
  YESTERDAY        0                         0      0        0
  MONTH TO DATE    0                         0      0        0
  SINCE MAR 1      0                         1     -1        0
  SINCE JAN 1      0                         1     -1        0
..................................................................


WIND (MPH)
  HIGHEST WIND SPEED    20   HIGHEST WIND DIRECTION    SW (220)
  HIGHEST GUST SPEED    30   HIGHEST GUST DIRECTION    NW (330)
  AVERAGE WIND SPEED     8.5


SKY COVER
  POSSIBLE SUNSHINE  MM
  AVERAGE SKY COVER 0.8


WEATHER CONDITIONS
 THE FOLLOWING WEATHER WAS RECORDED YESTERDAY.
  LIGHT RAIN


RELATIVE HUMIDITY (PERCENT)
 HIGHEST    73           500 AM
 LOWEST     31           100 PM
 AVERAGE    52

..........................................................


THE YOUNGSTOWN OH CLIMATE NORMALS FOR TODAY
                         NORMAL    RECORD    YEAR
 MAXIMUM TEMPERATURE (F)   63        86      2009
                                             1990
                                             1948
 MINIMUM TEMPERATURE (F)   41        25      1972


SUNRISE AND SUNSET
APRIL 26 2016.........SUNRISE   626 AM EDT   SUNSET   815 PM EDT
APRIL 27 2016.........SUNRISE   625 AM EDT   SUNSET   816 PM EDT


-  INDICATES NEGATIVE NUMBERS.
R  INDICATES RECORD WAS SET OR TIED.
MM INDICATES DATA IS MISSING.
T  INDICATES TRACE AMOUNT.




$$
