000
CDUS41 KCLE 100531
CLIYNG


CLIMATE REPORT
NATIONAL WEATHER SERVICE CLEVELAND OH
1230 AM EST FRI FEB 10 2017


...................................

...THE YOUNGSTOWN OH CLIMATE SUMMARY FOR FEBRUARY 9 2017...

CLIMATE NORMAL PERIOD 1981 TO 2010
CLIMATE RECORD PERIOD 1897 TO 2017


WEATHER ITEM   OBSERVED TIME   RECORD YEAR NORMAL DEPARTURE LAST
                VALUE   (LST)  VALUE       VALUE  FROM      YEAR
                                                  NORMAL
..................................................................
TEMPERATURE (F)
 YESTERDAY
  MAXIMUM         26   1233 AM  70    1937  35     -9       32
  MINIMUM         17   1029 PM -16    1934  20     -3       26
  AVERAGE         22                        27     -5       29

PRECIPITATION (IN)
  YESTERDAY        0.07                      0.07   0.00     0.07
  MONTH TO DATE    1.12                      0.67   0.45     1.16
  SINCE DEC 1     10.04                      6.21   3.83     6.76
  SINCE JAN 1      6.47                      3.22   3.25     2.57

SNOWFALL (IN)
  YESTERDAY        1.4                       0.4    1.0      0.9
  MONTH TO DATE    3.4                       4.1   -0.7      2.4
  SINCE DEC 1     40.3                      35.7    4.6     15.0
  SINCE JUL 1     44.7                      40.1    4.6     15.4
  SNOW DEPTH       1

DEGREE DAYS
 HEATING
  YESTERDAY       43                        38      5       36
  MONTH TO DATE  300                       345    -45      263
  SINCE DEC 1   2381                      2639   -258     2152
  SINCE JUL 1   3353                      3968   -615     3154

 COOLING
  YESTERDAY        0                         0      0        0
  MONTH TO DATE    0                         0      0        0
  SINCE DEC 1      0                         0      0        0
  SINCE JAN 1      0                         0      0        0
..................................................................


WIND (MPH)
  HIGHEST WIND SPEED    26   HIGHEST WIND DIRECTION    NW (330)
  HIGHEST GUST SPEED    35   HIGHEST GUST DIRECTION    NW (320)
  AVERAGE WIND SPEED    14.4


SKY COVER
  POSSIBLE SUNSHINE  MM
  AVERAGE SKY COVER 0.9


WEATHER CONDITIONS
 THE FOLLOWING WEATHER WAS RECORDED YESTERDAY.
  SNOW
  LIGHT SNOW
  FOG
  BLOWING SNOW


RELATIVE HUMIDITY (PERCENT)
 HIGHEST    88           100 AM
 LOWEST     62           300 PM
 AVERAGE    75

..........................................................


THE YOUNGSTOWN OH CLIMATE NORMALS FOR TODAY
                         NORMAL    RECORD    YEAR
 MAXIMUM TEMPERATURE (F)   35        62      1965
                                             1959
                                             1943
 MINIMUM TEMPERATURE (F)   20       -15      1934


SUNRISE AND SUNSET
FEBRUARY 10 2017......SUNRISE   723 AM EST   SUNSET   551 PM EST
FEBRUARY 11 2017......SUNRISE   722 AM EST   SUNSET   552 PM EST


-  INDICATES NEGATIVE NUMBERS.
R  INDICATES RECORD WAS SET OR TIED.
MM INDICATES DATA IS MISSING.
T  INDICATES TRACE AMOUNT.




$$
