000
CDUS41 KCLE 120542
CLIYNG


CLIMATE REPORT
NATIONAL WEATHER SERVICE CLEVELAND OH
1241 AM EST MON FEB 12 2018


...................................

...THE YOUNGSTOWN OH CLIMATE SUMMARY FOR FEBRUARY 11 2018...

CLIMATE NORMAL PERIOD 1981 TO 2010
CLIMATE RECORD PERIOD 1897 TO 2018


WEATHER ITEM   OBSERVED TIME   RECORD YEAR NORMAL DEPARTURE LAST
                VALUE   (LST)  VALUE       VALUE  FROM      YEAR
                                                  NORMAL
..................................................................
TEMPERATURE (F)
 YESTERDAY
  MAXIMUM         49    236 PM  72    1932  35     14       48
  MINIMUM         27   1159 PM -13    1979  20      7       29
  AVERAGE         38                        28     10       39

PRECIPITATION (IN)
  YESTERDAY        0.12                      0.07   0.05     0.01
  MONTH TO DATE    1.11                      0.82   0.29     1.13
  SINCE DEC 1      6.36                      6.36   0.00    10.05
  SINCE JAN 1      4.25                      3.37   0.88     6.48

SNOWFALL (IN)
  YESTERDAY        0.0                       0.4   -0.4      0.0
  MONTH TO DATE   14.1                       4.9    9.2      3.4
  SINCE DEC 1     56.2                      36.5   19.7     40.3
  SINCE JUL 1     57.2                      40.9   16.3     44.7
  SNOW DEPTH       3

DEGREE DAYS
 HEATING
  YESTERDAY       27                        37    -10       26
  MONTH TO DATE  447                       420     27      369
  SINCE DEC 1   2847                      2714    133     2450
  SINCE JUL 1   3945                      4043    -98     3422

 COOLING
  YESTERDAY        0                         0      0        0
  MONTH TO DATE    0                         0      0        0
  SINCE DEC 1      0                         0      0        0
  SINCE JAN 1      0                         0      0        0
..................................................................


WIND (MPH)
  HIGHEST WIND SPEED    20   HIGHEST WIND DIRECTION     W (280)
  HIGHEST GUST SPEED    26   HIGHEST GUST DIRECTION     W (280)
  AVERAGE WIND SPEED     9.3


SKY COVER
  POSSIBLE SUNSHINE  MM
  AVERAGE SKY COVER 1.0


WEATHER CONDITIONS
 THE FOLLOWING WEATHER WAS RECORDED YESTERDAY.
  LIGHT RAIN
  LT FREEZING RAIN
  FOG
  FOG W/VISIBILITY <= 1/4 MILE


RELATIVE HUMIDITY (PERCENT)
 HIGHEST   100          1100 AM
 LOWEST     85          1000 PM
 AVERAGE    93

..........................................................


THE YOUNGSTOWN OH CLIMATE NORMALS FOR TODAY
                         NORMAL    RECORD    YEAR
 MAXIMUM TEMPERATURE (F)   35        65      1999
                                             1984
 MINIMUM TEMPERATURE (F)   20        -7      1981


SUNRISE AND SUNSET
FEBRUARY 12 2018......SUNRISE   721 AM EST   SUNSET   553 PM EST
FEBRUARY 13 2018......SUNRISE   720 AM EST   SUNSET   554 PM EST


-  INDICATES NEGATIVE NUMBERS.
R  INDICATES RECORD WAS SET OR TIED.
MM INDICATES DATA IS MISSING.
T  INDICATES TRACE AMOUNT.




$$
