000
CDUS41 KCLE 150534
CLIYNG


CLIMATE REPORT
NATIONAL WEATHER SERVICE CLEVELAND OH
134 AM EDT TUE JUL 15 2014


...................................

...THE YOUNGSTOWN OH CLIMATE SUMMARY FOR JULY 14 2014...

CLIMATE NORMAL PERIOD 1981 TO 2010
CLIMATE RECORD PERIOD 1897 TO 2014


WEATHER ITEM   OBSERVED TIME   RECORD YEAR NORMAL DEPARTURE LAST
                VALUE   (LST)  VALUE       VALUE  FROM      YEAR
                                                  NORMAL
..................................................................
TEMPERATURE (F)
 YESTERDAY
  MAXIMUM         82    300 PM 100    1954  82      0       87
  MINIMUM         66   1159 PM  49    2009  60      6       65
                                      2007
  AVERAGE         74                        71      3       76

PRECIPITATION (IN)
  YESTERDAY        0.03                      0.15  -0.12     0.00
  MONTH TO DATE    1.48                      1.95  -0.47     4.90
  SINCE JUN 1      6.28                      5.83   0.45    10.27
  SINCE JAN 1     21.37                     20.62   0.75    22.04

SNOWFALL (IN)
  YESTERDAY        0.0                       0.0    0.0      0.0
  MONTH TO DATE    0.0                       0.0    0.0      0.0
  SINCE JUN 1      0.0                       0.0    0.0       T
  SINCE JUL 1      0.0                       0.0    0.0      0.0
  SNOW DEPTH       0

DEGREE DAYS
 HEATING
  YESTERDAY        0                         0      0        0
  MONTH TO DATE    5                         8     -3        0
  SINCE JUN 1     33                        77    -44       56
  SINCE JUL 1      5                         8     -3        0

 COOLING
  YESTERDAY        9                         6      3       11
  MONTH TO DATE   83                        84     -1      114
  SINCE JUN 1    236                       194     42      232
  SINCE JAN 1    291                       233     58      320
..................................................................


WIND (MPH)
  HIGHEST WIND SPEED    14   HIGHEST WIND DIRECTION     S (170)
  HIGHEST GUST SPEED    18   HIGHEST GUST DIRECTION    SE (150)
  AVERAGE WIND SPEED     5.4


SKY COVER
  POSSIBLE SUNSHINE  MM
  AVERAGE SKY COVER 0.8


WEATHER CONDITIONS
 THE FOLLOWING WEATHER WAS RECORDED YESTERDAY.
  THUNDERSTORM
  LIGHT RAIN
  FOG


RELATIVE HUMIDITY (PERCENT)
 HIGHEST   100          1200 AM
 LOWEST     54           700 PM
 AVERAGE    77

..........................................................


THE YOUNGSTOWN OH CLIMATE NORMALS FOR TODAY
                         NORMAL    RECORD    YEAR
 MAXIMUM TEMPERATURE (F)   82       102      1936
 MINIMUM TEMPERATURE (F)   60        46      1960


SUNRISE AND SUNSET
JULY 15 2014..........SUNRISE   603 AM EDT   SUNSET   854 PM EDT
JULY 16 2014..........SUNRISE   603 AM EDT   SUNSET   854 PM EDT


-  INDICATES NEGATIVE NUMBERS.
R  INDICATES RECORD WAS SET OR TIED.
MM INDICATES DATA IS MISSING.
T  INDICATES TRACE AMOUNT.




$$
