000
CDUS41 KCLE 150531
CLIYNG


CLIMATE REPORT
NATIONAL WEATHER SERVICE CLEVELAND OH
130 AM EDT WED MAR 15 2017


...................................

...THE YOUNGSTOWN OH CLIMATE SUMMARY FOR MARCH 14 2017...

CLIMATE NORMAL PERIOD 1981 TO 2010
CLIMATE RECORD PERIOD 1897 TO 2017


WEATHER ITEM   OBSERVED TIME   RECORD YEAR NORMAL DEPARTURE LAST
                VALUE   (LST)  VALUE       VALUE  FROM      YEAR
                                                  NORMAL
..................................................................
TEMPERATURE (F)
 YESTERDAY
  MAXIMUM         25   1217 AM  79    1990  45    -20       65
  MINIMUM         14   1014 PM   5    1993  27    -13       50
  AVERAGE         20                        36    -16       58

PRECIPITATION (IN)
  YESTERDAY        0.29                      0.10   0.19     0.69
  MONTH TO DATE    2.64                      1.23   1.41     2.34
  SINCE MAR 1      2.64                      1.23   1.41     2.34
  SINCE JAN 1     10.52                      5.93   4.59     7.53

SNOWFALL (IN)
  YESTERDAY        5.1                       0.4    4.7      0.0
  MONTH TO DATE   16.9                       5.9   11.0      4.3
  SINCE MAR 1     16.9                       5.9   11.0      4.3
  SINCE JUL 1     64.3                      54.7    9.6     35.9
  SNOW DEPTH       4

DEGREE DAYS
 HEATING
  YESTERDAY       45                        29     16        7
  MONTH TO DATE  472                       440     32      312
  SINCE MAR 1    472                       440     32      312
  SINCE JUL 1   4256                      5088   -832     4160

 COOLING
  YESTERDAY        0                         0      0        0
  MONTH TO DATE    0                         0      0        0
  SINCE MAR 1      0                         0      0        0
  SINCE JAN 1      0                         0      0        0
..................................................................


WIND (MPH)
  HIGHEST WIND SPEED    29   HIGHEST WIND DIRECTION    NW (320)
  HIGHEST GUST SPEED    35   HIGHEST GUST DIRECTION    NW (320)
  AVERAGE WIND SPEED    17.3


SKY COVER
  POSSIBLE SUNSHINE  MM
  AVERAGE SKY COVER 1.0


WEATHER CONDITIONS
 THE FOLLOWING WEATHER WAS RECORDED YESTERDAY.
  SNOW
  LIGHT SNOW
  FOG
  BLOWING SNOW


RELATIVE HUMIDITY (PERCENT)
 HIGHEST    92           200 AM
 LOWEST     67           400 PM
 AVERAGE    80

..........................................................


THE YOUNGSTOWN OH CLIMATE NORMALS FOR TODAY
                         NORMAL    RECORD    YEAR
 MAXIMUM TEMPERATURE (F)   45        79      1990
 MINIMUM TEMPERATURE (F)   27         3      1993


SUNRISE AND SUNSET
MARCH 15 2017.........SUNRISE   734 AM EDT   SUNSET   730 PM EDT
MARCH 16 2017.........SUNRISE   732 AM EDT   SUNSET   731 PM EDT


-  INDICATES NEGATIVE NUMBERS.
R  INDICATES RECORD WAS SET OR TIED.
MM INDICATES DATA IS MISSING.
T  INDICATES TRACE AMOUNT.




$$
