000
CDUS41 KCLE 270525
CLIYNG


CLIMATE REPORT
NATIONAL WEATHER SERVICE CLEVELAND OH
1225 AM EST MON NOV 27 2017


...................................

...THE YOUNGSTOWN OH CLIMATE SUMMARY FOR NOVEMBER 26 2017...

CLIMATE NORMAL PERIOD 1981 TO 2010
CLIMATE RECORD PERIOD 1897 TO 2017


WEATHER ITEM   OBSERVED TIME   RECORD YEAR NORMAL DEPARTURE LAST
                VALUE   (LST)  VALUE       VALUE  FROM      YEAR
                                                  NORMAL
..................................................................
TEMPERATURE (F)
 YESTERDAY
  MAXIMUM         42    322 PM  65    2006  44     -2       42
  MINIMUM         32    806 AM   6    1950  31      1       35
  AVERAGE         37                        37      0       39

PRECIPITATION (IN)
  YESTERDAY        T                         0.11  -0.11     0.08
  MONTH TO DATE    5.28                      2.75   2.53     1.43
  SINCE SEP 1      8.99                      9.27  -0.28    11.74
  SINCE JAN 1     41.71                     35.49   6.22    40.24

SNOWFALL (IN)
  YESTERDAY        0.0                       0.2   -0.2       T
  MONTH TO DATE    1.0                       2.7   -1.7      4.4
  SINCE SEP 1      1.0                       3.5   -2.5      4.4
  SINCE JUL 1      1.0                       3.5   -2.5      4.4
  SNOW DEPTH       0

DEGREE DAYS
 HEATING
  YESTERDAY       28                        28      0       26
  MONTH TO DATE  639                       594     45      522
  SINCE SEP 1   1004                      1177   -173      887
  SINCE JUL 1   1020                      1215   -195      893

 COOLING
  YESTERDAY        0                         0      0        0
  MONTH TO DATE    0                         0      0        3
  SINCE SEP 1    125                        58     67      136
  SINCE JAN 1    658                       544    114      879
..................................................................


WIND (MPH)
  HIGHEST WIND SPEED    20   HIGHEST WIND DIRECTION    NW (330)
  HIGHEST GUST SPEED    25   HIGHEST GUST DIRECTION    NW (330)
  AVERAGE WIND SPEED    10.2


SKY COVER
  POSSIBLE SUNSHINE  MM
  AVERAGE SKY COVER 0.6


WEATHER CONDITIONS
 THE FOLLOWING WEATHER WAS RECORDED YESTERDAY.
  LIGHT RAIN


RELATIVE HUMIDITY (PERCENT)
 HIGHEST    82           200 AM
 LOWEST     46           100 PM
 AVERAGE    64

..........................................................


THE YOUNGSTOWN OH CLIMATE NORMALS FOR TODAY
                         NORMAL    RECORD    YEAR
 MAXIMUM TEMPERATURE (F)   44        72      1990
 MINIMUM TEMPERATURE (F)   30         8      1950


SUNRISE AND SUNSET
NOVEMBER 27 2017......SUNRISE   725 AM EST   SUNSET   456 PM EST
NOVEMBER 28 2017......SUNRISE   726 AM EST   SUNSET   455 PM EST


-  INDICATES NEGATIVE NUMBERS.
R  INDICATES RECORD WAS SET OR TIED.
MM INDICATES DATA IS MISSING.
T  INDICATES TRACE AMOUNT.




$$
