000
CDUS41 KCLE 012112
CLIYNG


CLIMATE REPORT
NATIONAL WEATHER SERVICE CLEVELAND OH
511 PM EDT TUE JUL 1 2014


...................................

...THE YOUNGSTOWN OH CLIMATE SUMMARY FOR JULY 1 2014...
VALID TODAY AS OF 0500 PM LOCAL TIME.

CLIMATE NORMAL PERIOD 1981 TO 2010
CLIMATE RECORD PERIOD 1897 TO 2014


WEATHER ITEM   OBSERVED TIME   RECORD YEAR NORMAL DEPARTURE LAST
                VALUE   (LST)  VALUE       VALUE  FROM      YEAR
                                                  NORMAL
..................................................................
TEMPERATURE (F)
 TODAY
  MAXIMUM         89    342 PM  96    1931  81      8       73
                                      1898
  MINIMUM         73    648 AM  43    1988  59     14       64
  AVERAGE         81                        70     11       69

PRECIPITATION (IN)
  TODAY            0.02                      0.14  -0.12     0.06
  MONTH TO DATE    0.02                      0.14  -0.12     0.06
  SINCE JUN 1      4.82                      4.02   0.80     5.43
  SINCE JAN 1     19.91                     18.81   1.10    17.20

SNOWFALL (IN)
  TODAY            0.0                       0.0    0.0      0.0
  MONTH TO DATE    0.0                       0.0    0.0      0.0
  SINCE JUN 1      0.0                       0.0    0.0       T
  SINCE JUL 1      0.0                       0.0    0.0      0.0
  SNOW DEPTH       0

DEGREE DAYS
 HEATING
  TODAY            0                         1     -1        0
  MONTH TO DATE    0                         1     -1        0
  SINCE JUN 1     28                        70    -42       56
  SINCE JUL 1      0                         1     -1        0

 COOLING
  TODAY           16                         6     10        4
  MONTH TO DATE   16                         6     10        4
  SINCE JUN 1    169                       116     53      122
  SINCE JAN 1    224                       155     69      210
..................................................................


WIND (MPH)
  HIGHEST WIND SPEED    18   HIGHEST WIND DIRECTION    SW (230)
  HIGHEST GUST SPEED    25   HIGHEST GUST DIRECTION    SW (220)


SKY COVER
  POSSIBLE SUNSHINE  MM
  AVERAGE SKY COVER 0.6


WEATHER CONDITIONS
 THE FOLLOWING WEATHER WAS RECORDED TODAY.
  LIGHT RAIN
  FOG


RELATIVE HUMIDITY (PERCENT)
 HIGHEST    87           100 AM
 LOWEST     47           200 PM
 AVERAGE    67

..........................................................


THE YOUNGSTOWN OH CLIMATE NORMALS FOR TOMORROW
                         NORMAL    RECORD    YEAR
 MAXIMUM TEMPERATURE (F)   81        98      1931
 MINIMUM TEMPERATURE (F)   59        40      2001


SUNRISE AND SUNSET
JULY  1 2014..........SUNRISE   553 AM EDT   SUNSET   900 PM EDT
JULY  2 2014..........SUNRISE   554 AM EDT   SUNSET   859 PM EDT


-  INDICATES NEGATIVE NUMBERS.
R  INDICATES RECORD WAS SET OR TIED.
MM INDICATES DATA IS MISSING.
T  INDICATES TRACE AMOUNT.




$$
