000
CDUS41 KCLE 090542
CLIYNG


CLIMATE REPORT
NATIONAL WEATHER SERVICE CLEVELAND OH
131 AM EDT TUE MAY 9 2017


...................................

...THE YOUNGSTOWN OH CLIMATE SUMMARY FOR MAY 8 2017...

CLIMATE NORMAL PERIOD 1981 TO 2010
CLIMATE RECORD PERIOD 1897 TO 2017


WEATHER ITEM   OBSERVED TIME   RECORD YEAR NORMAL DEPARTURE LAST
                VALUE   (LST)  VALUE       VALUE  FROM      YEAR
                                                  NORMAL
..................................................................
TEMPERATURE (F)
 YESTERDAY
  MAXIMUM         54    236 PM  89    2015  67    -13       63
  MINIMUM         30    450 AM  28    1950  45    -15       40
  AVERAGE         42                        56    -14       52

PRECIPITATION (IN)
  YESTERDAY        0.00                      0.12  -0.12     0.00
  MONTH TO DATE    1.86                      0.90   0.96     0.68
  SINCE MAR 1     10.74                      7.20   3.54     8.30
  SINCE JAN 1     18.62                     11.90   6.72    13.49

SNOWFALL (IN)
  YESTERDAY        0.0                       0.0    0.0      0.0
  MONTH TO DATE    0.0                       0.0    0.0      0.0
  SINCE MAR 1     22.1                      13.9    8.2     13.1
  SINCE JUL 1     69.5                      62.7    6.8     44.7
  SNOW DEPTH       0

DEGREE DAYS
 HEATING
  YESTERDAY       23                        10     13       13
  MONTH TO DATE  126                        86     40       95
  SINCE MAR 1   1307                      1465   -158     1254
  SINCE JUL 1   5091                      6113  -1022     5102

 COOLING
  YESTERDAY        0                         1     -1        0
  MONTH TO DATE    0                         1     -1        0
  SINCE MAR 1     16                        10      6        0
  SINCE JAN 1     16                        10      6        0
..................................................................


WIND (MPH)
  HIGHEST WIND SPEED    21   HIGHEST WIND DIRECTION    NW (320)
  HIGHEST GUST SPEED    25   HIGHEST GUST DIRECTION    NW (320)
  AVERAGE WIND SPEED     7.3


SKY COVER
  POSSIBLE SUNSHINE  MM
  AVERAGE SKY COVER 0.3


WEATHER CONDITIONS
 THE FOLLOWING WEATHER WAS RECORDED YESTERDAY.
  NO SIGNIFICANT WEATHER WAS OBSERVED.


RELATIVE HUMIDITY (PERCENT)
 HIGHEST    92           500 AM
 LOWEST     29           300 PM
 AVERAGE    61

..........................................................


THE YOUNGSTOWN OH CLIMATE NORMALS FOR TODAY
                         NORMAL    RECORD    YEAR
 MAXIMUM TEMPERATURE (F)   67        89      1936
 MINIMUM TEMPERATURE (F)   45        28      1983


SUNRISE AND SUNSET
MAY  9 2017...........SUNRISE   610 AM EDT   SUNSET   829 PM EDT
MAY 10 2017...........SUNRISE   609 AM EDT   SUNSET   830 PM EDT


-  INDICATES NEGATIVE NUMBERS.
R  INDICATES RECORD WAS SET OR TIED.
MM INDICATES DATA IS MISSING.
T  INDICATES TRACE AMOUNT.




$$
