000
CDUS41 KCLE 100527
CLIYNG


CLIMATE REPORT
NATIONAL WEATHER SERVICE CLEVELAND OH
1226 AM EST FRI MAR 10 2017


...................................

...THE YOUNGSTOWN OH CLIMATE SUMMARY FOR MARCH 9 2017...

CLIMATE NORMAL PERIOD 1981 TO 2010
CLIMATE RECORD PERIOD 1897 TO 2017


WEATHER ITEM   OBSERVED TIME   RECORD YEAR NORMAL DEPARTURE LAST
                VALUE   (LST)  VALUE       VALUE  FROM      YEAR
                                                  NORMAL
..................................................................
TEMPERATURE (F)
 YESTERDAY
  MAXIMUM         49    246 PM  73    2016  43      6       73
  MINIMUM         31   1159 PM  -1    1984  25      6       52
  AVERAGE         40                        34      6       63

PRECIPITATION (IN)
  YESTERDAY        0.20                      0.09   0.11     0.06
  MONTH TO DATE    2.10                      0.77   1.33     0.62
  SINCE MAR 1      2.10                      0.77   1.33     0.62
  SINCE JAN 1      9.98                      5.47   4.51     5.81

SNOWFALL (IN)
  YESTERDAY        2.0                       0.4    1.6      0.0
  MONTH TO DATE    8.5                       3.9    4.6      4.3
  SINCE MAR 1      8.5                       3.9    4.6      4.3
  SINCE JUL 1     55.9                      52.7    3.2     35.9
  SNOW DEPTH       0

DEGREE DAYS
 HEATING
  YESTERDAY       25                        31     -6        2
  MONTH TO DATE  256                       290    -34      231
  SINCE MAR 1    256                       290    -34      231
  SINCE JUL 1   4040                      4938   -898     4079

 COOLING
  YESTERDAY        0                         0      0        0
  MONTH TO DATE    0                         0      0        0
  SINCE MAR 1      0                         0      0        0
  SINCE JAN 1      0                         0      0        0
..................................................................


WIND (MPH)
  HIGHEST WIND SPEED    24   HIGHEST WIND DIRECTION     W (260)
  HIGHEST GUST SPEED    37   HIGHEST GUST DIRECTION     W (270)
  AVERAGE WIND SPEED     9.7


SKY COVER
  POSSIBLE SUNSHINE  MM
  AVERAGE SKY COVER 0.9


WEATHER CONDITIONS
 THE FOLLOWING WEATHER WAS RECORDED YESTERDAY.
  LIGHT SNOW
  FOG


RELATIVE HUMIDITY (PERCENT)
 HIGHEST   100          1100 PM
 LOWEST     31           100 PM
 AVERAGE    66

..........................................................


THE YOUNGSTOWN OH CLIMATE NORMALS FOR TODAY
                         NORMAL    RECORD    YEAR
 MAXIMUM TEMPERATURE (F)   43        69      1986
                                             1973
 MINIMUM TEMPERATURE (F)   26         1      1996


SUNRISE AND SUNSET
MARCH 10 2017.........SUNRISE   642 AM EST   SUNSET   624 PM EST
MARCH 11 2017.........SUNRISE   641 AM EST   SUNSET   625 PM EST


-  INDICATES NEGATIVE NUMBERS.
R  INDICATES RECORD WAS SET OR TIED.
MM INDICATES DATA IS MISSING.
T  INDICATES TRACE AMOUNT.




$$
