000
CDUS41 KCLE 070545
CLIYNG


CLIMATE REPORT
NATIONAL WEATHER SERVICE CLEVELAND OH
145 AM EDT SUN SEP 7 2014


...................................

...THE YOUNGSTOWN OH CLIMATE SUMMARY FOR SEPTEMBER 6 2014...

CLIMATE NORMAL PERIOD 1981 TO 2010
CLIMATE RECORD PERIOD 1897 TO 2014


WEATHER ITEM   OBSERVED TIME   RECORD YEAR NORMAL DEPARTURE LAST
                VALUE   (LST)  VALUE       VALUE  FROM      YEAR
                                                  NORMAL
..................................................................
TEMPERATURE (F)
 YESTERDAY
  MAXIMUM         70    925 AM  93    1954  76     -6       73
  MINIMUM         51   1156 PM  38    1962  55     -4       43
  AVERAGE         61                        65     -4       58

PRECIPITATION (IN)
  YESTERDAY        0.34                      0.12   0.22     0.00
  MONTH TO DATE    0.87                      0.74   0.13     0.01
  SINCE SEP 1      0.87                      0.74   0.13     0.01
  SINCE JAN 1     30.43                     26.96   3.47    27.23

SNOWFALL (IN)
  YESTERDAY        0.0                       0.0    0.0      0.0
  MONTH TO DATE    0.0                       0.0    0.0      0.0
  SINCE SEP 1      0.0                       0.0    0.0      0.0
  SINCE JUL 1      0.0                       0.0    0.0      0.0
  SNOW DEPTH       0

DEGREE DAYS
 HEATING
  YESTERDAY        4                         2      2        7
  MONTH TO DATE    4                        12     -8       17
  SINCE SEP 1      4                        12     -8       17
  SINCE JUL 1     56                        50      6       55

 COOLING
  YESTERDAY        0                         3     -3        0
  MONTH TO DATE   39                        18     21       17
  SINCE SEP 1     39                        18     21       17
  SINCE JAN 1    516                       504     12      569
..................................................................


WIND (MPH)
  HIGHEST WIND SPEED    14   HIGHEST WIND DIRECTION     N (340)
  HIGHEST GUST SPEED    17   HIGHEST GUST DIRECTION     N (340)
  AVERAGE WIND SPEED     6.5


SKY COVER
  POSSIBLE SUNSHINE  MM
  AVERAGE SKY COVER 0.8


WEATHER CONDITIONS
 THE FOLLOWING WEATHER WAS RECORDED YESTERDAY.
  THUNDERSTORM
  RAIN
  LIGHT RAIN
  FOG


RELATIVE HUMIDITY (PERCENT)
 HIGHEST   100           200 AM
 LOWEST     73           600 PM
 AVERAGE    87

..........................................................


THE YOUNGSTOWN OH CLIMATE NORMALS FOR TODAY
                         NORMAL    RECORD    YEAR
 MAXIMUM TEMPERATURE (F)   76        91      1985
 MINIMUM TEMPERATURE (F)   54        39      1986


SUNRISE AND SUNSET
SEPTEMBER  7 2014.....SUNRISE   655 AM EDT   SUNSET   745 PM EDT
SEPTEMBER  8 2014.....SUNRISE   656 AM EDT   SUNSET   744 PM EDT


-  INDICATES NEGATIVE NUMBERS.
R  INDICATES RECORD WAS SET OR TIED.
MM INDICATES DATA IS MISSING.
T  INDICATES TRACE AMOUNT.




$$
