000
CDUS41 KCLE 020526
CLIYNG


CLIMATE REPORT
NATIONAL WEATHER SERVICE CLEVELAND OH
1226 AM EST THU FEB 2 2017


...................................

...THE YOUNGSTOWN OH CLIMATE SUMMARY FOR FEBRUARY 1 2017...

CLIMATE NORMAL PERIOD 1981 TO 2010
CLIMATE RECORD PERIOD 1897 TO 2017


WEATHER ITEM   OBSERVED TIME   RECORD YEAR NORMAL DEPARTURE LAST
                VALUE   (LST)  VALUE       VALUE  FROM      YEAR
                                                  NORMAL
..................................................................
TEMPERATURE (F)
 YESTERDAY
  MAXIMUM         37    327 PM  60    1989  33      4       57
  MINIMUM         29   1025 PM  -7    1971  19     10       27
  AVERAGE         33                        26      7       42

PRECIPITATION (IN)
  YESTERDAY        0.04                      0.07  -0.03     0.14
  MONTH TO DATE    0.04                      0.07  -0.03     0.14
  SINCE DEC 1      8.96                      5.61   3.35     5.74
  SINCE JAN 1      5.39                      2.62   2.77     1.55

SNOWFALL (IN)
  YESTERDAY        0.4                       0.5   -0.1      0.0
  MONTH TO DATE    0.4                       0.5   -0.1      0.0
  SINCE DEC 1     37.3                      32.1    5.2     12.6
  SINCE JUL 1     41.7                      36.5    5.2     13.0
  SNOW DEPTH       3

DEGREE DAYS
 HEATING
  YESTERDAY       32                        39     -7       23
  MONTH TO DATE   32                        39     -7       23
  SINCE DEC 1   2113                      2333   -220     1912
  SINCE JUL 1   3085                      3662   -577     2914

 COOLING
  YESTERDAY        0                         0      0        0
  MONTH TO DATE    0                         0      0        0
  SINCE DEC 1      0                         0      0        0
  SINCE JAN 1      0                         0      0        0
..................................................................


WIND (MPH)
  HIGHEST WIND SPEED    23   HIGHEST WIND DIRECTION     W (260)
  HIGHEST GUST SPEED    28   HIGHEST GUST DIRECTION     W (280)
  AVERAGE WIND SPEED     9.4


SKY COVER
  POSSIBLE SUNSHINE  MM
  AVERAGE SKY COVER 1.0


WEATHER CONDITIONS
 THE FOLLOWING WEATHER WAS RECORDED YESTERDAY.
  SNOW
  LIGHT SNOW
  FOG


RELATIVE HUMIDITY (PERCENT)
 HIGHEST    82           500 AM
 LOWEST     52           300 PM
 AVERAGE    67

..........................................................


THE YOUNGSTOWN OH CLIMATE NORMALS FOR TODAY
                         NORMAL    RECORD    YEAR
 MAXIMUM TEMPERATURE (F)   34        57      1973
 MINIMUM TEMPERATURE (F)   19       -11      1961


SUNRISE AND SUNSET
FEBRUARY  2 2017......SUNRISE   733 AM EST   SUNSET   541 PM EST
FEBRUARY  3 2017......SUNRISE   731 AM EST   SUNSET   542 PM EST


-  INDICATES NEGATIVE NUMBERS.
R  INDICATES RECORD WAS SET OR TIED.
MM INDICATES DATA IS MISSING.
T  INDICATES TRACE AMOUNT.




$$
