000
CDUS41 KCLE 022211
CLIYNG


CLIMATE REPORT
NATIONAL WEATHER SERVICE CLEVELAND OH
511 PM EST MON JAN 2 2017


...................................

...THE YOUNGSTOWN OH CLIMATE SUMMARY FOR JANUARY 2 2017...
VALID TODAY AS OF 0500 PM LOCAL TIME.

CLIMATE NORMAL PERIOD 1981 TO 2010
CLIMATE RECORD PERIOD 1897 TO 2017


WEATHER ITEM   OBSERVED TIME   RECORD YEAR NORMAL DEPARTURE LAST
                VALUE   (LST)  VALUE       VALUE  FROM      YEAR
                                                  NORMAL
..................................................................
TEMPERATURE (F)
 TODAY
  MAXIMUM         44    244 PM  61    2000  33     11       32
  MINIMUM         29   1209 AM  -5    1945  20      9       24
  AVERAGE         37                        26     11       28

PRECIPITATION (IN)
  TODAY            0.05                      0.09  -0.04      T
  MONTH TO DATE    0.05                      0.18  -0.13      T
  SINCE DEC 1      3.62                      3.17   0.45     4.19
  SINCE JAN 1      0.05                      0.18  -0.13      T

SNOWFALL (IN)
  TODAY            0.0                       0.5   -0.5       T
  MONTH TO DATE    0.0                       1.0   -1.0       T
  SINCE DEC 1     23.3                      16.0    7.3      0.8
  SINCE JUL 1     27.7                      20.4    7.3      1.2
  SNOW DEPTH       0

DEGREE DAYS
 HEATING
  TODAY           28                        39    -11       37
  MONTH TO DATE   61                        78    -17       74
  SINCE DEC 1   1140                      1155    -15      764
  SINCE JUL 1   2112                      2484   -372     1766

 COOLING
  TODAY            0                         0      0        0
  MONTH TO DATE    0                         0      0        0
  SINCE DEC 1      0                         0      0        0
  SINCE JAN 1      0                         0      0        0
..................................................................


WIND (MPH)
  HIGHEST WIND SPEED    14   HIGHEST WIND DIRECTION     E (110)
  HIGHEST GUST SPEED    17   HIGHEST GUST DIRECTION     E (110)


SKY COVER
  POSSIBLE SUNSHINE  MM
  AVERAGE SKY COVER 1.0


WEATHER CONDITIONS
 THE FOLLOWING WEATHER WAS RECORDED TODAY.
  LIGHT RAIN
  FOG


RELATIVE HUMIDITY (PERCENT)
 HIGHEST   100           200 PM
 LOWEST     69           300 AM
 AVERAGE    85

..........................................................


THE YOUNGSTOWN OH CLIMATE NORMALS FOR TOMORROW
                         NORMAL    RECORD    YEAR
 MAXIMUM TEMPERATURE (F)   33        61      1950
 MINIMUM TEMPERATURE (F)   20        -4      1979


SUNRISE AND SUNSET
JANUARY  2 2017.......SUNRISE   748 AM EST   SUNSET   505 PM EST
JANUARY  3 2017.......SUNRISE   749 AM EST   SUNSET   506 PM EST


-  INDICATES NEGATIVE NUMBERS.
R  INDICATES RECORD WAS SET OR TIED.
MM INDICATES DATA IS MISSING.
T  INDICATES TRACE AMOUNT.




$$
