893
CDUS41 KCLE 102113
CLIYNG


CLIMATE REPORT
NATIONAL WEATHER SERVICE CLEVELAND OH
511 PM EDT SUN SEP 10 2017


...................................

...THE YOUNGSTOWN OH CLIMATE SUMMARY FOR SEPTEMBER 10 2017...
VALID TODAY AS OF 0500 PM LOCAL TIME.

CLIMATE NORMAL PERIOD 1981 TO 2010
CLIMATE RECORD PERIOD 1897 TO 2017


WEATHER ITEM   OBSERVED TIME   RECORD YEAR NORMAL DEPARTURE LAST
                VALUE   (LST)  VALUE       VALUE  FROM      YEAR
                                                  NORMAL
..................................................................
TEMPERATURE (F)
 TODAY
  MAXIMUM         70    337 PM  93    1941  75     -5       87
                                      1931
  MINIMUM         39    421 AM  37    1956  53    -14       66
  AVERAGE         55                        64     -9       77

PRECIPITATION (IN)
  TODAY            0.00                      0.13  -0.13     0.84
  MONTH TO DATE    0.74                      1.25  -0.51     2.18
  SINCE SEP 1      0.74                      1.25  -0.51     2.18
  SINCE JAN 1     33.46                     27.47   5.99    30.68

SNOWFALL (IN)
  TODAY            0.0                       0.0    0.0      0.0
  MONTH TO DATE    0.0                       0.0    0.0      0.0
  SINCE SEP 1      0.0                       0.0    0.0      0.0
  SINCE JUL 1      0.0                       0.0    0.0      0.0
  SNOW DEPTH       0

DEGREE DAYS
 HEATING
  TODAY           10                         3      7        0
  MONTH TO DATE   59                        23     36        0
  SINCE SEP 1     59                        23     36        0
  SINCE JUL 1     75                        61     14        6

 COOLING
  TODAY            0                         2     -2       12
  MONTH TO DATE    5                        27    -22       66
  SINCE SEP 1      5                        27    -22       66
  SINCE JAN 1    538                       513     25      809
..................................................................


WIND (MPH)
  HIGHEST WIND SPEED    14   HIGHEST WIND DIRECTION     E (100)
  HIGHEST GUST SPEED    18   HIGHEST GUST DIRECTION     E (100)


SKY COVER
  POSSIBLE SUNSHINE  MM
  AVERAGE SKY COVER 0.1


WEATHER CONDITIONS
 THE FOLLOWING WEATHER WAS RECORDED TODAY.
  NO SIGNIFICANT WEATHER WAS OBSERVED.


RELATIVE HUMIDITY (PERCENT)
 HIGHEST   100           200 AM
 LOWEST     44           300 PM
 AVERAGE    72

..........................................................


THE YOUNGSTOWN OH CLIMATE NORMALS FOR TOMORROW
                         NORMAL    RECORD    YEAR
 MAXIMUM TEMPERATURE (F)   74        93      1931
 MINIMUM TEMPERATURE (F)   53        34      1995
                                             1967


SUNRISE AND SUNSET
SEPTEMBER 10 2017.....SUNRISE   658 AM EDT   SUNSET   740 PM EDT
SEPTEMBER 11 2017.....SUNRISE   659 AM EDT   SUNSET   738 PM EDT


-  INDICATES NEGATIVE NUMBERS.
R  INDICATES RECORD WAS SET OR TIED.
MM INDICATES DATA IS MISSING.
T  INDICATES TRACE AMOUNT.




$$
