000
CDUS41 KCLE 170528
CLIYNG


CLIMATE REPORT
NATIONAL WEATHER SERVICE CLEVELAND OH
127 AM EDT TUE MAR 17 2015


...................................

...THE YOUNGSTOWN OH CLIMATE SUMMARY FOR MARCH 16 2015...

CLIMATE NORMAL PERIOD 1981 TO 2010
CLIMATE RECORD PERIOD 1897 TO 2015


WEATHER ITEM   OBSERVED TIME   RECORD YEAR NORMAL DEPARTURE LAST
                VALUE   (LST)  VALUE       VALUE  FROM      YEAR
                                                  NORMAL
..................................................................
TEMPERATURE (F)
 YESTERDAY
  MAXIMUM         62    213 PM  76    1945  46     16       26
  MINIMUM         33    111 AM   8    1992  28      5       16
                                      1932
  AVERAGE         48                        37     11       21

PRECIPITATION (IN)
  YESTERDAY        T                         0.09  -0.09     0.00
  MONTH TO DATE    1.49                      1.41   0.08     0.75
  SINCE MAR 1      1.49                      1.41   0.08     0.75
  SINCE JAN 1      6.72                      6.11   0.61     5.44

SNOWFALL (IN)
  YESTERDAY        0.0                       0.3   -0.3      0.0
  MONTH TO DATE    8.0                       6.5    1.5      4.9
  SINCE MAR 1      8.0                       6.5    1.5      4.9
  SINCE JUL 1     77.5                      55.3   22.2     85.9
  SNOW DEPTH       0

DEGREE DAYS
 HEATING
  YESTERDAY       17                        28    -11       44
  MONTH TO DATE  527                       497     30      604
  SINCE MAR 1    527                       497     30      604
  SINCE JUL 1   5645                      5145    500     5672

 COOLING
  YESTERDAY        0                         0      0        0
  MONTH TO DATE    0                         0      0        0
  SINCE MAR 1      0                         0      0        0
  SINCE JAN 1      0                         0      0        0
..................................................................


WIND (MPH)
  HIGHEST WIND SPEED    18   HIGHEST WIND DIRECTION     W (260)
  HIGHEST GUST SPEED    26   HIGHEST GUST DIRECTION     W (290)
  AVERAGE WIND SPEED     8.8


SKY COVER
  POSSIBLE SUNSHINE  MM
  AVERAGE SKY COVER 0.9


WEATHER CONDITIONS
 THE FOLLOWING WEATHER WAS RECORDED YESTERDAY.
  LIGHT RAIN


RELATIVE HUMIDITY (PERCENT)
 HIGHEST    76           500 AM
 LOWEST     46           100 PM
 AVERAGE    61

..........................................................


THE YOUNGSTOWN OH CLIMATE NORMALS FOR TODAY
                         NORMAL    RECORD    YEAR
 MAXIMUM TEMPERATURE (F)   46        77      2012
 MINIMUM TEMPERATURE (F)   28         9      1941


SUNRISE AND SUNSET
MARCH 17 2015.........SUNRISE   731 AM EDT   SUNSET   731 PM EDT
MARCH 18 2015.........SUNRISE   730 AM EDT   SUNSET   732 PM EDT


-  INDICATES NEGATIVE NUMBERS.
R  INDICATES RECORD WAS SET OR TIED.
MM INDICATES DATA IS MISSING.
T  INDICATES TRACE AMOUNT.




$$
