000
CDUS41 KCLE 310531
CLIYNG


CLIMATE REPORT
NATIONAL WEATHER SERVICE CLEVELAND OH
1230 AM EST SUN JAN 31 2016


...................................

...THE YOUNGSTOWN OH CLIMATE SUMMARY FOR JANUARY 30 2016...

CLIMATE NORMAL PERIOD 1981 TO 2010
CLIMATE RECORD PERIOD 1897 TO 2016


WEATHER ITEM   OBSERVED TIME   RECORD YEAR NORMAL DEPARTURE LAST
                VALUE   (LST)  VALUE       VALUE  FROM      YEAR
                                                  NORMAL
..................................................................
TEMPERATURE (F)
 YESTERDAY
  MAXIMUM         53    505 PM  64    2013  33     20       30
  MINIMUM         19    141 AM  -8    1965  19      0        6
  AVERAGE         36                        26     10       18

PRECIPITATION (IN)
  YESTERDAY        0.00                      0.07  -0.07     0.14
  MONTH TO DATE    1.41                      2.47  -1.06     3.16
  SINCE DEC 1      5.60                      5.46   0.14     5.48
  SINCE JAN 1      1.41                      2.47  -1.06     3.16

SNOWFALL (IN)
  YESTERDAY        0.0                       0.5   -0.5      2.5
  MONTH TO DATE   11.8                      16.1   -4.3     29.3
  SINCE DEC 1     12.6                      31.1  -18.5     30.0
  SINCE JUL 1     13.0                      35.5  -22.5     41.6
  SNOW DEPTH       1

DEGREE DAYS
 HEATING
  YESTERDAY       29                        39    -10       47
  MONTH TO DATE 1187                      1176     11     1293
  SINCE DEC 1   1877                      2253   -376     2226
  SINCE JUL 1   2879                      3582   -703     3636

 COOLING
  YESTERDAY        0                         0      0        0
  MONTH TO DATE    0                         0      0        0
  SINCE DEC 1      0                         0      0        0
  SINCE JAN 1      0                         0      0        0
..................................................................


WIND (MPH)
  HIGHEST WIND SPEED    20   HIGHEST WIND DIRECTION    SW (210)
  HIGHEST GUST SPEED    27   HIGHEST GUST DIRECTION     S (200)
  AVERAGE WIND SPEED    10.5


SKY COVER
  POSSIBLE SUNSHINE  MM
  AVERAGE SKY COVER 0.7


WEATHER CONDITIONS
 THE FOLLOWING WEATHER WAS RECORDED YESTERDAY.
  NO SIGNIFICANT WEATHER WAS OBSERVED.


RELATIVE HUMIDITY (PERCENT)
 HIGHEST    77           300 AM
 LOWEST     41           200 PM
 AVERAGE    59

..........................................................


THE YOUNGSTOWN OH CLIMATE NORMALS FOR TODAY
                         NORMAL    RECORD    YEAR
 MAXIMUM TEMPERATURE (F)   33        61      2002
 MINIMUM TEMPERATURE (F)   19        -9      1948


SUNRISE AND SUNSET
JANUARY 31 2016.......SUNRISE   735 AM EST   SUNSET   537 PM EST
FEBRUARY  1 2016......SUNRISE   734 AM EST   SUNSET   539 PM EST


-  INDICATES NEGATIVE NUMBERS.
R  INDICATES RECORD WAS SET OR TIED.
MM INDICATES DATA IS MISSING.
T  INDICATES TRACE AMOUNT.




$$
