000
CDUS41 KCLE 030527
CLIYNG


CLIMATE REPORT
NATIONAL WEATHER SERVICE CLEVELAND OH
1226 AM EST SAT FEB 3 2018


...................................

...THE YOUNGSTOWN OH CLIMATE SUMMARY FOR FEBRUARY 2 2018...

CLIMATE NORMAL PERIOD 1981 TO 2010
CLIMATE RECORD PERIOD 1897 TO 2018


WEATHER ITEM   OBSERVED TIME   RECORD YEAR NORMAL DEPARTURE LAST
                VALUE   (LST)  VALUE       VALUE  FROM      YEAR
                                                  NORMAL
..................................................................
TEMPERATURE (F)
 YESTERDAY
  MAXIMUM         20   1204 AM  57    1973  34    -14       31
  MINIMUM         11    808 AM -11    1961  19     -8       19
  AVERAGE         16                        26    -10       25

PRECIPITATION (IN)
  YESTERDAY        0.11                      0.08   0.03     0.02
  MONTH TO DATE    0.13                      0.15  -0.02     0.06
  SINCE DEC 1      5.38                      5.69  -0.31     8.98
  SINCE JAN 1      3.27                      2.70   0.57     5.41

SNOWFALL (IN)
  YESTERDAY        3.0                       0.4    2.6      0.3
  MONTH TO DATE    3.3                       0.9    2.4      0.7
  SINCE DEC 1     45.4                      32.5   12.9     37.6
  SINCE JUL 1     46.4                      36.9    9.5     42.0
  SNOW DEPTH       2

DEGREE DAYS
 HEATING
  YESTERDAY       49                        39     10       40
  MONTH TO DATE   81                        78      3       72
  SINCE DEC 1   2481                      2372    109     2153
  SINCE JUL 1   3579                      3701   -122     3125

 COOLING
  YESTERDAY        0                         0      0        0
  MONTH TO DATE    0                         0      0        0
  SINCE DEC 1      0                         0      0        0
  SINCE JAN 1      0                         0      0        0
..................................................................


WIND (MPH)
  HIGHEST WIND SPEED    24   HIGHEST WIND DIRECTION    NW (320)
  HIGHEST GUST SPEED    29   HIGHEST GUST DIRECTION    NW (320)
  AVERAGE WIND SPEED    11.1


SKY COVER
  POSSIBLE SUNSHINE  MM
  AVERAGE SKY COVER 1.0


WEATHER CONDITIONS
 THE FOLLOWING WEATHER WAS RECORDED YESTERDAY.
  LIGHT SNOW
  FOG
  BLOWING SNOW


RELATIVE HUMIDITY (PERCENT)
 HIGHEST    84          1200 AM
 LOWEST     53           700 PM
 AVERAGE    69

..........................................................


THE YOUNGSTOWN OH CLIMATE NORMALS FOR TODAY
                         NORMAL    RECORD    YEAR
 MAXIMUM TEMPERATURE (F)   34        62      2016
 MINIMUM TEMPERATURE (F)   19       -11      1951


SUNRISE AND SUNSET
FEBRUARY  3 2018......SUNRISE   732 AM EST   SUNSET   542 PM EST
FEBRUARY  4 2018......SUNRISE   731 AM EST   SUNSET   543 PM EST


-  INDICATES NEGATIVE NUMBERS.
R  INDICATES RECORD WAS SET OR TIED.
MM INDICATES DATA IS MISSING.
T  INDICATES TRACE AMOUNT.




$$
