000
CDUS41 KCLE 072114
CLIYNG


CLIMATE REPORT
NATIONAL WEATHER SERVICE CLEVELAND OH
513 PM EDT SUN SEP 7 2014


...................................

...THE YOUNGSTOWN OH CLIMATE SUMMARY FOR SEPTEMBER 7 2014...
VALID TODAY AS OF 0500 PM LOCAL TIME.

CLIMATE NORMAL PERIOD 1981 TO 2010
CLIMATE RECORD PERIOD 1897 TO 2014


WEATHER ITEM   OBSERVED TIME   RECORD YEAR NORMAL DEPARTURE LAST
                VALUE   (LST)  VALUE       VALUE  FROM      YEAR
                                                  NORMAL
..................................................................
TEMPERATURE (F)
 TODAY
  MAXIMUM         74    359 PM  91    1985  76     -2       80
  MINIMUM         47    554 AM  39    1986  54     -7       49
  AVERAGE         61                        65     -4       65

PRECIPITATION (IN)
  TODAY            0.00                      0.13  -0.13      T
  MONTH TO DATE    0.87                      0.87   0.00     0.01
  SINCE SEP 1      0.87                      0.87   0.00     0.01
  SINCE JAN 1     30.43                     27.09   3.34    27.23

SNOWFALL (IN)
  TODAY            0.0                       0.0    0.0      0.0
  MONTH TO DATE    0.0                       0.0    0.0      0.0
  SINCE SEP 1      0.0                       0.0    0.0      0.0
  SINCE JUL 1      0.0                       0.0    0.0      0.0
  SNOW DEPTH       0

DEGREE DAYS
 HEATING
  TODAY            4                         2      2        0
  MONTH TO DATE    8                        14     -6       17
  SINCE SEP 1      8                        14     -6       17
  SINCE JUL 1     60                        52      8       55

 COOLING
  TODAY            0                         3     -3        0
  MONTH TO DATE   39                        21     18       17
  SINCE SEP 1     39                        21     18       17
  SINCE JAN 1    516                       507      9      569
..................................................................


WIND (MPH)
  HIGHEST WIND SPEED     9   HIGHEST WIND DIRECTION     N (350)
  HIGHEST GUST SPEED    13   HIGHEST GUST DIRECTION    NW (330)


SKY COVER
  POSSIBLE SUNSHINE  MM
  AVERAGE SKY COVER 0.3


WEATHER CONDITIONS
 THE FOLLOWING WEATHER WAS RECORDED TODAY.
  FOG


RELATIVE HUMIDITY (PERCENT)
 HIGHEST   100           200 AM
 LOWEST     41           400 PM
 AVERAGE    71

..........................................................


THE YOUNGSTOWN OH CLIMATE NORMALS FOR TOMORROW
                         NORMAL    RECORD    YEAR
 MAXIMUM TEMPERATURE (F)   76        97      1939
 MINIMUM TEMPERATURE (F)   54        37      1986


SUNRISE AND SUNSET
SEPTEMBER  7 2014.....SUNRISE   655 AM EDT   SUNSET   745 PM EDT
SEPTEMBER  8 2014.....SUNRISE   656 AM EDT   SUNSET   744 PM EDT


-  INDICATES NEGATIVE NUMBERS.
R  INDICATES RECORD WAS SET OR TIED.
MM INDICATES DATA IS MISSING.
T  INDICATES TRACE AMOUNT.




$$
