000
CDUS41 KCLE 190526
CLIYNG


CLIMATE REPORT
NATIONAL WEATHER SERVICE CLEVELAND OH
126 AM EDT THU MAR 19 2015


...................................

...THE YOUNGSTOWN OH CLIMATE SUMMARY FOR MARCH 18 2015...

CLIMATE NORMAL PERIOD 1981 TO 2010
CLIMATE RECORD PERIOD 1897 TO 2015


WEATHER ITEM   OBSERVED TIME   RECORD YEAR NORMAL DEPARTURE LAST
                VALUE   (LST)  VALUE       VALUE  FROM      YEAR
                                                  NORMAL
..................................................................
TEMPERATURE (F)
 YESTERDAY
  MAXIMUM         45    239 PM  74    2012  47     -2       51
  MINIMUM         22    606 AM   2    1967  28     -6       24
  AVERAGE         34                        37     -3       38

PRECIPITATION (IN)
  YESTERDAY        0.00                      0.10  -0.10     0.00
  MONTH TO DATE    1.49                      1.61  -0.12     0.75
  SINCE MAR 1      1.49                      1.61  -0.12     0.75
  SINCE JAN 1      6.72                      6.31   0.41     5.44

SNOWFALL (IN)
  YESTERDAY        0.0                       0.3   -0.3      0.0
  MONTH TO DATE    8.0                       7.2    0.8      4.9
  SINCE MAR 1      8.0                       7.2    0.8      4.9
  SINCE JUL 1     77.5                      56.0   21.5     85.9
  SNOW DEPTH       0

DEGREE DAYS
 HEATING
  YESTERDAY       31                        28      3       27
  MONTH TO DATE  582                       553     29      670
  SINCE MAR 1    582                       553     29      670
  SINCE JUL 1   5700                      5201    499     5738

 COOLING
  YESTERDAY        0                         0      0        0
  MONTH TO DATE    0                         0      0        0
  SINCE MAR 1      0                         0      0        0
  SINCE JAN 1      0                         0      0        0
..................................................................


WIND (MPH)
  HIGHEST WIND SPEED    23   HIGHEST WIND DIRECTION    NW (310)
  HIGHEST GUST SPEED    31   HIGHEST GUST DIRECTION    NW (320)
  AVERAGE WIND SPEED     8.7


SKY COVER
  POSSIBLE SUNSHINE  MM
  AVERAGE SKY COVER 0.3


WEATHER CONDITIONS
 THE FOLLOWING WEATHER WAS RECORDED YESTERDAY.
  NO SIGNIFICANT WEATHER WAS OBSERVED.


RELATIVE HUMIDITY (PERCENT)
 HIGHEST    63          1200 AM
 LOWEST     28           300 PM
 AVERAGE    46

..........................................................


THE YOUNGSTOWN OH CLIMATE NORMALS FOR TODAY
                         NORMAL    RECORD    YEAR
 MAXIMUM TEMPERATURE (F)   47        77      1898
 MINIMUM TEMPERATURE (F)   29         3      1967


SUNRISE AND SUNSET
MARCH 19 2015.........SUNRISE   728 AM EDT   SUNSET   733 PM EDT
MARCH 20 2015.........SUNRISE   726 AM EDT   SUNSET   735 PM EDT


-  INDICATES NEGATIVE NUMBERS.
R  INDICATES RECORD WAS SET OR TIED.
MM INDICATES DATA IS MISSING.
T  INDICATES TRACE AMOUNT.




$$
