000
CDUS41 KCLE 260526
CLIYNG


CLIMATE REPORT
NATIONAL WEATHER SERVICE CLEVELAND OH
1226 AM EST SUN NOV 26 2017


...................................

...THE YOUNGSTOWN OH CLIMATE SUMMARY FOR NOVEMBER 25 2017...

CLIMATE NORMAL PERIOD 1981 TO 2010
CLIMATE RECORD PERIOD 1897 TO 2017


WEATHER ITEM   OBSERVED TIME   RECORD YEAR NORMAL DEPARTURE LAST
                VALUE   (LST)  VALUE       VALUE  FROM      YEAR
                                                  NORMAL
..................................................................
TEMPERATURE (F)
 YESTERDAY
  MAXIMUM         53    158 PM  72    1931  45      8       42
  MINIMUM         39   1159 PM   6    1950  31      8       36
  AVERAGE         46                        38      8       39

PRECIPITATION (IN)
  YESTERDAY        T                         0.10  -0.10     0.02
  MONTH TO DATE    5.28                      2.64   2.64     1.35
  SINCE SEP 1      8.99                      9.16  -0.17    11.66
  SINCE JAN 1     41.71                     35.38   6.33    40.16

SNOWFALL (IN)
  YESTERDAY        0.0                       0.2   -0.2       T
  MONTH TO DATE    1.0                       2.5   -1.5      4.4
  SINCE SEP 1      1.0                       3.3   -2.3      4.4
  SINCE JUL 1      1.0                       3.3   -2.3      4.4
  SNOW DEPTH       0

DEGREE DAYS
 HEATING
  YESTERDAY       19                        27     -8       26
  MONTH TO DATE  611                       566     45      496
  SINCE SEP 1    976                      1149   -173      861
  SINCE JUL 1    992                      1187   -195      867

 COOLING
  YESTERDAY        0                         0      0        0
  MONTH TO DATE    0                         0      0        3
  SINCE SEP 1    125                        58     67      136
  SINCE JAN 1    658                       544    114      879
..................................................................


WIND (MPH)
  HIGHEST WIND SPEED    22   HIGHEST WIND DIRECTION    NW (320)
  HIGHEST GUST SPEED    28   HIGHEST GUST DIRECTION    NW (330)
  AVERAGE WIND SPEED    11.8


SKY COVER
  POSSIBLE SUNSHINE  MM
  AVERAGE SKY COVER 0.9


WEATHER CONDITIONS
 THE FOLLOWING WEATHER WAS RECORDED YESTERDAY.
  LIGHT RAIN


RELATIVE HUMIDITY (PERCENT)
 HIGHEST    68           100 PM
 LOWEST     34           100 AM
 AVERAGE    51

..........................................................


THE YOUNGSTOWN OH CLIMATE NORMALS FOR TODAY
                         NORMAL    RECORD    YEAR
 MAXIMUM TEMPERATURE (F)   44        65      2006
 MINIMUM TEMPERATURE (F)   31         6      1950


SUNRISE AND SUNSET
NOVEMBER 26 2017......SUNRISE   724 AM EST   SUNSET   456 PM EST
NOVEMBER 27 2017......SUNRISE   725 AM EST   SUNSET   456 PM EST


-  INDICATES NEGATIVE NUMBERS.
R  INDICATES RECORD WAS SET OR TIED.
MM INDICATES DATA IS MISSING.
T  INDICATES TRACE AMOUNT.




$$
