000
CDUS41 KCLE 110526
CLIYNG


CLIMATE REPORT
NATIONAL WEATHER SERVICE CLEVELAND OH
126 AM EDT SAT OCT 11 2014


...................................

...THE YOUNGSTOWN OH CLIMATE SUMMARY FOR OCTOBER 10 2014...

CLIMATE NORMAL PERIOD 1981 TO 2010
CLIMATE RECORD PERIOD 1897 TO 2014


WEATHER ITEM   OBSERVED TIME   RECORD YEAR NORMAL DEPARTURE LAST
                VALUE   (LST)  VALUE       VALUE  FROM      YEAR
                                                  NORMAL
..................................................................
TEMPERATURE (F)
 YESTERDAY
  MAXIMUM         60    108 PM  87    1949  63     -3       70
                                      1939
  MINIMUM         36    224 AM  27    1972  43     -7       39
  AVERAGE         48                        53     -5       55

PRECIPITATION (IN)
  YESTERDAY        0.00                      0.10  -0.10     0.00
  MONTH TO DATE    1.21                      0.97   0.24     0.77
  SINCE SEP 1      3.11                      4.72  -1.61     2.98
  SINCE JAN 1     32.67                     30.94   1.73    30.20

SNOWFALL (IN)
  YESTERDAY        0.0                       0.0    0.0      0.0
  MONTH TO DATE    T                         0.1   -0.1      0.0
  SINCE SEP 1      T                         0.1   -0.1      0.0
  SINCE JUL 1      T                         0.1   -0.1      0.0
  SNOW DEPTH       0

DEGREE DAYS
 HEATING
  YESTERDAY       17                        13      4       10
  MONTH TO DATE  120                       112      8       44
  SINCE SEP 1    261                       257      4      195
  SINCE JUL 1    313                       295     18      233

 COOLING
  YESTERDAY        0                         0      0        0
  MONTH TO DATE    0                         3     -3       21
  SINCE SEP 1     53                        55     -2       78
  SINCE JAN 1    530                       541    -11      630
..................................................................


WIND (MPH)
  HIGHEST WIND SPEED    12   HIGHEST WIND DIRECTION     N (360)
  HIGHEST GUST SPEED    15   HIGHEST GUST DIRECTION     N (360)
  AVERAGE WIND SPEED     4.5


SKY COVER
  POSSIBLE SUNSHINE  MM
  AVERAGE SKY COVER 0.9


WEATHER CONDITIONS
 THE FOLLOWING WEATHER WAS RECORDED YESTERDAY.
  FOG
  FOG W/VISIBILITY <= 1/4 MILE


RELATIVE HUMIDITY (PERCENT)
 HIGHEST   100          1200 AM
 LOWEST     43           400 PM
 AVERAGE    72

..........................................................


THE YOUNGSTOWN OH CLIMATE NORMALS FOR TODAY
                         NORMAL    RECORD    YEAR
 MAXIMUM TEMPERATURE (F)   62        84      1939
 MINIMUM TEMPERATURE (F)   43        27      1964


SUNRISE AND SUNSET
OCTOBER 11 2014.......SUNRISE   730 AM EDT   SUNSET   648 PM EDT
OCTOBER 12 2014.......SUNRISE   731 AM EDT   SUNSET   647 PM EDT


-  INDICATES NEGATIVE NUMBERS.
R  INDICATES RECORD WAS SET OR TIED.
MM INDICATES DATA IS MISSING.
T  INDICATES TRACE AMOUNT.




$$
