000
CDUS41 KCLE 172214
CLIYNG


CLIMATE REPORT
NATIONAL WEATHER SERVICE CLEVELAND OH
512 PM EST TUE FEB 17 2015


...................................

...THE YOUNGSTOWN OH CLIMATE SUMMARY FOR FEBRUARY 17 2015...
VALID TODAY AS OF 0500 PM LOCAL TIME.

CLIMATE NORMAL PERIOD 1981 TO 2010
CLIMATE RECORD PERIOD 1897 TO 2015


WEATHER ITEM   OBSERVED TIME   RECORD YEAR NORMAL DEPARTURE LAST
                VALUE   (LST)  VALUE       VALUE  FROM      YEAR
                                                  NORMAL
..................................................................
TEMPERATURE (F)
 TODAY
  MAXIMUM         18    331 PM  61    2006  37    -19       29
  MINIMUM        -11    653 AM -14    1979  21    -32       -4
  AVERAGE          4                        29    -25       13

PRECIPITATION (IN)
  TODAY            0.00                      0.08  -0.08     0.08
  MONTH TO DATE    1.52                      1.27   0.25     1.15
  SINCE DEC 1      7.00                      6.81   0.19     7.10
  SINCE JAN 1      4.68                      3.82   0.86     3.58

SNOWFALL (IN)
  TODAY            0.0                       0.4   -0.4      1.4
  MONTH TO DATE   18.2                       7.6   10.6     14.5
  SINCE DEC 1     48.2                      39.2    9.0     58.0
  SINCE JUL 1     59.8                      43.6   16.2     72.1
  SNOW DEPTH      10

DEGREE DAYS
 HEATING
  TODAY           61                        36     25       52
  MONTH TO DATE  817                       641    176      808
  SINCE DEC 1   3093                      2935    158     3265
  SINCE JUL 1   4503                      4264    239     4647

 COOLING
  TODAY            0                         0      0        0
  MONTH TO DATE    0                         0      0        0
  SINCE DEC 1      0                         0      0        0
  SINCE JAN 1      0                         0      0        0
..................................................................


WIND (MPH)
  HIGHEST WIND SPEED    15   HIGHEST WIND DIRECTION    SW (240)
  HIGHEST GUST SPEED    19   HIGHEST GUST DIRECTION    SW (220)


SKY COVER
  POSSIBLE SUNSHINE  MM
  AVERAGE SKY COVER 0.6


WEATHER CONDITIONS
 THE FOLLOWING WEATHER WAS RECORDED TODAY.
  NO SIGNIFICANT WEATHER WAS OBSERVED.


RELATIVE HUMIDITY (PERCENT)
 HIGHEST    86           900 AM
 LOWEST     33           300 PM
 AVERAGE    60

..........................................................


THE YOUNGSTOWN OH CLIMATE NORMALS FOR TOMORROW
                         NORMAL    RECORD    YEAR
 MAXIMUM TEMPERATURE (F)   37        59      2011
                                             1994
 MINIMUM TEMPERATURE (F)   21        -8      1979


SUNRISE AND SUNSET
FEBRUARY 17 2015......SUNRISE   715 AM EST   SUNSET   559 PM EST
FEBRUARY 18 2015......SUNRISE   714 AM EST   SUNSET   600 PM EST


-  INDICATES NEGATIVE NUMBERS.
R  INDICATES RECORD WAS SET OR TIED.
MM INDICATES DATA IS MISSING.
T  INDICATES TRACE AMOUNT.




$$
