000
CDUS41 KCLE 080528
CLIYNG


CLIMATE REPORT
NATIONAL WEATHER SERVICE CLEVELAND OH
1227 AM EST MON DEC 8 2014


...................................

...THE YOUNGSTOWN OH CLIMATE SUMMARY FOR DECEMBER 7 2014...

CLIMATE NORMAL PERIOD 1981 TO 2010
CLIMATE RECORD PERIOD 1897 TO 2014


WEATHER ITEM   OBSERVED TIME   RECORD YEAR NORMAL DEPARTURE LAST
                VALUE   (LST)  VALUE       VALUE  FROM      YEAR
                                                  NORMAL
..................................................................
TEMPERATURE (F)
 YESTERDAY
  MAXIMUM         40    221 PM  67    1998  39      1       26
  MINIMUM         27    746 AM   7    1977  27      0       15
                                      1958
  AVERAGE         34                        33      1       21

PRECIPITATION (IN)
  YESTERDAY        0.00                      0.10  -0.10     0.01
  MONTH TO DATE    1.18                      0.70   0.48     0.47
  SINCE DEC 1      1.18                      0.70   0.48     0.47
  SINCE JAN 1     38.13                     36.62   1.51    36.08

SNOWFALL (IN)
  YESTERDAY        0.0                       0.5   -0.5      0.1
  MONTH TO DATE    0.0                       2.9   -2.9      3.3
  SINCE DEC 1      0.0                       2.9   -2.9      3.3
  SINCE JUL 1     11.6                       7.3    4.3     17.4
  SNOW DEPTH       0

DEGREE DAYS
 HEATING
  YESTERDAY       31                        32     -1       44
  MONTH TO DATE  214                       216     -2      200
  SINCE DEC 1    214                       216     -2      200
  SINCE JUL 1   1624                      1545     79     1582

 COOLING
  YESTERDAY        0                         0      0        0
  MONTH TO DATE    0                         0      0        0
  SINCE DEC 1      0                         0      0        0
  SINCE JAN 1    533                       544    -11      630
..................................................................


WIND (MPH)
  HIGHEST WIND SPEED    16   HIGHEST WIND DIRECTION     N (10)
  HIGHEST GUST SPEED    20   HIGHEST GUST DIRECTION     N (10)
  AVERAGE WIND SPEED     8.2


SKY COVER
  POSSIBLE SUNSHINE  MM
  AVERAGE SKY COVER 0.7


WEATHER CONDITIONS
 THE FOLLOWING WEATHER WAS RECORDED YESTERDAY.
  NO SIGNIFICANT WEATHER WAS OBSERVED.


RELATIVE HUMIDITY (PERCENT)
 HIGHEST    75           600 AM
 LOWEST     37           200 PM
 AVERAGE    56

..........................................................


THE YOUNGSTOWN OH CLIMATE NORMALS FOR TODAY
                         NORMAL    RECORD    YEAR
 MAXIMUM TEMPERATURE (F)   39        65      1966
 MINIMUM TEMPERATURE (F)   26         1      2005


SUNRISE AND SUNSET
DECEMBER  8 2014......SUNRISE   736 AM EST   SUNSET   453 PM EST
DECEMBER  9 2014......SUNRISE   737 AM EST   SUNSET   453 PM EST


-  INDICATES NEGATIVE NUMBERS.
R  INDICATES RECORD WAS SET OR TIED.
MM INDICATES DATA IS MISSING.
T  INDICATES TRACE AMOUNT.




$$
