952
CDUS41 KCLE 230525
CLIYNG


CLIMATE REPORT
NATIONAL WEATHER SERVICE CLEVELAND OH
1225 AM EST WED NOV 23 2016


...................................

...THE YOUNGSTOWN OH CLIMATE SUMMARY FOR NOVEMBER 22 2016...

CLIMATE NORMAL PERIOD 1981 TO 2010
CLIMATE RECORD PERIOD 1897 TO 2016


WEATHER ITEM   OBSERVED TIME   RECORD YEAR NORMAL DEPARTURE LAST
                VALUE   (LST)  VALUE       VALUE  FROM      YEAR
                                                  NORMAL
..................................................................
TEMPERATURE (F)
 YESTERDAY
  MAXIMUM         39    225 PM  71    1930  46     -7       38
  MINIMUM         22   1159 PM  11    1964  32    -10       24
  AVERAGE         31                        39     -8       31

PRECIPITATION (IN)
  YESTERDAY        0.00                      0.11  -0.11      T
  MONTH TO DATE    1.14                      2.32  -1.18     1.38
  SINCE SEP 1     11.45                      8.84   2.61     8.81
  SINCE JAN 1     39.95                     35.06   4.89    39.71

SNOWFALL (IN)
  YESTERDAY        0.0                       0.2   -0.2       T
  MONTH TO DATE    4.4                       1.9    2.5       T
  SINCE SEP 1      4.4                       2.7    1.7      0.4
  SINCE JUL 1      4.4                       2.7    1.7      0.4
  SNOW DEPTH       T

DEGREE DAYS
 HEATING
  YESTERDAY       34                        26      8       34
  MONTH TO DATE  414                       486    -72      338
  SINCE SEP 1    779                      1069   -290      781
  SINCE JUL 1    785                      1107   -322      810

 COOLING
  YESTERDAY        0                         0      0        0
  MONTH TO DATE    3                         0      3        2
  SINCE SEP 1    136                        58     78      121
  SINCE JAN 1    879                       544    335      681
..................................................................


WIND (MPH)
  HIGHEST WIND SPEED    16   HIGHEST WIND DIRECTION    NW (300)
  HIGHEST GUST SPEED    24   HIGHEST GUST DIRECTION    NW (300)
  AVERAGE WIND SPEED     6.3


SKY COVER
  POSSIBLE SUNSHINE  MM
  AVERAGE SKY COVER 0.7


WEATHER CONDITIONS
 THE FOLLOWING WEATHER WAS RECORDED YESTERDAY.
  NO SIGNIFICANT WEATHER WAS OBSERVED.


RELATIVE HUMIDITY (PERCENT)
 HIGHEST    81          1100 PM
 LOWEST     59           200 PM
 AVERAGE    70

..........................................................


THE YOUNGSTOWN OH CLIMATE NORMALS FOR TODAY
                         NORMAL    RECORD    YEAR
 MAXIMUM TEMPERATURE (F)   46        74      1931
 MINIMUM TEMPERATURE (F)   32         4      1971


SUNRISE AND SUNSET
NOVEMBER 23 2016......SUNRISE   721 AM EST   SUNSET   457 PM EST
NOVEMBER 24 2016......SUNRISE   722 AM EST   SUNSET   457 PM EST


-  INDICATES NEGATIVE NUMBERS.
R  INDICATES RECORD WAS SET OR TIED.
MM INDICATES DATA IS MISSING.
T  INDICATES TRACE AMOUNT.




$$
