000
CDUS41 KCLE 080531
CLIYNG


CLIMATE REPORT
NATIONAL WEATHER SERVICE CLEVELAND OH
1230 AM EST WED MAR 8 2017


...................................

...THE YOUNGSTOWN OH CLIMATE SUMMARY FOR MARCH 7 2017...

CLIMATE NORMAL PERIOD 1981 TO 2010
CLIMATE RECORD PERIOD 1897 TO 2017


WEATHER ITEM   OBSERVED TIME   RECORD YEAR NORMAL DEPARTURE LAST
                VALUE   (LST)  VALUE       VALUE  FROM      YEAR
                                                  NORMAL
..................................................................
TEMPERATURE (F)
 YESTERDAY
  MAXIMUM         56    549 PM  75    1983  42     14       62
  MINIMUM         41   1159 PM  -1    1986  25     16       33
  AVERAGE         49                        33     16       48

PRECIPITATION (IN)
  YESTERDAY        0.64                      0.09   0.55      T
  MONTH TO DATE    1.90                      0.60   1.30     0.56
  SINCE MAR 1      1.90                      0.60   1.30     0.56
  SINCE JAN 1      9.78                      5.30   4.48     5.75

SNOWFALL (IN)
  YESTERDAY        0.0                       0.5   -0.5      0.0
  MONTH TO DATE    6.5                       3.1    3.4      4.3
  SINCE MAR 1      6.5                       3.1    3.4      4.3
  SINCE JUL 1     53.9                      51.9    2.0     35.9
  SNOW DEPTH       0

DEGREE DAYS
 HEATING
  YESTERDAY       16                        32    -16       17
  MONTH TO DATE  212                       228    -16      225
  SINCE MAR 1    212                       228    -16      225
  SINCE JUL 1   3996                      4876   -880     4073

 COOLING
  YESTERDAY        0                         0      0        0
  MONTH TO DATE    0                         0      0        0
  SINCE MAR 1      0                         0      0        0
  SINCE JAN 1      0                         0      0        0
..................................................................


WIND (MPH)
  HIGHEST WIND SPEED    23   HIGHEST WIND DIRECTION     W (280)
  HIGHEST GUST SPEED    32   HIGHEST GUST DIRECTION     S (200)
  AVERAGE WIND SPEED    12.0


SKY COVER
  POSSIBLE SUNSHINE  MM
  AVERAGE SKY COVER 1.0


WEATHER CONDITIONS
 THE FOLLOWING WEATHER WAS RECORDED YESTERDAY.
  HEAVY RAIN
  RAIN
  LIGHT RAIN
  FOG


RELATIVE HUMIDITY (PERCENT)
 HIGHEST    93          1100 PM
 LOWEST     72           900 AM
 AVERAGE    83

..........................................................


THE YOUNGSTOWN OH CLIMATE NORMALS FOR TODAY
                         NORMAL    RECORD    YEAR
 MAXIMUM TEMPERATURE (F)   43        77      2000
 MINIMUM TEMPERATURE (F)   25        -7      1986


SUNRISE AND SUNSET
MARCH  8 2017.........SUNRISE   645 AM EST   SUNSET   622 PM EST
MARCH  9 2017.........SUNRISE   644 AM EST   SUNSET   623 PM EST


-  INDICATES NEGATIVE NUMBERS.
R  INDICATES RECORD WAS SET OR TIED.
MM INDICATES DATA IS MISSING.
T  INDICATES TRACE AMOUNT.




$$
