000
CDUS41 KCLE 010526
CLIYNG


CLIMATE REPORT
NATIONAL WEATHER SERVICE CLEVELAND OH
1226 AM EST SUN JAN 1 2017


...................................

...THE YOUNGSTOWN OH CLIMATE SUMMARY FOR DECEMBER 31 2016...

CLIMATE NORMAL PERIOD 1981 TO 2010
CLIMATE RECORD PERIOD 1897 TO 2016


WEATHER ITEM   OBSERVED TIME   RECORD YEAR NORMAL DEPARTURE LAST
                VALUE   (LST)  VALUE       VALUE  FROM      YEAR
                                                  NORMAL
..................................................................
TEMPERATURE (F)
 YESTERDAY
  MAXIMUM         41    331 PM  60    1972  33      8       34
                                      1936
  MINIMUM         24    119 AM  -6    1976  20      4       29
  AVERAGE         33                        26      7       32

PRECIPITATION (IN)
  YESTERDAY        0.03                      0.09  -0.06     0.01
  MONTH TO DATE    3.57                      2.99   0.58     4.19
  SINCE DEC 1      3.57                      2.99   0.58     4.19
  SINCE JAN 1     44.34                     38.91   5.43    44.38

SNOWFALL (IN)
  YESTERDAY        0.2                       0.5   -0.3       T
  MONTH TO DATE   23.3                      15.0    8.3      0.8
  SINCE DEC 1     23.3                      15.0    8.3      0.8
  SINCE JUL 1     27.7                      19.4    8.3      1.2
  SNOW DEPTH       4

DEGREE DAYS
 HEATING
  YESTERDAY       32                        38     -6       33
  MONTH TO DATE 1079                      1076      3      690
  SINCE DEC 1   1079                      1077      2      690
  SINCE JUL 1   2051                      2406   -355     1692

 COOLING
  YESTERDAY        0                         0      0        0
  MONTH TO DATE    0                         0      0        0
  SINCE DEC 1      0                         0      0        0
  SINCE JAN 1    879                       544    335      681
..................................................................


WIND (MPH)
  HIGHEST WIND SPEED    33   HIGHEST WIND DIRECTION    SW (230)
  HIGHEST GUST SPEED    43   HIGHEST GUST DIRECTION    SW (210)
  AVERAGE WIND SPEED    13.2


SKY COVER
  POSSIBLE SUNSHINE  MM
  AVERAGE SKY COVER 0.9


WEATHER CONDITIONS
 THE FOLLOWING WEATHER WAS RECORDED YESTERDAY.
  LIGHT RAIN
  SNOW
  LIGHT SNOW
  SLEET
  FOG


RELATIVE HUMIDITY (PERCENT)
 HIGHEST    85           800 PM
 LOWEST     44          1200 PM
 AVERAGE    65

..........................................................


THE YOUNGSTOWN OH CLIMATE NORMALS FOR TODAY
                         NORMAL    RECORD    YEAR
 MAXIMUM TEMPERATURE (F)   33        65      1985
 MINIMUM TEMPERATURE (F)   20        -1      1968


SUNRISE AND SUNSET
JANUARY  1 2017.......SUNRISE   748 AM EST   SUNSET   505 PM EST
JANUARY  2 2017.......SUNRISE   748 AM EST   SUNSET   505 PM EST


-  INDICATES NEGATIVE NUMBERS.
R  INDICATES RECORD WAS SET OR TIED.
MM INDICATES DATA IS MISSING.
T  INDICATES TRACE AMOUNT.




$$
