000
CDUS41 KCLE 082115
CLIYNG


CLIMATE REPORT
NATIONAL WEATHER SERVICE CLEVELAND OH
513 PM EDT SAT APR 8 2017


...................................

...THE YOUNGSTOWN OH CLIMATE SUMMARY FOR APRIL 8 2017...
VALID TODAY AS OF 0500 PM LOCAL TIME.

CLIMATE NORMAL PERIOD 1981 TO 2010
CLIMATE RECORD PERIOD 1897 TO 2017


WEATHER ITEM   OBSERVED TIME   RECORD YEAR NORMAL DEPARTURE LAST
                VALUE   (LST)  VALUE       VALUE  FROM      YEAR
                                                  NORMAL
..................................................................
TEMPERATURE (F)
 TODAY
  MAXIMUM         56    323 PM  81    2001  56      0       42
  MINIMUM         29    603 AM  14    1982  36     -7       29
  AVERAGE         43                        46     -3       36

PRECIPITATION (IN)
  TODAY            0.00                      0.11  -0.11     0.29
  MONTH TO DATE    1.05                      0.92   0.13     1.29
  SINCE MAR 1      6.09                      3.86   2.23     5.10
  SINCE JAN 1     13.97                      8.56   5.41    10.29

SNOWFALL (IN)
  TODAY            0.0                       0.2   -0.2      2.9
  MONTH TO DATE    2.0                       1.5    0.5      4.9
  SINCE MAR 1     22.1                      12.4    9.7      9.2
  SINCE JUL 1     69.5                      61.2    8.3     40.8
  SNOW DEPTH       0

DEGREE DAYS
 HEATING
  TODAY           22                        19      3       29
  MONTH TO DATE  151                       166    -15      209
  SINCE MAR 1   1021                      1042    -21      823
  SINCE JUL 1   4805                      5690   -885     4671

 COOLING
  TODAY            0                         0      0        0
  MONTH TO DATE    0                         0      0        0
  SINCE MAR 1      0                         1     -1        0
  SINCE JAN 1      0                         1     -1        0
..................................................................


WIND (MPH)
  HIGHEST WIND SPEED    14   HIGHEST WIND DIRECTION    NW (330)
  HIGHEST GUST SPEED    18   HIGHEST GUST DIRECTION    NW (320)


SKY COVER
  POSSIBLE SUNSHINE  MM
  AVERAGE SKY COVER 0.3


WEATHER CONDITIONS
 THE FOLLOWING WEATHER WAS RECORDED TODAY.
  NO SIGNIFICANT WEATHER WAS OBSERVED.


RELATIVE HUMIDITY (PERCENT)
 HIGHEST    69           600 AM
 LOWEST     26           400 PM
 AVERAGE    48

..........................................................


THE YOUNGSTOWN OH CLIMATE NORMALS FOR TOMORROW
                         NORMAL    RECORD    YEAR
 MAXIMUM TEMPERATURE (F)   56        79      1931
 MINIMUM TEMPERATURE (F)   36        17      1977
                                             1972


SUNRISE AND SUNSET
APRIL  8 2017.........SUNRISE   654 AM EDT   SUNSET   756 PM EDT
APRIL  9 2017.........SUNRISE   652 AM EDT   SUNSET   757 PM EDT


-  INDICATES NEGATIVE NUMBERS.
R  INDICATES RECORD WAS SET OR TIED.
MM INDICATES DATA IS MISSING.
T  INDICATES TRACE AMOUNT.




$$
