000
CDUS41 KCLE 202115
CLIYNG


CLIMATE REPORT
NATIONAL WEATHER SERVICE CLEVELAND OH
513 PM EDT MON JUL 20 2015


...................................

...THE YOUNGSTOWN OH CLIMATE SUMMARY FOR JULY 20 2015...
VALID TODAY AS OF 0500 PM LOCAL TIME.

CLIMATE NORMAL PERIOD 1981 TO 2010
CLIMATE RECORD PERIOD 1897 TO 2015


WEATHER ITEM   OBSERVED TIME   RECORD YEAR NORMAL DEPARTURE LAST
                VALUE   (LST)  VALUE       VALUE  FROM      YEAR
                                                  NORMAL
..................................................................
TEMPERATURE (F)
 TODAY
  MAXIMUM         84    359 PM  95    1991  82      2       76
                                      1934
  MINIMUM         67    541 AM  46    1997  60      7       63
                                      1965
  AVERAGE         76                        71      5       70

PRECIPITATION (IN)
  TODAY            0.00                      0.15  -0.15      T
  MONTH TO DATE    3.75                      2.83   0.92     2.22
  SINCE JUN 1     12.77                      6.71   6.06     7.02
  SINCE JAN 1     27.75                     21.50   6.25    22.11

SNOWFALL (IN)
  TODAY            0.0                       0.0    0.0      0.0
  MONTH TO DATE    0.0                       0.0    0.0      0.0
  SINCE JUN 1      0.0                       0.0    0.0      0.0
  SINCE JUL 1      0.0                       0.0    0.0      0.0
  SNOW DEPTH       0

DEGREE DAYS
 HEATING
  TODAY            0                         0      0        0
  MONTH TO DATE    7                         8     -1       16
  SINCE JUN 1     49                        77    -28       44
  SINCE JUL 1      7                         8     -1       16

 COOLING
  TODAY           11                         6      5        5
  MONTH TO DATE  102                       120    -18       90
  SINCE JUN 1    212                       230    -18      243
  SINCE JAN 1    324                       269     55      298
..................................................................


WIND (MPH)
  HIGHEST WIND SPEED    15   HIGHEST WIND DIRECTION    SW (240)
  HIGHEST GUST SPEED    18   HIGHEST GUST DIRECTION    SW (240)


SKY COVER
  POSSIBLE SUNSHINE  MM
  AVERAGE SKY COVER 0.6


WEATHER CONDITIONS
 THE FOLLOWING WEATHER WAS RECORDED TODAY.
  NO SIGNIFICANT WEATHER WAS OBSERVED.


RELATIVE HUMIDITY (PERCENT)
 HIGHEST    93           300 AM
 LOWEST     46           400 PM
 AVERAGE    70

..........................................................


THE YOUNGSTOWN OH CLIMATE NORMALS FOR TOMORROW
                         NORMAL    RECORD    YEAR
 MAXIMUM TEMPERATURE (F)   82        99      1934
 MINIMUM TEMPERATURE (F)   60        46      1965


SUNRISE AND SUNSET
JULY 20 2015..........SUNRISE   607 AM EDT   SUNSET   851 PM EDT
JULY 21 2015..........SUNRISE   607 AM EDT   SUNSET   850 PM EDT


-  INDICATES NEGATIVE NUMBERS.
R  INDICATES RECORD WAS SET OR TIED.
MM INDICATES DATA IS MISSING.
T  INDICATES TRACE AMOUNT.




$$
