000
CDUS41 KCLE 120545
CLIYNG


CLIMATE REPORT
NATIONAL WEATHER SERVICE CLEVELAND OH
145 AM EDT SUN OCT 12 2014


...................................

...THE YOUNGSTOWN OH CLIMATE SUMMARY FOR OCTOBER 11 2014...

CLIMATE NORMAL PERIOD 1981 TO 2010
CLIMATE RECORD PERIOD 1897 TO 2014


WEATHER ITEM   OBSERVED TIME   RECORD YEAR NORMAL DEPARTURE LAST
                VALUE   (LST)  VALUE       VALUE  FROM      YEAR
                                                  NORMAL
..................................................................
TEMPERATURE (F)
 YESTERDAY
  MAXIMUM         56    341 PM  84    1939  62     -6       74
  MINIMUM         33   1152 PM  27    1964  43    -10       43
  AVERAGE         45                        52     -7       59

PRECIPITATION (IN)
  YESTERDAY        0.00                      0.09  -0.09     0.00
  MONTH TO DATE    1.21                      1.06   0.15     0.77
  SINCE SEP 1      3.11                      4.81  -1.70     2.98
  SINCE JAN 1     32.67                     31.03   1.64    30.20

SNOWFALL (IN)
  YESTERDAY        0.0                       0.0    0.0      0.0
  MONTH TO DATE    T                         0.1   -0.1      0.0
  SINCE SEP 1      T                         0.1   -0.1      0.0
  SINCE JUL 1      T                         0.1   -0.1      0.0
  SNOW DEPTH       0

DEGREE DAYS
 HEATING
  YESTERDAY       20                        13      7        6
  MONTH TO DATE  140                       125     15       50
  SINCE SEP 1    281                       270     11      201
  SINCE JUL 1    333                       308     25      239

 COOLING
  YESTERDAY        0                         0      0        0
  MONTH TO DATE    0                         3     -3       21
  SINCE SEP 1     53                        55     -2       78
  SINCE JAN 1    530                       541    -11      630
..................................................................


WIND (MPH)
  HIGHEST WIND SPEED    17   HIGHEST WIND DIRECTION     N (340)
  HIGHEST GUST SPEED    22   HIGHEST GUST DIRECTION    NW (330)
  AVERAGE WIND SPEED     8.2


SKY COVER
  POSSIBLE SUNSHINE  MM
  AVERAGE SKY COVER 0.6


WEATHER CONDITIONS
 THE FOLLOWING WEATHER WAS RECORDED YESTERDAY.
  NO SIGNIFICANT WEATHER WAS OBSERVED.


RELATIVE HUMIDITY (PERCENT)
 HIGHEST    92           900 PM
 LOWEST     47           300 PM
 AVERAGE    70

..........................................................


THE YOUNGSTOWN OH CLIMATE NORMALS FOR TODAY
                         NORMAL    RECORD    YEAR
 MAXIMUM TEMPERATURE (F)   62        84      1938
 MINIMUM TEMPERATURE (F)   42        27      1964


SUNRISE AND SUNSET
OCTOBER 12 2014.......SUNRISE   731 AM EDT   SUNSET   647 PM EDT
OCTOBER 13 2014.......SUNRISE   732 AM EDT   SUNSET   645 PM EDT


-  INDICATES NEGATIVE NUMBERS.
R  INDICATES RECORD WAS SET OR TIED.
MM INDICATES DATA IS MISSING.
T  INDICATES TRACE AMOUNT.




$$
