000
CDUS41 KCLE 170527
CLIYNG


CLIMATE REPORT
NATIONAL WEATHER SERVICE CLEVELAND OH
1226 AM EST SAT JAN 17 2015


...................................

...THE YOUNGSTOWN OH CLIMATE SUMMARY FOR JANUARY 16 2015...

CLIMATE NORMAL PERIOD 1981 TO 2010
CLIMATE RECORD PERIOD 1897 TO 2015


WEATHER ITEM   OBSERVED TIME   RECORD YEAR NORMAL DEPARTURE LAST
                VALUE   (LST)  VALUE       VALUE  FROM      YEAR
                                                  NORMAL
..................................................................
TEMPERATURE (F)
 YESTERDAY
  MAXIMUM         30   1240 PM  56    1953  32     -2       31
  MINIMUM         13    924 PM -14    1982  19     -6       20
  AVERAGE         22                        26     -4       26

PRECIPITATION (IN)
  YESTERDAY        T                         0.08  -0.08     0.01
  MONTH TO DATE    2.08                      1.38   0.70     1.77
  SINCE DEC 1      4.40                      4.37   0.03     5.29
  SINCE JAN 1      2.08                      1.38   0.70     1.77

SNOWFALL (IN)
  YESTERDAY        T                         0.6   -0.6      0.3
  MONTH TO DATE   15.2                       8.7    6.5     10.3
  SINCE DEC 1     15.9                      23.7   -7.8     30.8
  SINCE JUL 1     27.5                      28.1   -0.6     44.9
  SNOW DEPTH       5

DEGREE DAYS
 HEATING
  YESTERDAY       43                        40      3       39
  MONTH TO DATE  734                       627    107      642
  SINCE DEC 1   1667                      1704    -37     1704
  SINCE JUL 1   3077                      3033     44     3086

 COOLING
  YESTERDAY        0                         0      0        0
  MONTH TO DATE    0                         0      0        0
  SINCE DEC 1      0                         0      0        0
  SINCE JAN 1      0                         0      0        0
..................................................................


WIND (MPH)
  HIGHEST WIND SPEED    22   HIGHEST WIND DIRECTION     N (340)
  HIGHEST GUST SPEED    26   HIGHEST GUST DIRECTION    NW (330)
  AVERAGE WIND SPEED    10.6


SKY COVER
  POSSIBLE SUNSHINE  MM
  AVERAGE SKY COVER 1.0


WEATHER CONDITIONS
 THE FOLLOWING WEATHER WAS RECORDED YESTERDAY.
  LIGHT SNOW
  FOG
  HAZE


RELATIVE HUMIDITY (PERCENT)
 HIGHEST    80           900 PM
 LOWEST     63          1200 AM
 AVERAGE    72

..........................................................


THE YOUNGSTOWN OH CLIMATE NORMALS FOR TODAY
                         NORMAL    RECORD    YEAR
 MAXIMUM TEMPERATURE (F)   32        58      1952
 MINIMUM TEMPERATURE (F)   19       -19      1982


SUNRISE AND SUNSET
JANUARY 17 2015.......SUNRISE   745 AM EST   SUNSET   521 PM EST
JANUARY 18 2015.......SUNRISE   745 AM EST   SUNSET   522 PM EST


-  INDICATES NEGATIVE NUMBERS.
R  INDICATES RECORD WAS SET OR TIED.
MM INDICATES DATA IS MISSING.
T  INDICATES TRACE AMOUNT.




$$
