054
CDUS41 KCLE 120526
CLIYNG


CLIMATE REPORT
NATIONAL WEATHER SERVICE CLEVELAND OH
126 AM EDT TUE SEP 12 2017


...................................

...THE YOUNGSTOWN OH CLIMATE SUMMARY FOR SEPTEMBER 11 2017...

CLIMATE NORMAL PERIOD 1981 TO 2010
CLIMATE RECORD PERIOD 1897 TO 2017


WEATHER ITEM   OBSERVED TIME   RECORD YEAR NORMAL DEPARTURE LAST
                VALUE   (LST)  VALUE       VALUE  FROM      YEAR
                                                  NORMAL
..................................................................
TEMPERATURE (F)
 YESTERDAY
  MAXIMUM         73    358 PM  93    1931  74     -1       73
  MINIMUM         45    603 AM  34    1995  53     -8       52
                                      1967
  AVERAGE         59                        64     -5       63

PRECIPITATION (IN)
  YESTERDAY        0.00                      0.13  -0.13     0.00
  MONTH TO DATE    0.74                      1.38  -0.64     2.18
  SINCE SEP 1      0.74                      1.38  -0.64     2.18
  SINCE JAN 1     33.46                     27.60   5.86    30.68

SNOWFALL (IN)
  YESTERDAY        0.0                       0.0    0.0      0.0
  MONTH TO DATE    0.0                       0.0    0.0      0.0
  SINCE SEP 1      0.0                       0.0    0.0      0.0
  SINCE JUL 1      0.0                       0.0    0.0      0.0
  SNOW DEPTH       0

DEGREE DAYS
 HEATING
  YESTERDAY        6                         3      3        2
  MONTH TO DATE   65                        26     39        2
  SINCE SEP 1     65                        26     39        2
  SINCE JUL 1     81                        64     17        8

 COOLING
  YESTERDAY        0                         2     -2        0
  MONTH TO DATE    5                        29    -24       66
  SINCE SEP 1      5                        29    -24       66
  SINCE JAN 1    538                       515     23      809
..................................................................


WIND (MPH)
  HIGHEST WIND SPEED    12   HIGHEST WIND DIRECTION     E (70)
  HIGHEST GUST SPEED    16   HIGHEST GUST DIRECTION    NE (60)
  AVERAGE WIND SPEED     6.1


SKY COVER
  POSSIBLE SUNSHINE  MM
  AVERAGE SKY COVER 0.7


WEATHER CONDITIONS
 THE FOLLOWING WEATHER WAS RECORDED YESTERDAY.
  NO SIGNIFICANT WEATHER WAS OBSERVED.


RELATIVE HUMIDITY (PERCENT)
 HIGHEST   100           400 AM
 LOWEST     41           200 PM
 AVERAGE    71

..........................................................


THE YOUNGSTOWN OH CLIMATE NORMALS FOR TODAY
                         NORMAL    RECORD    YEAR
 MAXIMUM TEMPERATURE (F)   74        95      1952
                                             1931
 MINIMUM TEMPERATURE (F)   53        38      1992
                                             1967
                                             1943


SUNRISE AND SUNSET
SEPTEMBER 12 2017.....SUNRISE   700 AM EDT   SUNSET   737 PM EDT
SEPTEMBER 13 2017.....SUNRISE   701 AM EDT   SUNSET   735 PM EDT


-  INDICATES NEGATIVE NUMBERS.
R  INDICATES RECORD WAS SET OR TIED.
MM INDICATES DATA IS MISSING.
T  INDICATES TRACE AMOUNT.




$$
