000
CDUS41 KCLE 270539
CLIYNG


CLIMATE REPORT
NATIONAL WEATHER SERVICE CLEVELAND OH
137 AM EDT THU MAR 27 2014


...................................

...THE YOUNGSTOWN OH CLIMATE SUMMARY FOR MARCH 26 2014...

CLIMATE NORMAL PERIOD 1981 TO 2010
CLIMATE RECORD PERIOD 1897 TO 2014


WEATHER ITEM   OBSERVED TIME   RECORD YEAR NORMAL DEPARTURE LAST
                VALUE   (LST)  VALUE       VALUE  FROM      YEAR
                                                  NORMAL
..................................................................
TEMPERATURE (F)
 YESTERDAY
  MAXIMUM         27    423 PM  79    1945  50    -23       38
  MINIMUM          7R   633 AM  12    2001  31    -24       31
  AVERAGE         17                        40    -23       35

PRECIPITATION (IN)
  YESTERDAY        T                         0.11  -0.11     0.12
  MONTH TO DATE    1.09                      2.41  -1.32     2.58
  SINCE MAR 1      1.09                      2.41  -1.32     2.58
  SINCE JAN 1      5.78                      7.11  -1.33     6.88

SNOWFALL (IN)
  YESTERDAY        T                         0.3   -0.3      1.2
  MONTH TO DATE    6.1                       9.7   -3.6     19.1
  SINCE MAR 1      6.1                       9.7   -3.6     19.1
  SINCE JUL 1     87.1                      58.5   28.6     79.5
  SNOW DEPTH       1

DEGREE DAYS
 HEATING
  YESTERDAY       48                        25     23       30
  MONTH TO DATE  950                       761    189      850
  SINCE MAR 1    950                       761    189      850
  SINCE JUL 1   6018                      5409    609     5292

 COOLING
  YESTERDAY        0                         0      0        0
  MONTH TO DATE    0                         0      0        0
  SINCE MAR 1      0                         0      0        0
  SINCE JAN 1      0                         0      0        0
..................................................................


WIND (MPH)
  HIGHEST WIND SPEED    21   HIGHEST WIND DIRECTION     N (340)
  HIGHEST GUST SPEED    24   HIGHEST GUST DIRECTION    NW (320)
  AVERAGE WIND SPEED     8.8


SKY COVER
  POSSIBLE SUNSHINE  MM
  AVERAGE SKY COVER 0.5


WEATHER CONDITIONS
 THE FOLLOWING WEATHER WAS RECORDED YESTERDAY.
  LIGHT SNOW


RELATIVE HUMIDITY (PERCENT)
 HIGHEST    84          1200 AM
 LOWEST     42           600 PM
 AVERAGE    63

..........................................................


THE YOUNGSTOWN OH CLIMATE NORMALS FOR TODAY
                         NORMAL    RECORD    YEAR
 MAXIMUM TEMPERATURE (F)   50        79      1989
 MINIMUM TEMPERATURE (F)   31        12      1996
                                             1982


SUNRISE AND SUNSET
MARCH 27 2014.........SUNRISE   714 AM EDT   SUNSET   742 PM EDT
MARCH 28 2014.........SUNRISE   713 AM EDT   SUNSET   743 PM EDT


-  INDICATES NEGATIVE NUMBERS.
R  INDICATES RECORD WAS SET OR TIED.
MM INDICATES DATA IS MISSING.
T  INDICATES TRACE AMOUNT.




$$
