000
CDUS41 KCLE 120530
CLIYNG


CLIMATE REPORT
NATIONAL WEATHER SERVICE CLEVELAND OH
1229 AM EST WED NOV 12 2014


...................................

...THE YOUNGSTOWN OH CLIMATE SUMMARY FOR NOVEMBER 11 2014...

CLIMATE NORMAL PERIOD 1981 TO 2010
CLIMATE RECORD PERIOD 1897 TO 2014


WEATHER ITEM   OBSERVED TIME   RECORD YEAR NORMAL DEPARTURE LAST
                VALUE   (LST)  VALUE       VALUE  FROM      YEAR
                                                  NORMAL
..................................................................
TEMPERATURE (F)
 YESTERDAY
  MAXIMUM         68    354 PM  70    1939  51     17       46
  MINIMUM         50   1159 PM  21    1957  35     15       30
                                      1952
  AVERAGE         59                        43     16       38

PRECIPITATION (IN)
  YESTERDAY        0.08                      0.10  -0.02     0.20
  MONTH TO DATE    0.90                      1.12  -0.22     1.15
  SINCE SEP 1      5.89                      7.64  -1.75     6.46
  SINCE JAN 1     35.45                     33.86   1.59    33.68

SNOWFALL (IN)
  YESTERDAY        0.0                       0.1   -0.1      1.4
  MONTH TO DATE    T                         0.7   -0.7      1.8
  SINCE SEP 1      T                         1.5   -1.5      3.0
  SINCE JUL 1      T                         1.5   -1.5      3.0
  SNOW DEPTH       0

DEGREE DAYS
 HEATING
  YESTERDAY        6                        22    -16       27
  MONTH TO DATE  215                       222     -7      231
  SINCE SEP 1    744                       805    -61      751
  SINCE JUL 1    796                       843    -47      789

 COOLING
  YESTERDAY        0                         0      0        0
  MONTH TO DATE    0                         0      0        0
  SINCE SEP 1     56                        58     -2       78
  SINCE JAN 1    533                       544    -11      630
..................................................................


WIND (MPH)
  HIGHEST WIND SPEED    23   HIGHEST WIND DIRECTION     S (200)
  HIGHEST GUST SPEED    31   HIGHEST GUST DIRECTION     S (200)
  AVERAGE WIND SPEED    12.6


SKY COVER
  POSSIBLE SUNSHINE  MM
  AVERAGE SKY COVER 0.6


WEATHER CONDITIONS
 THE FOLLOWING WEATHER WAS RECORDED YESTERDAY.
  LIGHT RAIN
  FOG


RELATIVE HUMIDITY (PERCENT)
 HIGHEST    93          1100 PM
 LOWEST     37           400 PM
 AVERAGE    65

..........................................................


THE YOUNGSTOWN OH CLIMATE NORMALS FOR TODAY
                         NORMAL    RECORD    YEAR
 MAXIMUM TEMPERATURE (F)   51        73      1949
 MINIMUM TEMPERATURE (F)   35        19      1950


SUNRISE AND SUNSET
NOVEMBER 12 2014......SUNRISE   707 AM EST   SUNSET   506 PM EST
NOVEMBER 13 2014......SUNRISE   708 AM EST   SUNSET   505 PM EST


-  INDICATES NEGATIVE NUMBERS.
R  INDICATES RECORD WAS SET OR TIED.
MM INDICATES DATA IS MISSING.
T  INDICATES TRACE AMOUNT.




$$
