707
CDUS41 KCLE 260531
CLIYNG


CLIMATE REPORT
NATIONAL WEATHER SERVICE CLEVELAND OH
1230 AM EST TUE JAN 26 2016


...................................

...THE YOUNGSTOWN OH CLIMATE SUMMARY FOR JANUARY 25 2016...

CLIMATE NORMAL PERIOD 1981 TO 2010
CLIMATE RECORD PERIOD 1897 TO 2016


WEATHER ITEM   OBSERVED TIME   RECORD YEAR NORMAL DEPARTURE LAST
                VALUE   (LST)  VALUE       VALUE  FROM      YEAR
                                                  NORMAL
..................................................................
TEMPERATURE (F)
 YESTERDAY
  MAXIMUM         44    355 PM  71    1950  33     11       33
  MINIMUM         23    809 AM -15    1897  19      4       19
  AVERAGE         34                        26      8       26

PRECIPITATION (IN)
  YESTERDAY        T                         0.08  -0.08     0.12
  MONTH TO DATE    1.27                      2.10  -0.83     2.55
  SINCE DEC 1      5.46                      5.09   0.37     4.87
  SINCE JAN 1      1.27                      2.10  -0.83     2.55

SNOWFALL (IN)
  YESTERDAY        0.0                       0.5   -0.5      2.0
  MONTH TO DATE   10.1                      13.5   -3.4     20.8
  SINCE DEC 1     10.9                      28.5  -17.6     21.5
  SINCE JUL 1     11.3                      32.9  -21.6     33.1
  SNOW DEPTH       1

DEGREE DAYS
 HEATING
  YESTERDAY       31                        39     -8       39
  MONTH TO DATE 1021                       981     40     1064
  SINCE DEC 1   1711                      2058   -347     1997
  SINCE JUL 1   2713                      3387   -674     3407

 COOLING
  YESTERDAY        0                         0      0        0
  MONTH TO DATE    0                         0      0        0
  SINCE DEC 1      0                         0      0        0
  SINCE JAN 1      0                         0      0        0
..................................................................


WIND (MPH)
  HIGHEST WIND SPEED    16   HIGHEST WIND DIRECTION     S (160)
  HIGHEST GUST SPEED    25   HIGHEST GUST DIRECTION     S (170)
  AVERAGE WIND SPEED     9.2


SKY COVER
  POSSIBLE SUNSHINE  MM
  AVERAGE SKY COVER 0.8


WEATHER CONDITIONS
 THE FOLLOWING WEATHER WAS RECORDED YESTERDAY.
  LIGHT RAIN


RELATIVE HUMIDITY (PERCENT)
 HIGHEST    74           800 AM
 LOWEST     33           300 PM
 AVERAGE    54

..........................................................


THE YOUNGSTOWN OH CLIMATE NORMALS FOR TODAY
                         NORMAL    RECORD    YEAR
 MAXIMUM TEMPERATURE (F)   33        67      1950
 MINIMUM TEMPERATURE (F)   19        -5      1897


SUNRISE AND SUNSET
JANUARY 26 2016.......SUNRISE   740 AM EST   SUNSET   531 PM EST
JANUARY 27 2016.......SUNRISE   739 AM EST   SUNSET   532 PM EST


-  INDICATES NEGATIVE NUMBERS.
R  INDICATES RECORD WAS SET OR TIED.
MM INDICATES DATA IS MISSING.
T  INDICATES TRACE AMOUNT.




$$
