000
CDUS41 KCLE 200542
CLIYNG


CLIMATE REPORT
NATIONAL WEATHER SERVICE CLEVELAND OH
133 AM EDT SAT SEP 20 2014


...................................

...THE YOUNGSTOWN OH CLIMATE SUMMARY FOR SEPTEMBER 19 2014...

CLIMATE NORMAL PERIOD 1981 TO 2010
CLIMATE RECORD PERIOD 1897 TO 2014


WEATHER ITEM   OBSERVED TIME   RECORD YEAR NORMAL DEPARTURE LAST
                VALUE   (LST)  VALUE       VALUE  FROM      YEAR
                                                  NORMAL
..................................................................
TEMPERATURE (F)
 YESTERDAY
  MAXIMUM         69    512 PM  90    1935  71     -2       73
                                      1932
  MINIMUM         41    545 AM  35    1959  50     -9       59
  AVERAGE         55                        61     -6       66

PRECIPITATION (IN)
  YESTERDAY        0.00                      0.13  -0.13      T
  MONTH TO DATE    1.53                      2.41  -0.88     1.13
  SINCE SEP 1      1.53                      2.41  -0.88     1.13
  SINCE JAN 1     31.09                     28.63   2.46    28.35

SNOWFALL (IN)
  YESTERDAY        0.0                       0.0    0.0      0.0
  MONTH TO DATE    0.0                       0.0    0.0      0.0
  SINCE SEP 1      0.0                       0.0    0.0      0.0
  SINCE JUL 1      0.0                       0.0    0.0      0.0
  SNOW DEPTH       0

DEGREE DAYS
 HEATING
  YESTERDAY       10                         6      4        0
  MONTH TO DATE   92                        63     29       75
  SINCE SEP 1     92                        63     29       75
  SINCE JUL 1    144                       101     43      113

 COOLING
  YESTERDAY        0                         1     -1        1
  MONTH TO DATE   49                        41      8       53
  SINCE SEP 1     49                        41      8       53
  SINCE JAN 1    526                       527     -1      605
..................................................................


WIND (MPH)
  HIGHEST WIND SPEED    12   HIGHEST WIND DIRECTION    SE (140)
  HIGHEST GUST SPEED    17   HIGHEST GUST DIRECTION     S (170)
  AVERAGE WIND SPEED     5.0


SKY COVER
  POSSIBLE SUNSHINE  MM
  AVERAGE SKY COVER 0.4


WEATHER CONDITIONS
 THE FOLLOWING WEATHER WAS RECORDED YESTERDAY.
  FOG


RELATIVE HUMIDITY (PERCENT)
 HIGHEST   100           100 AM
 LOWEST     48           200 PM
 AVERAGE    74

..........................................................


THE YOUNGSTOWN OH CLIMATE NORMALS FOR TODAY
                         NORMAL    RECORD    YEAR
 MAXIMUM TEMPERATURE (F)   71        89      1978
                                             1932
                                             1931
 MINIMUM TEMPERATURE (F)   50        36      1956


SUNRISE AND SUNSET
SEPTEMBER 20 2014.....SUNRISE   708 AM EDT   SUNSET   723 PM EDT
SEPTEMBER 21 2014.....SUNRISE   709 AM EDT   SUNSET   722 PM EDT


-  INDICATES NEGATIVE NUMBERS.
R  INDICATES RECORD WAS SET OR TIED.
MM INDICATES DATA IS MISSING.
T  INDICATES TRACE AMOUNT.




$$
