000
CDUS41 KCLE 030527
CLIYNG


CLIMATE REPORT
NATIONAL WEATHER SERVICE CLEVELAND OH
126 AM EDT THU APR 3 2014


...................................

...THE YOUNGSTOWN OH CLIMATE SUMMARY FOR APRIL 2 2014...

CLIMATE NORMAL PERIOD 1981 TO 2010
CLIMATE RECORD PERIOD 1897 TO 2014


WEATHER ITEM   OBSERVED TIME   RECORD YEAR NORMAL DEPARTURE LAST
                VALUE   (LST)  VALUE       VALUE  FROM      YEAR
                                                  NORMAL
..................................................................
TEMPERATURE (F)
 YESTERDAY
  MAXIMUM         58        MM  87    2010  53      5       38
  MINIMUM         39        MM  20    1962  34      5       21
                                      1961
  AVERAGE         49                        43      6       30

PRECIPITATION (IN)
  YESTERDAY        0.00                      0.12  -0.12     0.02
  MONTH TO DATE    T                         0.23  -0.23     0.06
  SINCE MAR 1      1.94                      3.17  -1.23     2.77
  SINCE JAN 1      6.63                      7.87  -1.24     7.07

SNOWFALL (IN)
  YESTERDAY        0.0                       0.2   -0.2      0.2
  MONTH TO DATE    0.0                       0.4   -0.4      0.6
  SINCE MAR 1      7.9                      11.3   -3.4     20.5
  SINCE JUL 1     88.9                      60.1   28.8     80.9
  SNOW DEPTH       0

DEGREE DAYS
 HEATING
  YESTERDAY       16                        22     -6       35
  MONTH TO DATE   24                        44    -20       63
  SINCE MAR 1   1102                       920    182     1037
  SINCE JUL 1   6170                      5568    602     5479

 COOLING
  YESTERDAY        0                         0      0        0
  MONTH TO DATE    0                         0      0        0
  SINCE MAR 1      0                         1     -1        0
  SINCE JAN 1      0                         1     -1        0
..................................................................


WIND (MPH)
  HIGHEST WIND SPEED    14   HIGHEST WIND DIRECTION     W (280)
  HIGHEST GUST SPEED    20   HIGHEST GUST DIRECTION     W (280)
  AVERAGE WIND SPEED     7.2


SKY COVER
  POSSIBLE SUNSHINE  MM
  AVERAGE SKY COVER 0.9


WEATHER CONDITIONS
 THE FOLLOWING WEATHER WAS RECORDED YESTERDAY.
  NO SIGNIFICANT WEATHER WAS OBSERVED.


RELATIVE HUMIDITY (PERCENT)
 HIGHEST    60           900 PM
 LOWEST     30           300 PM
 AVERAGE    45

..........................................................


THE YOUNGSTOWN OH CLIMATE NORMALS FOR TODAY
                         NORMAL    RECORD    YEAR
 MAXIMUM TEMPERATURE (F)   54        84      2010
 MINIMUM TEMPERATURE (F)   34        17      1965
                                             1954


SUNRISE AND SUNSET
APRIL  3 2014.........SUNRISE   703 AM EDT   SUNSET   750 PM EDT
APRIL  4 2014.........SUNRISE   701 AM EDT   SUNSET   751 PM EDT


-  INDICATES NEGATIVE NUMBERS.
R  INDICATES RECORD WAS SET OR TIED.
MM INDICATES DATA IS MISSING.
T  INDICATES TRACE AMOUNT.




$$
