000
CDUS41 KCLE 120545
CLIYNG


CLIMATE REPORT
NATIONAL WEATHER SERVICE CLEVELAND OH
145 AM EDT WED APR 12 2017


...................................

...THE YOUNGSTOWN OH CLIMATE SUMMARY FOR APRIL 11 2017...

CLIMATE NORMAL PERIOD 1981 TO 2010
CLIMATE RECORD PERIOD 1897 TO 2017


WEATHER ITEM   OBSERVED TIME   RECORD YEAR NORMAL DEPARTURE LAST
                VALUE   (LST)  VALUE       VALUE  FROM      YEAR
                                                  NORMAL
..................................................................
TEMPERATURE (F)
 YESTERDAY
  MAXIMUM         65    410 AM  82    1977  57      8       53
  MINIMUM         49   1135 PM  22    1975  37     12       40
                                      1970
  AVERAGE         57                        47     10       47

PRECIPITATION (IN)
  YESTERDAY        0.30                      0.11   0.19     0.89
  MONTH TO DATE    1.35                      1.27   0.08     2.59
  SINCE MAR 1      6.39                      4.21   2.18     6.40
  SINCE JAN 1     14.27                      8.91   5.36    11.59

SNOWFALL (IN)
  YESTERDAY        0.0                       0.2   -0.2      0.0
  MONTH TO DATE    2.0                       1.9    0.1      8.8
  SINCE MAR 1     22.1                      12.8    9.3     13.1
  SINCE JUL 1     69.5                      61.6    7.9     44.7
  SNOW DEPTH       0

DEGREE DAYS
 HEATING
  YESTERDAY        8                        18    -10       18
  MONTH TO DATE  171                       222    -51      301
  SINCE MAR 1   1041                      1098    -57      915
  SINCE JUL 1   4825                      5746   -921     4763

 COOLING
  YESTERDAY        0                         0      0        0
  MONTH TO DATE    4                         0      4        0
  SINCE MAR 1      4                         1      3        0
  SINCE JAN 1      4                         1      3        0
..................................................................


WIND (MPH)
  HIGHEST WIND SPEED    21   HIGHEST WIND DIRECTION    NW (310)
  HIGHEST GUST SPEED    26   HIGHEST GUST DIRECTION    SW (230)
  AVERAGE WIND SPEED     8.0


SKY COVER
  POSSIBLE SUNSHINE  MM
  AVERAGE SKY COVER 1.0


WEATHER CONDITIONS
 THE FOLLOWING WEATHER WAS RECORDED YESTERDAY.
  THUNDERSTORM
  RAIN
  LIGHT RAIN
  FOG


RELATIVE HUMIDITY (PERCENT)
 HIGHEST    93          1100 AM
 LOWEST     44           100 AM
 AVERAGE    69

..........................................................


THE YOUNGSTOWN OH CLIMATE NORMALS FOR TODAY
                         NORMAL    RECORD    YEAR
 MAXIMUM TEMPERATURE (F)   58        83      2001
 MINIMUM TEMPERATURE (F)   37        19      1975
                                             1967


SUNRISE AND SUNSET
APRIL 12 2017.........SUNRISE   648 AM EDT   SUNSET   800 PM EDT
APRIL 13 2017.........SUNRISE   646 AM EDT   SUNSET   801 PM EDT


-  INDICATES NEGATIVE NUMBERS.
R  INDICATES RECORD WAS SET OR TIED.
MM INDICATES DATA IS MISSING.
T  INDICATES TRACE AMOUNT.




$$
