000
CDUS41 KCLE 282220
CLIYNG


CLIMATE REPORT
NATIONAL WEATHER SERVICE CLEVELAND OH
519 PM EST SAT JAN 28 2017


...................................

...THE YOUNGSTOWN OH CLIMATE SUMMARY FOR JANUARY 28 2017...
VALID TODAY AS OF 0500 PM LOCAL TIME.

CLIMATE NORMAL PERIOD 1981 TO 2010
CLIMATE RECORD PERIOD 1897 TO 2017


WEATHER ITEM   OBSERVED TIME   RECORD YEAR NORMAL DEPARTURE LAST
                VALUE   (LST)  VALUE       VALUE  FROM      YEAR
                                                  NORMAL
..................................................................
TEMPERATURE (F)
 TODAY
  MAXIMUM         30    244 PM  60    2002  33     -3       42
  MINIMUM         25    913 AM -13    1977  19      6       22
  AVERAGE         28                        26      2       32

PRECIPITATION (IN)
  TODAY            0.02                      0.08  -0.06      T
  MONTH TO DATE    4.92                      2.33   2.59     1.29
  SINCE DEC 1      8.49                      5.32   3.17     5.48
  SINCE JAN 1      4.92                      2.33   2.59     1.29

SNOWFALL (IN)
  TODAY            0.2                       0.6   -0.4       T
  MONTH TO DATE    7.1                      15.1   -8.0     10.1
  SINCE DEC 1     30.4                      30.1    0.3     10.9
  SINCE JUL 1     34.8                      34.5    0.3     11.3
  SNOW DEPTH       1

DEGREE DAYS
 HEATING
  TODAY           37                        39     -2       33
  MONTH TO DATE  886                      1098   -212     1118
  SINCE DEC 1   1965                      2175   -210     1808
  SINCE JUL 1   2937                      3504   -567     2810

 COOLING
  TODAY            0                         0      0        0
  MONTH TO DATE    0                         0      0        0
  SINCE DEC 1      0                         0      0        0
  SINCE JAN 1      0                         0      0        0
..................................................................


WIND (MPH)
  HIGHEST WIND SPEED    24   HIGHEST WIND DIRECTION    SW (240)
  HIGHEST GUST SPEED    28   HIGHEST GUST DIRECTION     W (250)


SKY COVER
  POSSIBLE SUNSHINE  MM
  AVERAGE SKY COVER 1.0


WEATHER CONDITIONS
 THE FOLLOWING WEATHER WAS RECORDED TODAY.
  LIGHT SNOW
  FOG


RELATIVE HUMIDITY (PERCENT)
 HIGHEST    81           200 AM
 LOWEST     69           200 PM
 AVERAGE    75

..........................................................


THE YOUNGSTOWN OH CLIMATE NORMALS FOR TOMORROW
                         NORMAL    RECORD    YEAR
 MAXIMUM TEMPERATURE (F)   33        62      2002
 MINIMUM TEMPERATURE (F)   19       -12      1977


SUNRISE AND SUNSET
JANUARY 28 2017.......SUNRISE   737 AM EST   SUNSET   534 PM EST
JANUARY 29 2017.......SUNRISE   736 AM EST   SUNSET   536 PM EST


-  INDICATES NEGATIVE NUMBERS.
R  INDICATES RECORD WAS SET OR TIED.
MM INDICATES DATA IS MISSING.
T  INDICATES TRACE AMOUNT.




$$
