000
CDUS41 KCLE 120534
CLIYNG


CLIMATE REPORT
NATIONAL WEATHER SERVICE CLEVELAND OH
133 AM EDT SAT JUL 12 2014


...................................

...THE YOUNGSTOWN OH CLIMATE SUMMARY FOR JULY 11 2014...

CLIMATE NORMAL PERIOD 1981 TO 2010
CLIMATE RECORD PERIOD 1897 TO 2014


WEATHER ITEM   OBSERVED TIME   RECORD YEAR NORMAL DEPARTURE LAST
                VALUE   (LST)  VALUE       VALUE  FROM      YEAR
                                                  NORMAL
..................................................................
TEMPERATURE (F)
 YESTERDAY
  MAXIMUM         83    441 PM 100    1936  82      1       76
  MINIMUM         56    357 AM  43    1996  60     -4       58
  AVERAGE         70                        71     -1       67

PRECIPITATION (IN)
  YESTERDAY        0.00                      0.14  -0.14     0.03
  MONTH TO DATE    1.17                      1.51  -0.34     4.90
  SINCE JUN 1      5.97                      5.39   0.58    10.27
  SINCE JAN 1     21.06                     20.18   0.88    22.04

SNOWFALL (IN)
  YESTERDAY        0.0                       0.0    0.0      0.0
  MONTH TO DATE    0.0                       0.0    0.0      0.0
  SINCE JUN 1      0.0                       0.0    0.0       T
  SINCE JUL 1      0.0                       0.0    0.0      0.0
  SNOW DEPTH       0

DEGREE DAYS
 HEATING
  YESTERDAY        0                         0      0        0
  MONTH TO DATE    5                         8     -3        0
  SINCE JUN 1     33                        77    -44       56
  SINCE JUL 1      5                         8     -3        0

 COOLING
  YESTERDAY        5                         6     -1        2
  MONTH TO DATE   58                        66     -8       95
  SINCE JUN 1    211                       176     35      213
  SINCE JAN 1    266                       215     51      301
..................................................................


WIND (MPH)
  HIGHEST WIND SPEED     9   HIGHEST WIND DIRECTION     N (20)
  HIGHEST GUST SPEED    14   HIGHEST GUST DIRECTION    NE (40)
  AVERAGE WIND SPEED     3.4


SKY COVER
  POSSIBLE SUNSHINE  MM
  AVERAGE SKY COVER 0.5


WEATHER CONDITIONS
 THE FOLLOWING WEATHER WAS RECORDED YESTERDAY.
  NO SIGNIFICANT WEATHER WAS OBSERVED.


RELATIVE HUMIDITY (PERCENT)
 HIGHEST    87           500 AM
 LOWEST     43           300 PM
 AVERAGE    65

..........................................................


THE YOUNGSTOWN OH CLIMATE NORMALS FOR TODAY
                         NORMAL    RECORD    YEAR
 MAXIMUM TEMPERATURE (F)   82        99      1936
 MINIMUM TEMPERATURE (F)   60        44      1978


SUNRISE AND SUNSET
JULY 12 2014..........SUNRISE   600 AM EDT   SUNSET   856 PM EDT
JULY 13 2014..........SUNRISE   601 AM EDT   SUNSET   855 PM EDT


-  INDICATES NEGATIVE NUMBERS.
R  INDICATES RECORD WAS SET OR TIED.
MM INDICATES DATA IS MISSING.
T  INDICATES TRACE AMOUNT.




$$
