000
CDUS41 KCLE 020213
CLIYNG


CLIMATE REPORT...CORRECTED
NATIONAL WEATHER SERVICE CLEVELAND OH
1012 PM EDT MON MAY 1 2017


...................................

...THE YOUNGSTOWN OH CLIMATE SUMMARY FOR MAY 1 2017...
VALID TODAY AS OF 0500 PM LOCAL TIME.

CLIMATE NORMAL PERIOD 1981 TO 2010
CLIMATE RECORD PERIOD 1897 TO 2017


WEATHER ITEM   OBSERVED TIME   RECORD YEAR NORMAL DEPARTURE LAST
                VALUE   (LST)  VALUE       VALUE  FROM      YEAR
                                                  NORMAL
..................................................................
TEMPERATURE (F)
 TODAY
  MAXIMUM         74    211 AM  85    1970  65      9       72
  MINIMUM         61    144 PM  25    1978  43     18       49
  AVERAGE         68                        54     14       61

PRECIPITATION (IN)
  TODAY            0.74                      0.11   0.63     0.04
  MONTH TO DATE    0.74                      0.11   0.63     0.04
  SINCE MAR 1      9.62                      6.41   3.21     7.66
  SINCE JAN 1     17.50                     11.11   6.39    12.85

SNOWFALL (IN)
  TODAY            0.0                       0.0    0.0      0.0
  MONTH TO DATE    0.0                       0.0    0.0      0.0
  SINCE MAR 1     22.1                      13.9    8.2     13.1
  SINCE JUL 1     69.5                      62.7    6.8     44.7
  SNOW DEPTH       0

DEGREE DAYS
 HEATING
  TODAY            0                        12    -12        4
  MONTH TO DATE    0                        12    -12        4
  SINCE MAR 1   1181                      1391   -210     1163
  SINCE JUL 1   4965                      6039  -1074     5011

 COOLING
  TODAY            3                         0      3        0
  MONTH TO DATE    3                         0      3        0
  SINCE MAR 1     19                         9     10        0
  SINCE JAN 1     19                         9     10        0
..................................................................


WIND (MPH)
  HIGHEST WIND SPEED    47   HIGHEST WIND DIRECTION    SW (230)
  HIGHEST GUST SPEED    67   HIGHEST GUST DIRECTION    SW (230)


SKY COVER
  POSSIBLE SUNSHINE  MM
  AVERAGE SKY COVER 1.0


WEATHER CONDITIONS
 THE FOLLOWING WEATHER WAS RECORDED TODAY.
  THUNDERSTORM
  HEAVY RAIN
  RAIN
  LIGHT RAIN
  FOG
  FOG W/VISIBILITY <= 1/4 MILE


RELATIVE HUMIDITY (PERCENT)
 HIGHEST    87           900 AM
 LOWEST     53           500 PM
 AVERAGE    70

..........................................................


THE YOUNGSTOWN OH CLIMATE NORMALS FOR TOMORROW
                         NORMAL    RECORD    YEAR
 MAXIMUM TEMPERATURE (F)   65        92      1942
 MINIMUM TEMPERATURE (F)   43        29      1963
                                             1961


SUNRISE AND SUNSET
MAY  1 2017...........SUNRISE   620 AM EDT   SUNSET   820 PM EDT
MAY  2 2017...........SUNRISE   619 AM EDT   SUNSET   821 PM EDT


-  INDICATES NEGATIVE NUMBERS.
R  INDICATES RECORD WAS SET OR TIED.
MM INDICATES DATA IS MISSING.
T  INDICATES TRACE AMOUNT.




$$
