000
CDUS41 KCLE 010525
CLIYNG


CLIMATE REPORT
NATIONAL WEATHER SERVICE CLEVELAND OH
125 AM EDT THU SEP 1 2016


...................................

...THE YOUNGSTOWN OH CLIMATE SUMMARY FOR AUGUST 31 2016...

CLIMATE NORMAL PERIOD 1981 TO 2010
CLIMATE RECORD PERIOD 1897 TO 2016


WEATHER ITEM   OBSERVED TIME   RECORD YEAR NORMAL DEPARTURE LAST
                VALUE   (LST)  VALUE       VALUE  FROM      YEAR
                                                  NORMAL
..................................................................
TEMPERATURE (F)
 YESTERDAY
  MAXIMUM         76   1139 AM  94    1932  78     -2       87
  MINIMUM         64    138 AM  43    1976  56      8       65
                                      1897
  AVERAGE         70                        67      3       76

PRECIPITATION (IN)
  YESTERDAY        1.52                      0.11   1.41     0.00
  MONTH TO DATE    5.23                      3.24   1.99     2.83
  SINCE JUN 1     13.40                     11.43   1.97    15.92
  SINCE JAN 1     28.50                     26.22   2.28    30.90

SNOWFALL (IN)
  YESTERDAY        0.0                       0.0    0.0      0.0
  MONTH TO DATE    0.0                       0.0    0.0      0.0
  SINCE JUN 1      0.0                       0.0    0.0      0.0
  SINCE JUL 1      0.0                       0.0    0.0      0.0
  SNOW DEPTH       0

DEGREE DAYS
 HEATING
  YESTERDAY        0                         2     -2        0
  MONTH TO DATE    0                        27    -27       22
  SINCE JUN 1     40                       107    -67       71
  SINCE JUL 1      6                        38    -32       29

 COOLING
  YESTERDAY        5                         4      1       11
  MONTH TO DATE  287                       152    135      153
  SINCE JUN 1    688                       447    241      448
  SINCE JAN 1    743                       486    257      560
..................................................................


WIND (MPH)
  HIGHEST WIND SPEED    17   HIGHEST WIND DIRECTION    NE (30)
  HIGHEST GUST SPEED    20   HIGHEST GUST DIRECTION    NE (30)
  AVERAGE WIND SPEED     3.6


SKY COVER
  POSSIBLE SUNSHINE  MM
  AVERAGE SKY COVER 1.0


WEATHER CONDITIONS
 THE FOLLOWING WEATHER WAS RECORDED YESTERDAY.
  HEAVY RAIN
  RAIN
  LIGHT RAIN
  FOG


RELATIVE HUMIDITY (PERCENT)
 HIGHEST    93           200 PM
 LOWEST     66           300 AM
 AVERAGE    80

..........................................................


THE YOUNGSTOWN OH CLIMATE NORMALS FOR TODAY
                         NORMAL    RECORD    YEAR
 MAXIMUM TEMPERATURE (F)   78        97      1932
 MINIMUM TEMPERATURE (F)   56        40      1967


SUNRISE AND SUNSET
SEPTEMBER  1 2016.....SUNRISE   650 AM EDT   SUNSET   755 PM EDT
SEPTEMBER  2 2016.....SUNRISE   651 AM EDT   SUNSET   753 PM EDT


-  INDICATES NEGATIVE NUMBERS.
R  INDICATES RECORD WAS SET OR TIED.
MM INDICATES DATA IS MISSING.
T  INDICATES TRACE AMOUNT.




$$
