694
CDUS41 KCLE 160535
CLIYNG


CLIMATE REPORT
NATIONAL WEATHER SERVICE CLEVELAND OH
134 AM EDT MON MAY 16 2016


...................................

...THE YOUNGSTOWN OH CLIMATE SUMMARY FOR MAY 15 2016...

CLIMATE NORMAL PERIOD 1981 TO 2010
CLIMATE RECORD PERIOD 1897 TO 2016


WEATHER ITEM   OBSERVED TIME   RECORD YEAR NORMAL DEPARTURE LAST
                VALUE   (LST)  VALUE       VALUE  FROM      YEAR
                                                  NORMAL
..................................................................
TEMPERATURE (F)
 YESTERDAY
  MAXIMUM         47    449 PM  87    1991  69    -22       77
                                      1962
  MINIMUM         34    729 AM  33    1969  46    -12       50
  AVERAGE         41                        58    -17       64

PRECIPITATION (IN)
  YESTERDAY        0.19                      0.13   0.06     0.03
  MONTH TO DATE    1.86                      1.75   0.11     1.07
  SINCE MAR 1      9.48                      8.05   1.43     6.28
  SINCE JAN 1     14.67                     12.75   1.92    11.51

SNOWFALL (IN)
  YESTERDAY        0.2                       0.0    0.2      0.0
  MONTH TO DATE    0.2                       0.0    0.2      0.0
  SINCE MAR 1     13.3                      13.9   -0.6      9.5
  SINCE JUL 1     44.9                      62.7  -17.8     79.0
  SNOW DEPTH       0

DEGREE DAYS
 HEATING
  YESTERDAY       24                         8     16        1
  MONTH TO DATE  165                       149     16       68
  SINCE MAR 1   1324                      1528   -204     1499
  SINCE JUL 1   5172                      6176  -1004     6617

 COOLING
  YESTERDAY        0                         1     -1        0
  MONTH TO DATE    0                         8     -8       47
  SINCE MAR 1      0                        17    -17       47
  SINCE JAN 1      0                        17    -17       47
..................................................................


WIND (MPH)
  HIGHEST WIND SPEED    26   HIGHEST WIND DIRECTION     W (270)
  HIGHEST GUST SPEED    33   HIGHEST GUST DIRECTION     W (280)
  AVERAGE WIND SPEED    11.2


SKY COVER
  POSSIBLE SUNSHINE  MM
  AVERAGE SKY COVER 0.9


WEATHER CONDITIONS
 THE FOLLOWING WEATHER WAS RECORDED YESTERDAY.
  RAIN
  LIGHT RAIN
  SNOW
  LIGHT SNOW
  SLEET
  FOG


RELATIVE HUMIDITY (PERCENT)
 HIGHEST    92           200 AM
 LOWEST     38           500 PM
 AVERAGE    65

..........................................................


THE YOUNGSTOWN OH CLIMATE NORMALS FOR TODAY
                         NORMAL    RECORD    YEAR
 MAXIMUM TEMPERATURE (F)   69        89      1962
 MINIMUM TEMPERATURE (F)   47        30      1956


SUNRISE AND SUNSET
MAY 16 2016...........SUNRISE   603 AM EDT   SUNSET   836 PM EDT
MAY 17 2016...........SUNRISE   602 AM EDT   SUNSET   837 PM EDT


-  INDICATES NEGATIVE NUMBERS.
R  INDICATES RECORD WAS SET OR TIED.
MM INDICATES DATA IS MISSING.
T  INDICATES TRACE AMOUNT.




$$
