000
CDUS41 KCLE 312112
CLIYNG


CLIMATE REPORT
NATIONAL WEATHER SERVICE CLEVELAND OH
511 PM EDT FRI MAR 31 2017


...................................

...THE YOUNGSTOWN OH CLIMATE SUMMARY FOR MARCH 31 2017...
VALID TODAY AS OF 0500 PM LOCAL TIME.

CLIMATE NORMAL PERIOD 1981 TO 2010
CLIMATE RECORD PERIOD 1897 TO 2017


WEATHER ITEM   OBSERVED TIME   RECORD YEAR NORMAL DEPARTURE LAST
                VALUE   (LST)  VALUE       VALUE  FROM      YEAR
                                                  NORMAL
..................................................................
TEMPERATURE (F)
 TODAY
  MAXIMUM         51    244 PM  81    1998  52     -1       68
  MINIMUM         46   1231 AM  14    1969  33     13       57
                                      1964
  AVERAGE         49                        43      6       63

PRECIPITATION (IN)
  TODAY            0.69                      0.11   0.58     0.23
  MONTH TO DATE    4.60                      2.94   1.66     3.81
  SINCE MAR 1      4.60                      2.94   1.66     3.81
  SINCE JAN 1     12.48                      7.64   4.84     9.00

SNOWFALL (IN)
  TODAY            0.0                       0.2   -0.2      0.0
  MONTH TO DATE   20.1                      10.9    9.2      4.3
  SINCE MAR 1     20.1                      10.9    9.2      4.3
  SINCE JUL 1     67.5                      59.7    7.8     35.9
  SNOW DEPTH       0

DEGREE DAYS
 HEATING
  TODAY           16                        23     -7        2
  MONTH TO DATE  866                       878    -12      614
  SINCE MAR 1    866                       876    -10      614
  SINCE JUL 1   4650                      5524   -874     4462

 COOLING
  TODAY            0                         0      0        0
  MONTH TO DATE    0                         1     -1        0
  SINCE MAR 1      0                         1     -1        0
  SINCE JAN 1      0                         1     -1        0
..................................................................


WIND (MPH)
  HIGHEST WIND SPEED    20   HIGHEST WIND DIRECTION    SE (120)
  HIGHEST GUST SPEED    24   HIGHEST GUST DIRECTION    SE (120)


SKY COVER
  POSSIBLE SUNSHINE  MM
  AVERAGE SKY COVER 0.9


WEATHER CONDITIONS
 THE FOLLOWING WEATHER WAS RECORDED TODAY.
  THUNDERSTORM
  RAIN
  LIGHT RAIN
  FOG


RELATIVE HUMIDITY (PERCENT)
 HIGHEST    93           300 AM
 LOWEST     86           200 AM
 AVERAGE    90

..........................................................


THE YOUNGSTOWN OH CLIMATE NORMALS FOR TOMORROW
                         NORMAL    RECORD    YEAR
 MAXIMUM TEMPERATURE (F)   53        83      2010
 MINIMUM TEMPERATURE (F)   33        14      1964


SUNRISE AND SUNSET
MARCH 31 2017.........SUNRISE   707 AM EDT   SUNSET   747 PM EDT
APRIL  1 2017.........SUNRISE   705 AM EDT   SUNSET   748 PM EDT


-  INDICATES NEGATIVE NUMBERS.
R  INDICATES RECORD WAS SET OR TIED.
MM INDICATES DATA IS MISSING.
T  INDICATES TRACE AMOUNT.




$$
