000
CDUS41 KCLE 280534
CLIYNG


CLIMATE REPORT
NATIONAL WEATHER SERVICE CLEVELAND OH
133 AM EDT FRI MAR 28 2014


...................................

...THE YOUNGSTOWN OH CLIMATE SUMMARY FOR MARCH 27 2014...

CLIMATE NORMAL PERIOD 1981 TO 2010
CLIMATE RECORD PERIOD 1897 TO 2014


WEATHER ITEM   OBSERVED TIME   RECORD YEAR NORMAL DEPARTURE LAST
                VALUE   (LST)  VALUE       VALUE  FROM      YEAR
                                                  NORMAL
..................................................................
TEMPERATURE (F)
 YESTERDAY
  MAXIMUM         50   1014 PM  79    1989  50      0       42
  MINIMUM         15   1202 AM  12    1996  31    -16       31
                                      1982
  AVERAGE         33                        41     -8       37

PRECIPITATION (IN)
  YESTERDAY        0.16                      0.10   0.06     0.07
  MONTH TO DATE    1.25                      2.51  -1.26     2.65
  SINCE MAR 1      1.25                      2.51  -1.26     2.65
  SINCE JAN 1      5.94                      7.21  -1.27     6.95

SNOWFALL (IN)
  YESTERDAY        T                         0.3   -0.3      0.7
  MONTH TO DATE    6.1                      10.0   -3.9     19.8
  SINCE MAR 1      6.1                      10.0   -3.9     19.8
  SINCE JUL 1     87.1                      58.8   28.3     80.2
  SNOW DEPTH       0

DEGREE DAYS
 HEATING
  YESTERDAY       32                        24      8       28
  MONTH TO DATE  982                       785    197      878
  SINCE MAR 1    982                       785    197      878
  SINCE JUL 1   6050                      5433    617     5320

 COOLING
  YESTERDAY        0                         0      0        0
  MONTH TO DATE    0                         0      0        0
  SINCE MAR 1      0                         0      0        0
  SINCE JAN 1      0                         0      0        0
..................................................................


WIND (MPH)
  HIGHEST WIND SPEED    15   HIGHEST WIND DIRECTION     S (160)
  HIGHEST GUST SPEED    23   HIGHEST GUST DIRECTION     S (160)
  AVERAGE WIND SPEED    10.0


SKY COVER
  POSSIBLE SUNSHINE  MM
  AVERAGE SKY COVER 0.8


WEATHER CONDITIONS
 THE FOLLOWING WEATHER WAS RECORDED YESTERDAY.
  RAIN
  LIGHT RAIN
  SLEET


RELATIVE HUMIDITY (PERCENT)
 HIGHEST    67          1200 AM
 LOWEST     25           400 PM
 AVERAGE    46

..........................................................


THE YOUNGSTOWN OH CLIMATE NORMALS FOR TODAY
                         NORMAL    RECORD    YEAR
 MAXIMUM TEMPERATURE (F)   51        78      1998
                                             1989
 MINIMUM TEMPERATURE (F)   32        10      1982


SUNRISE AND SUNSET
MARCH 28 2014.........SUNRISE   713 AM EDT   SUNSET   743 PM EDT
MARCH 29 2014.........SUNRISE   711 AM EDT   SUNSET   745 PM EDT


-  INDICATES NEGATIVE NUMBERS.
R  INDICATES RECORD WAS SET OR TIED.
MM INDICATES DATA IS MISSING.
T  INDICATES TRACE AMOUNT.




$$
