000
CDUS41 KCLE 042115
CLIYNG


CLIMATE REPORT
NATIONAL WEATHER SERVICE CLEVELAND OH
514 PM EDT FRI AUG 4 2017


...................................

...THE YOUNGSTOWN OH CLIMATE SUMMARY FOR AUGUST 4 2017...
VALID TODAY AS OF 0500 PM LOCAL TIME.

CLIMATE NORMAL PERIOD 1981 TO 2010
CLIMATE RECORD PERIOD 1897 TO 2017


WEATHER ITEM   OBSERVED TIME   RECORD YEAR NORMAL DEPARTURE LAST
                VALUE   (LST)  VALUE       VALUE  FROM      YEAR
                                                  NORMAL
..................................................................
TEMPERATURE (F)
 TODAY
  MAXIMUM         82   1248 PM 100    1930  81      1       84
  MINIMUM         65    359 PM  49    1970  60      5       66
                                      1966
  AVERAGE         74                        70      4       75

PRECIPITATION (IN)
  TODAY            0.79                      0.11   0.68     0.00
  MONTH TO DATE    0.87                      0.46   0.41     0.12
  SINCE JUN 1     10.25                      8.65   1.60     8.29
  SINCE JAN 1     31.55                     23.44   8.11    23.39

SNOWFALL (IN)
  TODAY            0.0                       0.0    0.0      0.0
  MONTH TO DATE    0.0                       0.0    0.0      0.0
  SINCE JUN 1      0.0                       0.0    0.0      0.0
  SINCE JUL 1      0.0                       0.0    0.0      0.0
  SNOW DEPTH       0

DEGREE DAYS
 HEATING
  TODAY            0                         0      0        0
  MONTH TO DATE    0                         0      0        0
  SINCE JUN 1     44                        82    -38       40
  SINCE JUL 1      0                        13    -13        6

 COOLING
  TODAY            9                         6      3       10
  MONTH TO DATE   31                        24      7       37
  SINCE JUN 1    398                       319     79      438
  SINCE JAN 1    447                       358     89      493
..................................................................


WIND (MPH)
  HIGHEST WIND SPEED    39   HIGHEST WIND DIRECTION    SW (240)
  HIGHEST GUST SPEED    50   HIGHEST GUST DIRECTION    SW (240)


SKY COVER
  POSSIBLE SUNSHINE  MM
  AVERAGE SKY COVER 0.8


WEATHER CONDITIONS
 THE FOLLOWING WEATHER WAS RECORDED TODAY.
  THUNDERSTORM
  HEAVY RAIN
  LIGHT RAIN
  FOG


RELATIVE HUMIDITY (PERCENT)
 HIGHEST    84           400 AM
 LOWEST     62          1000 AM
 AVERAGE    73

..........................................................


THE YOUNGSTOWN OH CLIMATE NORMALS FOR TOMORROW
                         NORMAL    RECORD    YEAR
 MAXIMUM TEMPERATURE (F)   81        95      1955
 MINIMUM TEMPERATURE (F)   59        44      1972
                                             1951


SUNRISE AND SUNSET
AUGUST  4 2017........SUNRISE   621 AM EDT   SUNSET   836 PM EDT
AUGUST  5 2017........SUNRISE   622 AM EDT   SUNSET   834 PM EDT


-  INDICATES NEGATIVE NUMBERS.
R  INDICATES RECORD WAS SET OR TIED.
MM INDICATES DATA IS MISSING.
T  INDICATES TRACE AMOUNT.




$$
