000
CDUS41 KCLE 060541
CLIYNG


CLIMATE REPORT
NATIONAL WEATHER SERVICE CLEVELAND OH
127 AM EDT SAT AUG 6 2016


...................................

...THE YOUNGSTOWN OH CLIMATE SUMMARY FOR AUGUST 5 2016...

CLIMATE NORMAL PERIOD 1981 TO 2010
CLIMATE RECORD PERIOD 1897 TO 2016


WEATHER ITEM   OBSERVED TIME   RECORD YEAR NORMAL DEPARTURE LAST
                VALUE   (LST)  VALUE       VALUE  FROM      YEAR
                                                  NORMAL
..................................................................
TEMPERATURE (F)
 YESTERDAY
  MAXIMUM         89    323 PM  95    1955  81      8       79
  MINIMUM         69    556 AM  44    1972  59     10       56
                                      1951
  AVERAGE         79                        70      9       68

PRECIPITATION (IN)
  YESTERDAY        T                         0.11  -0.11     0.00
  MONTH TO DATE    0.12                      0.57  -0.45     0.00
  SINCE JUN 1      8.29                      8.76  -0.47    13.09
  SINCE JAN 1     23.39                     23.55  -0.16    28.07

SNOWFALL (IN)
  YESTERDAY        0.0                       0.0    0.0      0.0
  MONTH TO DATE    0.0                       0.0    0.0      0.0
  SINCE JUN 1      0.0                       0.0    0.0      0.0
  SINCE JUL 1      0.0                       0.0    0.0      0.0
  SNOW DEPTH       0

DEGREE DAYS
 HEATING
  YESTERDAY        0                         0      0        0
  MONTH TO DATE    0                         0      0        0
  SINCE JUN 1     40                        82    -42       49
  SINCE JUL 1      6                        13     -7        7

 COOLING
  YESTERDAY       14                         6      8        3
  MONTH TO DATE   51                        30     21       32
  SINCE JUN 1    452                       325    127      327
  SINCE JAN 1    507                       364    143      439
..................................................................


WIND (MPH)
  HIGHEST WIND SPEED    16   HIGHEST WIND DIRECTION    NW (310)
  HIGHEST GUST SPEED    20   HIGHEST GUST DIRECTION     S (190)
  AVERAGE WIND SPEED     6.6


SKY COVER
  POSSIBLE SUNSHINE  MM
  AVERAGE SKY COVER 0.6


WEATHER CONDITIONS
 THE FOLLOWING WEATHER WAS RECORDED YESTERDAY.
  NO SIGNIFICANT WEATHER WAS OBSERVED.


RELATIVE HUMIDITY (PERCENT)
 HIGHEST    90           600 AM
 LOWEST     50           300 PM
 AVERAGE    70

..........................................................


THE YOUNGSTOWN OH CLIMATE NORMALS FOR TODAY
                         NORMAL    RECORD    YEAR
 MAXIMUM TEMPERATURE (F)   81        94      1931
 MINIMUM TEMPERATURE (F)   59        40      1994


SUNRISE AND SUNSET
AUGUST  6 2016........SUNRISE   623 AM EDT   SUNSET   833 PM EDT
AUGUST  7 2016........SUNRISE   624 AM EDT   SUNSET   832 PM EDT


-  INDICATES NEGATIVE NUMBERS.
R  INDICATES RECORD WAS SET OR TIED.
MM INDICATES DATA IS MISSING.
T  INDICATES TRACE AMOUNT.




$$
