303
CDUS41 KCLE 090529
CLIYNG


CLIMATE REPORT
NATIONAL WEATHER SERVICE CLEVELAND OH
1228 AM EST FRI FEB 9 2018


...................................

...THE YOUNGSTOWN OH CLIMATE SUMMARY FOR FEBRUARY 8 2018...

CLIMATE NORMAL PERIOD 1981 TO 2010
CLIMATE RECORD PERIOD 1897 TO 2018


WEATHER ITEM   OBSERVED TIME   RECORD YEAR NORMAL DEPARTURE LAST
                VALUE   (LST)  VALUE       VALUE  FROM      YEAR
                                                  NORMAL
..................................................................
TEMPERATURE (F)
 YESTERDAY
  MAXIMUM         23    409 PM  57    2001  35    -12       55
  MINIMUM          5   1159 PM  -9    1977  20    -15       26
  AVERAGE         14                        27    -13       41

PRECIPITATION (IN)
  YESTERDAY        T                         0.07  -0.07     0.09
  MONTH TO DATE    0.80                      0.60   0.20     1.05
  SINCE DEC 1      6.05                      6.14  -0.09     9.97
  SINCE JAN 1      3.94                      3.15   0.79     6.40

SNOWFALL (IN)
  YESTERDAY        0.2                       0.5   -0.3      1.3
  MONTH TO DATE   13.5                       3.7    9.8      2.0
  SINCE DEC 1     55.6                      35.3   20.3     38.9
  SINCE JUL 1     56.6                      39.7   16.9     43.3
  SNOW DEPTH       7

DEGREE DAYS
 HEATING
  YESTERDAY       51                        38     13       24
  MONTH TO DATE  349                       307     42      257
  SINCE DEC 1   2749                      2601    148     2338
  SINCE JUL 1   3847                      3930    -83     3310

 COOLING
  YESTERDAY        0                         0      0        0
  MONTH TO DATE    0                         0      0        0
  SINCE DEC 1      0                         0      0        0
  SINCE JAN 1      0                         0      0        0
..................................................................


WIND (MPH)
  HIGHEST WIND SPEED    20   HIGHEST WIND DIRECTION    SW (240)
  HIGHEST GUST SPEED    25   HIGHEST GUST DIRECTION    SW (220)
  AVERAGE WIND SPEED     8.6


SKY COVER
  POSSIBLE SUNSHINE  MM
  AVERAGE SKY COVER 0.8


WEATHER CONDITIONS
 THE FOLLOWING WEATHER WAS RECORDED YESTERDAY.
  LIGHT SNOW
  FOG


RELATIVE HUMIDITY (PERCENT)
 HIGHEST    88           300 AM
 LOWEST     56           600 PM
 AVERAGE    72

..........................................................


THE YOUNGSTOWN OH CLIMATE NORMALS FOR TODAY
                         NORMAL    RECORD    YEAR
 MAXIMUM TEMPERATURE (F)   35        70      1937
 MINIMUM TEMPERATURE (F)   20       -16      1934


SUNRISE AND SUNSET
FEBRUARY  9 2018......SUNRISE   725 AM EST   SUNSET   549 PM EST
FEBRUARY 10 2018......SUNRISE   724 AM EST   SUNSET   551 PM EST


-  INDICATES NEGATIVE NUMBERS.
R  INDICATES RECORD WAS SET OR TIED.
MM INDICATES DATA IS MISSING.
T  INDICATES TRACE AMOUNT.




$$
