000
CDUS41 KCLE 172214
CLIYNG


CLIMATE REPORT...CORRECTED
NATIONAL WEATHER SERVICE CLEVELAND OH
613 PM EDT WED JUN 17 2015


...................................

...THE YOUNGSTOWN OH CLIMATE SUMMARY FOR JUNE 17 2015...
VALID TODAY AS OF 0500 PM LOCAL TIME.

CLIMATE NORMAL PERIOD 1981 TO 2010
CLIMATE RECORD PERIOD 1897 TO 2015


WEATHER ITEM   OBSERVED TIME   RECORD YEAR NORMAL DEPARTURE LAST
                VALUE   (LST)  VALUE       VALUE  FROM      YEAR
                                                  NORMAL
..................................................................
TEMPERATURE (F)
 TODAY
  MAXIMUM         73    320 PM  95    1994  78     -5       87
  MINIMUM         52    452 AM  35    1980  56     -4       68
  AVERAGE         63                        67     -4       78

PRECIPITATION (IN)
  TODAY            T                         0.14  -0.14      T
  MONTH TO DATE    4.77                      2.19   2.58     1.83
  SINCE JUN 1      4.77                      2.19   2.58     1.83
  SINCE JAN 1     19.75                     16.98   2.77    16.92

SNOWFALL (IN)
  TODAY            0.0                       0.0    0.0      0.0
  MONTH TO DATE    0.0                       0.0    0.0      0.0
  SINCE JUN 1      0.0                       0.0    0.0      0.0
  SINCE JUL 1     79.0                      62.7   16.3     90.1
  SNOW DEPTH       0

DEGREE DAYS
 HEATING
  TODAY            2                         2      0        0
  MONTH TO DATE   32                        53    -21       28
  SINCE JUN 1     32                        53    -21       28
  SINCE JUL 1   6718                      6333    385     6855

 COOLING
  TODAY            0                         4     -4       13
  MONTH TO DATE   69                        47     22       58
  SINCE JUN 1     69                        47     22       58
  SINCE JAN 1    181                        86     95      113
..................................................................


WIND (MPH)
  HIGHEST WIND SPEED    12   HIGHEST WIND DIRECTION     S (170)
  HIGHEST GUST SPEED    18   HIGHEST GUST DIRECTION     S (160)


SKY COVER
  POSSIBLE SUNSHINE  MM
  AVERAGE SKY COVER 1.0


WEATHER CONDITIONS
 THE FOLLOWING WEATHER WAS RECORDED TODAY.
  LIGHT RAIN


RELATIVE HUMIDITY (PERCENT)
 HIGHEST    93           600 AM
 LOWEST     61           400 PM
 AVERAGE    77

..........................................................


THE YOUNGSTOWN OH CLIMATE NORMALS FOR TOMORROW
                         NORMAL    RECORD    YEAR
 MAXIMUM TEMPERATURE (F)   78        95      1994
 MINIMUM TEMPERATURE (F)   56        36      1950


SUNRISE AND SUNSET
JUNE 17 2015..........SUNRISE   549 AM EDT   SUNSET   858 PM EDT
JUNE 18 2015..........SUNRISE   549 AM EDT   SUNSET   858 PM EDT


-  INDICATES NEGATIVE NUMBERS.
R  INDICATES RECORD WAS SET OR TIED.
MM INDICATES DATA IS MISSING.
T  INDICATES TRACE AMOUNT.




$$
