000
CDUS41 KCLE 070528
CLIYNG


CLIMATE REPORT
NATIONAL WEATHER SERVICE CLEVELAND OH
127 AM EDT FRI APR 7 2017


...................................

...THE YOUNGSTOWN OH CLIMATE SUMMARY FOR APRIL 6 2017...

CLIMATE NORMAL PERIOD 1981 TO 2010
CLIMATE RECORD PERIOD 1897 TO 2017


WEATHER ITEM   OBSERVED TIME   RECORD YEAR NORMAL DEPARTURE LAST
                VALUE   (LST)  VALUE       VALUE  FROM      YEAR
                                                  NORMAL
..................................................................
TEMPERATURE (F)
 YESTERDAY
  MAXIMUM         58   1204 AM  87    2010  55      3       63
  MINIMUM         34   1159 PM  18    1982  35     -1       27
  AVERAGE         46                        45      1       45

PRECIPITATION (IN)
  YESTERDAY        0.44                      0.11   0.33     0.22
  MONTH TO DATE    0.88                      0.69   0.19     0.60
  SINCE MAR 1      5.92                      3.63   2.29     4.41
  SINCE JAN 1     13.80                      8.33   5.47     9.60

SNOWFALL (IN)
  YESTERDAY        0.3                       0.1    0.2      0.0
  MONTH TO DATE    0.3                       1.1   -0.8      1.6
  SINCE MAR 1     20.4                      12.0    8.4      5.9
  SINCE JUL 1     67.8                      60.8    7.0     37.5
  SNOW DEPTH       0

DEGREE DAYS
 HEATING
  YESTERDAY       19                        20     -1       20
  MONTH TO DATE   98                       127    -29      156
  SINCE MAR 1    968                      1003    -35      770
  SINCE JUL 1   4752                      5651   -899     4618

 COOLING
  YESTERDAY        0                         0      0        0
  MONTH TO DATE    0                         0      0        0
  SINCE MAR 1      0                         1     -1        0
  SINCE JAN 1      0                         1     -1        0
..................................................................


WIND (MPH)
  HIGHEST WIND SPEED    26   HIGHEST WIND DIRECTION    NW (330)
  HIGHEST GUST SPEED    35   HIGHEST GUST DIRECTION    NW (330)
  AVERAGE WIND SPEED    12.8


SKY COVER
  POSSIBLE SUNSHINE  MM
  AVERAGE SKY COVER 1.0


WEATHER CONDITIONS
 THE FOLLOWING WEATHER WAS RECORDED YESTERDAY.
  RAIN
  LIGHT RAIN
  SNOW
  LIGHT SNOW
  SLEET
  FOG


RELATIVE HUMIDITY (PERCENT)
 HIGHEST    96          1100 PM
 LOWEST     72          1200 PM
 AVERAGE    84

..........................................................


THE YOUNGSTOWN OH CLIMATE NORMALS FOR TODAY
                         NORMAL    RECORD    YEAR
 MAXIMUM TEMPERATURE (F)   56        81      2010
                                             2001
                                             1991
 MINIMUM TEMPERATURE (F)   35        18      1972


SUNRISE AND SUNSET
APRIL  7 2017.........SUNRISE   656 AM EDT   SUNSET   755 PM EDT
APRIL  8 2017.........SUNRISE   654 AM EDT   SUNSET   756 PM EDT


-  INDICATES NEGATIVE NUMBERS.
R  INDICATES RECORD WAS SET OR TIED.
MM INDICATES DATA IS MISSING.
T  INDICATES TRACE AMOUNT.




$$
