000
CDUS41 KCLE 111108
CLIYNG


CLIMATE REPORT
NATIONAL WEATHER SERVICE CLEVELAND OH
707 AM EDT MON MAY 11 2015


...................................

...THE YOUNGSTOWN OH CLIMATE SUMMARY FOR MAY 10 2015...

CLIMATE NORMAL PERIOD 1981 TO 2010
CLIMATE RECORD PERIOD 1897 TO 2015


WEATHER ITEM   OBSERVED TIME   RECORD YEAR NORMAL DEPARTURE LAST
                VALUE   (LST)  VALUE       VALUE  FROM      YEAR
                                                  NORMAL
..................................................................
TEMPERATURE (F)
 YESTERDAY
  MAXIMUM         85    221 PM  87    1936  67     18       67
  MINIMUM         60    507 AM  24    1966  45     15       49
  AVERAGE         73                        56     17       58

PRECIPITATION (IN)
  YESTERDAY        0.18                      0.12   0.06      T
  MONTH TO DATE    0.57                      1.14  -0.57     0.46
  SINCE MAR 1      5.78                      7.44  -1.66     7.31
  SINCE JAN 1     11.01                     12.14  -1.13    12.00

SNOWFALL (IN)
  YESTERDAY        0.0                       0.0    0.0      0.0
  MONTH TO DATE    0.0                       0.0    0.0      0.0
  SINCE MAR 1      9.5                      13.9   -4.4      9.1
  SINCE JUL 1     79.0                      62.7   16.3     90.1
  SNOW DEPTH       0

DEGREE DAYS
 HEATING
  YESTERDAY        0                         9     -9        7
  MONTH TO DATE   26                       105    -79      101
  SINCE MAR 1   1457                      1484    -27     1655
  SINCE JUL 1   6575                      6132    443     6723

 COOLING
  YESTERDAY        8                         1      7        0
  MONTH TO DATE   37                         3     34       13
  SINCE MAR 1     37                        12     25       13
  SINCE JAN 1     37                        12     25       13
..................................................................


WIND (MPH)
  HIGHEST WIND SPEED    22   HIGHEST WIND DIRECTION     S (170)
  HIGHEST GUST SPEED    27   HIGHEST GUST DIRECTION     S (170)
  AVERAGE WIND SPEED     5.8


SKY COVER
  POSSIBLE SUNSHINE  MM
  AVERAGE SKY COVER 0.5


WEATHER CONDITIONS
 THE FOLLOWING WEATHER WAS RECORDED YESTERDAY.
  THUNDERSTORM
  HEAVY RAIN
  LIGHT RAIN
  FOG
  HAZE


RELATIVE HUMIDITY (PERCENT)
 HIGHEST   100           400 AM
 LOWEST     44           300 PM
 AVERAGE    72

..........................................................


THE YOUNGSTOWN OH CLIMATE NORMALS FOR TODAY
                         NORMAL    RECORD    YEAR
 MAXIMUM TEMPERATURE (F)   68        92      1936
 MINIMUM TEMPERATURE (F)   45        28      1966


SUNRISE AND SUNSET
MAY 11 2015...........SUNRISE   609 AM EDT   SUNSET   830 PM EDT
MAY 12 2015...........SUNRISE   607 AM EDT   SUNSET   831 PM EDT


-  INDICATES NEGATIVE NUMBERS.
R  INDICATES RECORD WAS SET OR TIED.
MM INDICATES DATA IS MISSING.
T  INDICATES TRACE AMOUNT.




$$
