000
CDUS41 KCLE 132111
CLIYNG


CLIMATE REPORT
NATIONAL WEATHER SERVICE CLEVELAND OH
511 PM EDT MON MAR 13 2017


...................................

...THE YOUNGSTOWN OH CLIMATE SUMMARY FOR MARCH 13 2017...
VALID TODAY AS OF 0500 PM LOCAL TIME.

CLIMATE NORMAL PERIOD 1981 TO 2010
CLIMATE RECORD PERIOD 1897 TO 2017


WEATHER ITEM   OBSERVED TIME   RECORD YEAR NORMAL DEPARTURE LAST
                VALUE   (LST)  VALUE       VALUE  FROM      YEAR
                                                  NORMAL
..................................................................
TEMPERATURE (F)
 TODAY
  MAXIMUM         32    359 PM  74    1990  44    -12       52
  MINIMUM         15    105 AM   4    2014  27    -12       46
  AVERAGE         24                        36    -12       49

PRECIPITATION (IN)
  TODAY            0.00                      0.09  -0.09     0.23
  MONTH TO DATE    2.28                      1.13   1.15     1.65
  SINCE MAR 1      2.28                      1.13   1.15     1.65
  SINCE JAN 1     10.16                      5.83   4.33     6.84

SNOWFALL (IN)
  TODAY            0.0                       0.4   -0.4      0.0
  MONTH TO DATE   10.7                       5.5    5.2      4.3
  SINCE MAR 1     10.7                       5.5    5.2      4.3
  SINCE JUL 1     58.1                      54.3    3.8     35.9
  SNOW DEPTH       1

DEGREE DAYS
 HEATING
  TODAY           41                        30     11       16
  MONTH TO DATE  427                       411     16      305
  SINCE MAR 1    427                       411     16      305
  SINCE JUL 1   4211                      5059   -848     4153

 COOLING
  TODAY            0                         0      0        0
  MONTH TO DATE    0                         0      0        0
  SINCE MAR 1      0                         0      0        0
  SINCE JAN 1      0                         0      0        0
..................................................................


WIND (MPH)
  HIGHEST WIND SPEED    17   HIGHEST WIND DIRECTION     E (90)
  HIGHEST GUST SPEED    23   HIGHEST GUST DIRECTION     E (90)


SKY COVER
  POSSIBLE SUNSHINE  MM
  AVERAGE SKY COVER 1.0


WEATHER CONDITIONS
 THE FOLLOWING WEATHER WAS RECORDED TODAY.
  NO SIGNIFICANT WEATHER WAS OBSERVED.


RELATIVE HUMIDITY (PERCENT)
 HIGHEST    67           200 AM
 LOWEST     47           200 PM
 AVERAGE    57

..........................................................


THE YOUNGSTOWN OH CLIMATE NORMALS FOR TOMORROW
                         NORMAL    RECORD    YEAR
 MAXIMUM TEMPERATURE (F)   45        79      1990
 MINIMUM TEMPERATURE (F)   27         5      1993


SUNRISE AND SUNSET
MARCH 13 2017.........SUNRISE   737 AM EDT   SUNSET   727 PM EDT
MARCH 14 2017.........SUNRISE   736 AM EDT   SUNSET   729 PM EDT


-  INDICATES NEGATIVE NUMBERS.
R  INDICATES RECORD WAS SET OR TIED.
MM INDICATES DATA IS MISSING.
T  INDICATES TRACE AMOUNT.




$$
