000
CDUS41 KCLE 280544
CLIYNG


CLIMATE REPORT
NATIONAL WEATHER SERVICE CLEVELAND OH
1243 AM EST WED DEC 28 2016


...................................

...THE YOUNGSTOWN OH CLIMATE SUMMARY FOR DECEMBER 27 2016...

CLIMATE NORMAL PERIOD 1981 TO 2010
CLIMATE RECORD PERIOD 1897 TO 2016


WEATHER ITEM   OBSERVED TIME   RECORD YEAR NORMAL DEPARTURE LAST
                VALUE   (LST)  VALUE       VALUE  FROM      YEAR
                                                  NORMAL
..................................................................
TEMPERATURE (F)
 YESTERDAY
  MAXIMUM         51   1218 AM  65    2008  34     17       61
  MINIMUM         33   1159 PM  -4    1950  21     12       35
  AVERAGE         42                        27     15       48

PRECIPITATION (IN)
  YESTERDAY        0.01                      0.10  -0.09     1.58
  MONTH TO DATE    3.08                      2.63   0.45     3.82
  SINCE DEC 1      3.08                      2.63   0.45     3.82
  SINCE JAN 1     43.85                     38.55   5.30    44.01

SNOWFALL (IN)
  YESTERDAY        0.0                       0.5   -0.5      0.0
  MONTH TO DATE   18.5                      12.9    5.6      0.8
  SINCE DEC 1     18.5                      12.9    5.6      0.8
  SINCE JUL 1     22.9                      17.3    5.6      1.2
  SNOW DEPTH       0

DEGREE DAYS
 HEATING
  YESTERDAY       23                        38    -15       17
  MONTH TO DATE  946                       924     22      581
  SINCE DEC 1    946                       924     22      581
  SINCE JUL 1   1918                      2253   -335     1583

 COOLING
  YESTERDAY        0                         0      0        0
  MONTH TO DATE    0                         0      0        0
  SINCE DEC 1      0                         0      0        0
  SINCE JAN 1    879                       544    335      681
..................................................................


WIND (MPH)
  HIGHEST WIND SPEED    23   HIGHEST WIND DIRECTION     W (260)
  HIGHEST GUST SPEED    30   HIGHEST GUST DIRECTION     W (270)
  AVERAGE WIND SPEED    12.9


SKY COVER
  POSSIBLE SUNSHINE  MM
  AVERAGE SKY COVER 0.8


WEATHER CONDITIONS
 THE FOLLOWING WEATHER WAS RECORDED YESTERDAY.
  HEAVY RAIN
  LIGHT RAIN
  FOG


RELATIVE HUMIDITY (PERCENT)
 HIGHEST    89          1200 AM
 LOWEST     64           600 AM
 AVERAGE    77

..........................................................


THE YOUNGSTOWN OH CLIMATE NORMALS FOR TODAY
                         NORMAL    RECORD    YEAR
 MAXIMUM TEMPERATURE (F)   33        69      1982
 MINIMUM TEMPERATURE (F)   21        -7      1950


SUNRISE AND SUNSET
DECEMBER 28 2016......SUNRISE   748 AM EST   SUNSET   501 PM EST
DECEMBER 29 2016......SUNRISE   748 AM EST   SUNSET   502 PM EST


-  INDICATES NEGATIVE NUMBERS.
R  INDICATES RECORD WAS SET OR TIED.
MM INDICATES DATA IS MISSING.
T  INDICATES TRACE AMOUNT.




$$
