000
CDUS41 KCLE 260527
CLIYNG


CLIMATE REPORT
NATIONAL WEATHER SERVICE CLEVELAND OH
1227 AM EST SUN FEB 26 2017


...................................

...THE YOUNGSTOWN OH CLIMATE SUMMARY FOR FEBRUARY 25 2017...

CLIMATE NORMAL PERIOD 1981 TO 2010
CLIMATE RECORD PERIOD 1897 TO 2017


WEATHER ITEM   OBSERVED TIME   RECORD YEAR NORMAL DEPARTURE LAST
                VALUE   (LST)  VALUE       VALUE  FROM      YEAR
                                                  NORMAL
..................................................................
TEMPERATURE (F)
 YESTERDAY
  MAXIMUM         66R  1240 AM  66    2000  39     27       45
                                      1976
  MINIMUM         25   1159 PM  -3    1963  22      3       25
  AVERAGE         46                        30     16       35

PRECIPITATION (IN)
  YESTERDAY        0.67                      0.09   0.58     0.13
  MONTH TO DATE    2.53                      1.90   0.63     3.65
  SINCE DEC 1     11.45                      7.44   4.01     9.25
  SINCE JAN 1      7.88                      4.45   3.43     5.06

SNOWFALL (IN)
  YESTERDAY        0.1                       0.5   -0.4      1.3
  MONTH TO DATE    6.1                      11.4   -5.3     18.6
  SINCE DEC 1     43.0                      43.0    0.0     31.2
  SINCE JUL 1     47.4                      47.4    0.0     31.6
  SNOW DEPTH       0

DEGREE DAYS
 HEATING
  YESTERDAY       19                        34    -15       30
  MONTH TO DATE  653                       923   -270      850
  SINCE DEC 1   2734                      3217   -483     2739
  SINCE JUL 1   3706                      4546   -840     3741

 COOLING
  YESTERDAY        0                         0      0        0
  MONTH TO DATE    0                         0      0        0
  SINCE DEC 1      0                         0      0        0
  SINCE JAN 1      0                         0      0        0
..................................................................


WIND (MPH)
  HIGHEST WIND SPEED    31   HIGHEST WIND DIRECTION     W (250)
  HIGHEST GUST SPEED    43   HIGHEST GUST DIRECTION     W (260)
  AVERAGE WIND SPEED    15.1


SKY COVER
  POSSIBLE SUNSHINE  MM
  AVERAGE SKY COVER 1.0


WEATHER CONDITIONS
 THE FOLLOWING WEATHER WAS RECORDED YESTERDAY.
  THUNDERSTORM
  RAIN
  LIGHT RAIN
  SNOW
  LIGHT SNOW
  FOG


RELATIVE HUMIDITY (PERCENT)
 HIGHEST    93           400 AM
 LOWEST     48          1200 AM
 AVERAGE    71

..........................................................


THE YOUNGSTOWN OH CLIMATE NORMALS FOR TODAY
                         NORMAL    RECORD    YEAR
 MAXIMUM TEMPERATURE (F)   39        73      2000
 MINIMUM TEMPERATURE (F)   23        -8      1963


SUNRISE AND SUNSET
FEBRUARY 26 2017......SUNRISE   701 AM EST   SUNSET   610 PM EST
FEBRUARY 27 2017......SUNRISE   700 AM EST   SUNSET   611 PM EST


-  INDICATES NEGATIVE NUMBERS.
R  INDICATES RECORD WAS SET OR TIED.
MM INDICATES DATA IS MISSING.
T  INDICATES TRACE AMOUNT.




$$
