000
CDUS41 KCLE 300527
CLIYNG


CLIMATE REPORT
NATIONAL WEATHER SERVICE CLEVELAND OH
126 AM EDT SAT APR 30 2016


...................................

...THE YOUNGSTOWN OH CLIMATE SUMMARY FOR APRIL 29 2016...

CLIMATE NORMAL PERIOD 1981 TO 2010
CLIMATE RECORD PERIOD 1897 TO 2016


WEATHER ITEM   OBSERVED TIME   RECORD YEAR NORMAL DEPARTURE LAST
                VALUE   (LST)  VALUE       VALUE  FROM      YEAR
                                                  NORMAL
..................................................................
TEMPERATURE (F)
 YESTERDAY
  MAXIMUM         50    214 PM  85    1942  64    -14       66
  MINIMUM         37   1117 PM  25    1977  42     -5       35
  AVERAGE         44                        53     -9       51

PRECIPITATION (IN)
  YESTERDAY        0.06                      0.10  -0.04     0.00
  MONTH TO DATE    3.48                      3.25   0.23     2.81
  SINCE MAR 1      7.29                      6.19   1.10     5.14
  SINCE JAN 1     12.48                     10.89   1.59    10.37

SNOWFALL (IN)
  YESTERDAY        0.0                       0.0    0.0      0.0
  MONTH TO DATE    8.8                       3.0    5.8      0.9
  SINCE MAR 1     13.1                      13.9   -0.8      9.5
  SINCE JUL 1     44.7                      62.7  -18.0     79.0
  SNOW DEPTH       0

DEGREE DAYS
 HEATING
  YESTERDAY       21                        12      9       14
  MONTH TO DATE  528                       490     38      423
  SINCE MAR 1   1142                      1366   -224     1411
  SINCE JUL 1   4990                      6014  -1024     6529

 COOLING
  YESTERDAY        0                         0      0        0
  MONTH TO DATE    0                         0      0        0
  SINCE MAR 1      0                         1     -1        0
  SINCE JAN 1      0                         1     -1        0
..................................................................


WIND (MPH)
  HIGHEST WIND SPEED    16   HIGHEST WIND DIRECTION    NW (330)
  HIGHEST GUST SPEED    19   HIGHEST GUST DIRECTION    NW (330)
  AVERAGE WIND SPEED     5.6


SKY COVER
  POSSIBLE SUNSHINE  MM
  AVERAGE SKY COVER 0.9


WEATHER CONDITIONS
 THE FOLLOWING WEATHER WAS RECORDED YESTERDAY.
  LIGHT RAIN
  FOG


RELATIVE HUMIDITY (PERCENT)
 HIGHEST    93           800 AM
 LOWEST     82          1000 PM
 AVERAGE    88

..........................................................


THE YOUNGSTOWN OH CLIMATE NORMALS FOR TODAY
                         NORMAL    RECORD    YEAR
 MAXIMUM TEMPERATURE (F)   65        85      1970
                                             1942
 MINIMUM TEMPERATURE (F)   42        27      1978
                                             1958
                                             1931


SUNRISE AND SUNSET
APRIL 30 2016.........SUNRISE   621 AM EDT   SUNSET   819 PM EDT
MAY  1 2016...........SUNRISE   620 AM EDT   SUNSET   820 PM EDT


-  INDICATES NEGATIVE NUMBERS.
R  INDICATES RECORD WAS SET OR TIED.
MM INDICATES DATA IS MISSING.
T  INDICATES TRACE AMOUNT.




$$
