000
CDUS41 KCLE 242111
CLIYNG


CLIMATE REPORT
NATIONAL WEATHER SERVICE CLEVELAND OH
510 PM EDT WED MAY 24 2017


...................................

...THE YOUNGSTOWN OH CLIMATE SUMMARY FOR MAY 24 2017...
VALID TODAY AS OF 0500 PM LOCAL TIME.

CLIMATE NORMAL PERIOD 1981 TO 2010
CLIMATE RECORD PERIOD 1897 TO 2017


WEATHER ITEM   OBSERVED TIME   RECORD YEAR NORMAL DEPARTURE LAST
                VALUE   (LST)  VALUE       VALUE  FROM      YEAR
                                                  NORMAL
..................................................................
TEMPERATURE (F)
 TODAY
  MAXIMUM         67    232 PM  88    1933  71     -4       80
  MINIMUM         56    708 AM  25    1963  49      7       46
  AVERAGE         62                        60      2       63

PRECIPITATION (IN)
  TODAY            0.12                      0.14  -0.02     0.00
  MONTH TO DATE    2.66                      2.89  -0.23     2.29
  SINCE MAR 1     11.54                      9.19   2.35     9.91
  SINCE JAN 1     19.42                     13.89   5.53    15.10

SNOWFALL (IN)
  TODAY            0.0                       0.0    0.0      0.0
  MONTH TO DATE    0.0                       0.0    0.0      0.2
  SINCE MAR 1     22.1                      13.9    8.2     13.3
  SINCE JUL 1     69.5                      62.7    6.8     44.9
  SNOW DEPTH       0

DEGREE DAYS
 HEATING
  TODAY            3                         6     -3        2
  MONTH TO DATE  234                       214     20      246
  SINCE MAR 1   1415                      1593   -178     1405
  SINCE JUL 1   5199                      6241  -1042     5253

 COOLING
  TODAY            0                         1     -1        0
  MONTH TO DATE   25                        17      8        0
  SINCE MAR 1     41                        26     15        0
  SINCE JAN 1     41                        26     15        0
..................................................................


WIND (MPH)
  HIGHEST WIND SPEED    18   HIGHEST WIND DIRECTION    SE (120)
  HIGHEST GUST SPEED    29   HIGHEST GUST DIRECTION    SE (130)


SKY COVER
  POSSIBLE SUNSHINE  MM
  AVERAGE SKY COVER 1.0


WEATHER CONDITIONS
 THE FOLLOWING WEATHER WAS RECORDED TODAY.
  RAIN
  LIGHT RAIN
  FOG


RELATIVE HUMIDITY (PERCENT)
 HIGHEST    93           400 AM
 LOWEST     63          1200 PM
 AVERAGE    78

..........................................................


THE YOUNGSTOWN OH CLIMATE NORMALS FOR TOMORROW
                         NORMAL    RECORD    YEAR
 MAXIMUM TEMPERATURE (F)   71        94      1932
 MINIMUM TEMPERATURE (F)   49        30      2013
                                             1956


SUNRISE AND SUNSET
MAY 24 2017...........SUNRISE   556 AM EDT   SUNSET   843 PM EDT
MAY 25 2017...........SUNRISE   556 AM EDT   SUNSET   844 PM EDT


-  INDICATES NEGATIVE NUMBERS.
R  INDICATES RECORD WAS SET OR TIED.
MM INDICATES DATA IS MISSING.
T  INDICATES TRACE AMOUNT.




$$
