000
CDUS41 KCLE 010534
CLIYNG


CLIMATE REPORT
NATIONAL WEATHER SERVICE CLEVELAND OH
133 AM EDT WED JUL 1 2015


...................................

...THE YOUNGSTOWN OH CLIMATE SUMMARY FOR JUNE 30 2015...

CLIMATE NORMAL PERIOD 1981 TO 2010
CLIMATE RECORD PERIOD 1897 TO 2015


WEATHER ITEM   OBSERVED TIME   RECORD YEAR NORMAL DEPARTURE LAST
                VALUE   (LST)  VALUE       VALUE  FROM      YEAR
                                                  NORMAL
..................................................................
TEMPERATURE (F)
 YESTERDAY
  MAXIMUM         77    208 PM  94    1942  81     -4       86
                                      1933
                                      1931
  MINIMUM         60    140 AM  44    1999  59      1       66
                                      1988
  AVERAGE         69                        70     -1       76

PRECIPITATION (IN)
  YESTERDAY        0.53                      0.13   0.40     0.00
  MONTH TO DATE    9.02                      3.88   5.14     4.80
  SINCE JUN 1      9.02                      3.88   5.14     4.80
  SINCE JAN 1     24.00                     18.67   5.33    19.89

SNOWFALL (IN)
  YESTERDAY        0.0                       0.0    0.0      0.0
  MONTH TO DATE    0.0                       0.0    0.0      0.0
  SINCE JUN 1      0.0                       0.0    0.0      0.0
  SINCE JUL 1     79.0                      62.7   16.3     90.1
  SNOW DEPTH       0

DEGREE DAYS
 HEATING
  YESTERDAY        0                         1     -1        0
  MONTH TO DATE   42                        69    -27       28
  SINCE JUN 1     42                        69    -27       28
  SINCE JUL 1   6728                      6349    379     6855

 COOLING
  YESTERDAY        4                         6     -2       11
  MONTH TO DATE  110                       110      0      153
  SINCE JUN 1    110                       110      0      153
  SINCE JAN 1    222                       149     73      208
..................................................................


WIND (MPH)
  HIGHEST WIND SPEED    16   HIGHEST WIND DIRECTION    SW (230)
  HIGHEST GUST SPEED    21   HIGHEST GUST DIRECTION    SW (210)
  AVERAGE WIND SPEED     7.0


SKY COVER
  POSSIBLE SUNSHINE  MM
  AVERAGE SKY COVER 0.9


WEATHER CONDITIONS
 THE FOLLOWING WEATHER WAS RECORDED YESTERDAY.
  THUNDERSTORM
  RAIN
  LIGHT RAIN
  FOG
  FOG W/VISIBILITY <= 1/4 MILE


RELATIVE HUMIDITY (PERCENT)
 HIGHEST   100           700 AM
 LOWEST     60           200 PM
 AVERAGE    80

..........................................................


THE YOUNGSTOWN OH CLIMATE NORMALS FOR TODAY
                         NORMAL    RECORD    YEAR
 MAXIMUM TEMPERATURE (F)   81        96      1931
                                             1898
 MINIMUM TEMPERATURE (F)   59        43      1988


SUNRISE AND SUNSET
JULY  1 2015..........SUNRISE   553 AM EDT   SUNSET   900 PM EDT
JULY  2 2015..........SUNRISE   554 AM EDT   SUNSET   859 PM EDT


-  INDICATES NEGATIVE NUMBERS.
R  INDICATES RECORD WAS SET OR TIED.
MM INDICATES DATA IS MISSING.
T  INDICATES TRACE AMOUNT.




$$
