000
CDUS41 KCLE 092116
CLIYNG


CLIMATE REPORT
NATIONAL WEATHER SERVICE CLEVELAND OH
514 PM EDT SAT APR 9 2016


...................................

...THE YOUNGSTOWN OH CLIMATE SUMMARY FOR APRIL 9 2016...
VALID TODAY AS OF 0500 PM LOCAL TIME.

CLIMATE NORMAL PERIOD 1981 TO 2010
CLIMATE RECORD PERIOD 1897 TO 2016


WEATHER ITEM   OBSERVED TIME   RECORD YEAR NORMAL DEPARTURE LAST
                VALUE   (LST)  VALUE       VALUE  FROM      YEAR
                                                  NORMAL
..................................................................
TEMPERATURE (F)
 TODAY
  MAXIMUM         33   1238 AM  79    1931  56    -23       69
  MINIMUM         27    359 PM  17    1977  36     -9       50
                                      1972
  AVERAGE         30                        46    -16       60

PRECIPITATION (IN)
  TODAY            0.31                      0.12   0.19     0.46
  MONTH TO DATE    1.60                      1.04   0.56     1.48
  SINCE MAR 1      5.41                      3.98   1.43     3.81
  SINCE JAN 1     10.60                      8.68   1.92     9.04

SNOWFALL (IN)
  TODAY            3.8                       0.1    3.7      0.0
  MONTH TO DATE    6.3                       1.6    4.7      0.2
  SINCE MAR 1     10.6                      12.5   -1.9      8.8
  SINCE JUL 1     42.2                      61.3  -19.1     78.3
  SNOW DEPTH       5

DEGREE DAYS
 HEATING
  TODAY           35                        19     16        5
  MONTH TO DATE  244                       185     59      124
  SINCE MAR 1    858                      1061   -203     1112
  SINCE JUL 1   4706                      5709  -1003     6230

 COOLING
  TODAY            0                         0      0        0
  MONTH TO DATE    0                         0      0        0
  SINCE MAR 1      0                         1     -1        0
  SINCE JAN 1      0                         1     -1        0
..................................................................


WIND (MPH)
  HIGHEST WIND SPEED    26   HIGHEST WIND DIRECTION    NW (330)
  HIGHEST GUST SPEED    30   HIGHEST GUST DIRECTION    NW (320)


SKY COVER
  POSSIBLE SUNSHINE  MM
  AVERAGE SKY COVER 1.0


WEATHER CONDITIONS
 THE FOLLOWING WEATHER WAS RECORDED TODAY.
  LIGHT SNOW
  FOG
  BLOWING SNOW


RELATIVE HUMIDITY (PERCENT)
 HIGHEST    92           100 AM
 LOWEST     58           100 PM
 AVERAGE    75

..........................................................


THE YOUNGSTOWN OH CLIMATE NORMALS FOR TOMORROW
                         NORMAL    RECORD    YEAR
 MAXIMUM TEMPERATURE (F)   57        80      2011
                                             1945
 MINIMUM TEMPERATURE (F)   36        16      1997


SUNRISE AND SUNSET
APRIL  9 2016.........SUNRISE   652 AM EDT   SUNSET   757 PM EDT
APRIL 10 2016.........SUNRISE   650 AM EDT   SUNSET   758 PM EDT


-  INDICATES NEGATIVE NUMBERS.
R  INDICATES RECORD WAS SET OR TIED.
MM INDICATES DATA IS MISSING.
T  INDICATES TRACE AMOUNT.




$$
