000
CDUS41 KCLE 290538
CLIYNG


CLIMATE REPORT
NATIONAL WEATHER SERVICE CLEVELAND OH
126 AM EDT THU JUN 29 2017


...................................

...THE YOUNGSTOWN OH CLIMATE SUMMARY FOR JUNE 28 2017...

CLIMATE NORMAL PERIOD 1981 TO 2010
CLIMATE RECORD PERIOD 1897 TO 2017


WEATHER ITEM   OBSERVED TIME   RECORD YEAR NORMAL DEPARTURE LAST
                VALUE   (LST)  VALUE       VALUE  FROM      YEAR
                                                  NORMAL
..................................................................
TEMPERATURE (F)
 YESTERDAY
  MAXIMUM         75    421 PM  97    1934  81     -6       77
                                      1933
  MINIMUM         50    449 AM  44    1988  58     -8       54
                                      1897
  AVERAGE         63                        69     -6       66

PRECIPITATION (IN)
  YESTERDAY        0.00                      0.13  -0.13     0.00
  MONTH TO DATE    4.07                      3.62   0.45     2.94
  SINCE JUN 1      4.07                      3.62   0.45     2.94
  SINCE JAN 1     25.37                     18.41   6.96    18.04

SNOWFALL (IN)
  YESTERDAY        0.0                       0.0    0.0      0.0
  MONTH TO DATE    0.0                       0.0    0.0      0.0
  SINCE JUN 1      0.0                       0.0    0.0      0.0
  SINCE JUL 1     69.5                      62.7    6.8     44.9
  SNOW DEPTH       0

DEGREE DAYS
 HEATING
  YESTERDAY        2                         1      1        0
  MONTH TO DATE   44                        67    -23       30
  SINCE JUN 1     44                        67    -23       30
  SINCE JUL 1   5260                      6347  -1087     5283

 COOLING
  YESTERDAY        0                         5     -5        1
  MONTH TO DATE  135                        98     37      142
  SINCE JUN 1    135                        98     37      142
  SINCE JAN 1    184                       137     47      197
..................................................................


WIND (MPH)
  HIGHEST WIND SPEED    17   HIGHEST WIND DIRECTION     W (250)
  HIGHEST GUST SPEED    23   HIGHEST GUST DIRECTION    SW (230)
  AVERAGE WIND SPEED     8.3


SKY COVER
  POSSIBLE SUNSHINE  MM
  AVERAGE SKY COVER 0.6


WEATHER CONDITIONS
 THE FOLLOWING WEATHER WAS RECORDED YESTERDAY.
  NO SIGNIFICANT WEATHER WAS OBSERVED.


RELATIVE HUMIDITY (PERCENT)
 HIGHEST    77          1200 AM
 LOWEST     41          1100 AM
 AVERAGE    59

..........................................................


THE YOUNGSTOWN OH CLIMATE NORMALS FOR TODAY
                         NORMAL    RECORD    YEAR
 MAXIMUM TEMPERATURE (F)   81        99      1933
 MINIMUM TEMPERATURE (F)   59        47      1992


SUNRISE AND SUNSET
JUNE 29 2017..........SUNRISE   553 AM EDT   SUNSET   900 PM EDT
JUNE 30 2017..........SUNRISE   553 AM EDT   SUNSET   900 PM EDT


-  INDICATES NEGATIVE NUMBERS.
R  INDICATES RECORD WAS SET OR TIED.
MM INDICATES DATA IS MISSING.
T  INDICATES TRACE AMOUNT.




$$
