464
CDUS41 KCLE 120526
CLIYNG


CLIMATE REPORT
NATIONAL WEATHER SERVICE CLEVELAND OH
1226 AM EST THU JAN 12 2017


...................................

...THE YOUNGSTOWN OH CLIMATE SUMMARY FOR JANUARY 11 2017...

CLIMATE NORMAL PERIOD 1981 TO 2010
CLIMATE RECORD PERIOD 1897 TO 2017


WEATHER ITEM   OBSERVED TIME   RECORD YEAR NORMAL DEPARTURE LAST
                VALUE   (LST)  VALUE       VALUE  FROM      YEAR
                                                  NORMAL
..................................................................
TEMPERATURE (F)
 YESTERDAY
  MAXIMUM         56R  1159 PM  55    1975  32     24       20
                                      1939
  MINIMUM         34    821 AM  -8    1982  19     15       11
  AVERAGE         45                        26     19       16

PRECIPITATION (IN)
  YESTERDAY        0.17                      0.08   0.09     0.02
  MONTH TO DATE    1.90                      0.96   0.94     0.78
  SINCE DEC 1      5.47                      3.95   1.52     4.97
  SINCE JAN 1      1.90                      0.96   0.94     0.78

SNOWFALL (IN)
  YESTERDAY        0.0                       0.5   -0.5      0.8
  MONTH TO DATE    5.7                       5.8   -0.1      3.0
  SINCE DEC 1     29.0                      20.8    8.2      3.8
  SINCE JUL 1     33.4                      25.2    8.2      4.2
  SNOW DEPTH       0

DEGREE DAYS
 HEATING
  YESTERDAY       20                        39    -19       49
  MONTH TO DATE  431                       429      2      408
  SINCE DEC 1   1510                      1506      4     1098
  SINCE JUL 1   2482                      2835   -353     2100

 COOLING
  YESTERDAY        0                         0      0        0
  MONTH TO DATE    0                         0      0        0
  SINCE DEC 1      0                         0      0        0
  SINCE JAN 1      0                         0      0        0
..................................................................


WIND (MPH)
  HIGHEST WIND SPEED    31   HIGHEST WIND DIRECTION    SW (230)
  HIGHEST GUST SPEED    39   HIGHEST GUST DIRECTION     W (250)
  AVERAGE WIND SPEED    12.3


SKY COVER
  POSSIBLE SUNSHINE  MM
  AVERAGE SKY COVER 0.8


WEATHER CONDITIONS
 THE FOLLOWING WEATHER WAS RECORDED YESTERDAY.
  LIGHT RAIN
  FOG


RELATIVE HUMIDITY (PERCENT)
 HIGHEST    93           900 PM
 LOWEST     58           100 PM
 AVERAGE    76

..........................................................


THE YOUNGSTOWN OH CLIMATE NORMALS FOR TODAY
                         NORMAL    RECORD    YEAR
 MAXIMUM TEMPERATURE (F)   32        64      1898
 MINIMUM TEMPERATURE (F)   19        -7      1981


SUNRISE AND SUNSET
JANUARY 12 2017.......SUNRISE   747 AM EST   SUNSET   515 PM EST
JANUARY 13 2017.......SUNRISE   747 AM EST   SUNSET   517 PM EST


-  INDICATES NEGATIVE NUMBERS.
R  INDICATES RECORD WAS SET OR TIED.
MM INDICATES DATA IS MISSING.
T  INDICATES TRACE AMOUNT.




$$
