000
CDUS41 KCLE 150527
CLIYNG


CLIMATE REPORT
NATIONAL WEATHER SERVICE CLEVELAND OH
127 AM EDT FRI MAY 15 2015


...................................

...THE YOUNGSTOWN OH CLIMATE SUMMARY FOR MAY 14 2015...

CLIMATE NORMAL PERIOD 1981 TO 2010
CLIMATE RECORD PERIOD 1897 TO 2015


WEATHER ITEM   OBSERVED TIME   RECORD YEAR NORMAL DEPARTURE LAST
                VALUE   (LST)  VALUE       VALUE  FROM      YEAR
                                                  NORMAL
..................................................................
TEMPERATURE (F)
 YESTERDAY
  MAXIMUM         67    455 PM  89    1962  68     -1       81
  MINIMUM         32    440 AM  28    2013  46    -14       60
  AVERAGE         50                        57     -7       71

PRECIPITATION (IN)
  YESTERDAY        0.00                      0.12  -0.12     0.47
  MONTH TO DATE    1.04                      1.62  -0.58     2.55
  SINCE MAR 1      6.25                      7.92  -1.67     9.40
  SINCE JAN 1     11.48                     12.62  -1.14    14.09

SNOWFALL (IN)
  YESTERDAY        0.0                       0.0    0.0      0.0
  MONTH TO DATE    0.0                       0.0    0.0      0.0
  SINCE MAR 1      9.5                      13.9   -4.4      9.1
  SINCE JUL 1     79.0                      62.7   16.3     90.1
  SNOW DEPTH       0

DEGREE DAYS
 HEATING
  YESTERDAY       15                         9      6        0
  MONTH TO DATE   67                       141    -74      103
  SINCE MAR 1   1498                      1520    -22     1657
  SINCE JUL 1   6616                      6168    448     6725

 COOLING
  YESTERDAY        0                         1     -1        6
  MONTH TO DATE   47                         7     40       32
  SINCE MAR 1     47                        16     31       32
  SINCE JAN 1     47                        16     31       32
..................................................................


WIND (MPH)
  HIGHEST WIND SPEED    13   HIGHEST WIND DIRECTION    SE (140)
  HIGHEST GUST SPEED    17   HIGHEST GUST DIRECTION    SE (130)
  AVERAGE WIND SPEED     4.3


SKY COVER
  POSSIBLE SUNSHINE  MM
  AVERAGE SKY COVER 0.7


WEATHER CONDITIONS
 THE FOLLOWING WEATHER WAS RECORDED YESTERDAY.
  FOG


RELATIVE HUMIDITY (PERCENT)
 HIGHEST   100           200 AM
 LOWEST     32           400 PM
 AVERAGE    66

..........................................................


THE YOUNGSTOWN OH CLIMATE NORMALS FOR TODAY
                         NORMAL    RECORD    YEAR
 MAXIMUM TEMPERATURE (F)   69        87      1991
                                             1962
 MINIMUM TEMPERATURE (F)   46        33      1969


SUNRISE AND SUNSET
MAY 15 2015...........SUNRISE   604 AM EDT   SUNSET   834 PM EDT
MAY 16 2015...........SUNRISE   603 AM EDT   SUNSET   835 PM EDT


-  INDICATES NEGATIVE NUMBERS.
R  INDICATES RECORD WAS SET OR TIED.
MM INDICATES DATA IS MISSING.
T  INDICATES TRACE AMOUNT.




$$
