000
CDUS41 KCLE 250526
CLIYNG


CLIMATE REPORT
NATIONAL WEATHER SERVICE CLEVELAND OH
1226 AM EST TUE NOV 25 2014


...................................

...THE YOUNGSTOWN OH CLIMATE SUMMARY FOR NOVEMBER 24 2014...

CLIMATE NORMAL PERIOD 1981 TO 2010
CLIMATE RECORD PERIOD 1897 TO 2014


WEATHER ITEM   OBSERVED TIME   RECORD YEAR NORMAL DEPARTURE LAST
                VALUE   (LST)  VALUE       VALUE  FROM      YEAR
                                                  NORMAL
..................................................................
TEMPERATURE (F)
 YESTERDAY
  MAXIMUM         65   1145 AM  69    1931  45     20       23
  MINIMUM         38   1159 PM   8    1950  32      6       14
  AVERAGE         52                        38     14       19

PRECIPITATION (IN)
  YESTERDAY        0.04                      0.11  -0.07     0.01
  MONTH TO DATE    2.12                      2.54  -0.42     2.38
  SINCE SEP 1      7.11                      9.06  -1.95     7.69
  SINCE JAN 1     36.67                     35.28   1.39    34.91

SNOWFALL (IN)
  YESTERDAY        0.0                       0.2   -0.2      0.2
  MONTH TO DATE    8.6                       2.3    6.3      5.2
  SINCE SEP 1      8.6                       3.1    5.5      6.4
  SINCE JUL 1      8.6                       3.1    5.5      6.4
  SNOW DEPTH       0

DEGREE DAYS
 HEATING
  YESTERDAY       13                        27    -14       46
  MONTH TO DATE  657                       539    118      589
  SINCE SEP 1   1186                      1122     64     1109
  SINCE JUL 1   1238                      1160     78     1147

 COOLING
  YESTERDAY        0                         0      0        0
  MONTH TO DATE    0                         0      0        0
  SINCE SEP 1     56                        58     -2       78
  SINCE JAN 1    533                       544    -11      630
..................................................................


WIND (MPH)
  HIGHEST WIND SPEED    39   HIGHEST WIND DIRECTION    SW (240)
  HIGHEST GUST SPEED    52   HIGHEST GUST DIRECTION    SW (240)
  AVERAGE WIND SPEED    21.0


SKY COVER
  POSSIBLE SUNSHINE  MM
  AVERAGE SKY COVER 0.8


WEATHER CONDITIONS
 THE FOLLOWING WEATHER WAS RECORDED YESTERDAY.
  RAIN
  LIGHT RAIN
  FOG


RELATIVE HUMIDITY (PERCENT)
 HIGHEST    93           100 AM
 LOWEST     48           100 PM
 AVERAGE    71

..........................................................


THE YOUNGSTOWN OH CLIMATE NORMALS FOR TODAY
                         NORMAL    RECORD    YEAR
 MAXIMUM TEMPERATURE (F)   45        72      1931
 MINIMUM TEMPERATURE (F)   31         6      1950


SUNRISE AND SUNSET
NOVEMBER 25 2014......SUNRISE   722 AM EST   SUNSET   457 PM EST
NOVEMBER 26 2014......SUNRISE   724 AM EST   SUNSET   456 PM EST


-  INDICATES NEGATIVE NUMBERS.
R  INDICATES RECORD WAS SET OR TIED.
MM INDICATES DATA IS MISSING.
T  INDICATES TRACE AMOUNT.




$$
