567
CDUS41 KCLE 300546
CLIYNG


CLIMATE REPORT
NATIONAL WEATHER SERVICE CLEVELAND OH
145 AM EDT TUE AUG 30 2016


...................................

...THE YOUNGSTOWN OH CLIMATE SUMMARY FOR AUGUST 29 2016...

CLIMATE NORMAL PERIOD 1981 TO 2010
CLIMATE RECORD PERIOD 1897 TO 2016


WEATHER ITEM   OBSERVED TIME   RECORD YEAR NORMAL DEPARTURE LAST
                VALUE   (LST)  VALUE       VALUE  FROM      YEAR
                                                  NORMAL
..................................................................
TEMPERATURE (F)
 YESTERDAY
  MAXIMUM         84    342 PM  96    1991  78      6       83
  MINIMUM         59   1130 PM  32    1982  57      2       51
  AVERAGE         72                        67      5       67

PRECIPITATION (IN)
  YESTERDAY        0.00                      0.11  -0.11      T
  MONTH TO DATE    3.71                      3.02   0.69     2.49
  SINCE JUN 1     11.88                     11.21   0.67    15.58
  SINCE JAN 1     26.98                     26.00   0.98    30.56

SNOWFALL (IN)
  YESTERDAY        0.0                       0.0    0.0      0.0
  MONTH TO DATE    0.0                       0.0    0.0      0.0
  SINCE JUN 1      0.0                       0.0    0.0      0.0
  SINCE JUL 1      0.0                       0.0    0.0      0.0
  SNOW DEPTH       0

DEGREE DAYS
 HEATING
  YESTERDAY        0                         1     -1        0
  MONTH TO DATE    0                        24    -24       22
  SINCE JUN 1     40                       106    -66       71
  SINCE JUL 1      6                        37    -31       29

 COOLING
  YESTERDAY        7                         4      3        2
  MONTH TO DATE  278                       146    132      132
  SINCE JUN 1    679                       441    238      427
  SINCE JAN 1    734                       480    254      539
..................................................................


WIND (MPH)
  HIGHEST WIND SPEED    14   HIGHEST WIND DIRECTION    NE (40)
  HIGHEST GUST SPEED    18   HIGHEST GUST DIRECTION    NE (40)
  AVERAGE WIND SPEED     7.1


SKY COVER
  POSSIBLE SUNSHINE  MM
  AVERAGE SKY COVER 0.3


WEATHER CONDITIONS
 THE FOLLOWING WEATHER WAS RECORDED YESTERDAY.
  FOG


RELATIVE HUMIDITY (PERCENT)
 HIGHEST   100           300 AM
 LOWEST     40           100 PM
 AVERAGE    70

..........................................................


THE YOUNGSTOWN OH CLIMATE NORMALS FOR TODAY
                         NORMAL    RECORD    YEAR
 MAXIMUM TEMPERATURE (F)   78        97      1953
 MINIMUM TEMPERATURE (F)   56        40      1986


SUNRISE AND SUNSET
AUGUST 30 2016........SUNRISE   648 AM EDT   SUNSET   758 PM EDT
AUGUST 31 2016........SUNRISE   649 AM EDT   SUNSET   756 PM EDT


-  INDICATES NEGATIVE NUMBERS.
R  INDICATES RECORD WAS SET OR TIED.
MM INDICATES DATA IS MISSING.
T  INDICATES TRACE AMOUNT.




$$
