000
CDUS41 KCLE 310526
CLIYNG


CLIMATE REPORT
NATIONAL WEATHER SERVICE CLEVELAND OH
125 AM EDT MON AUG 31 2015


...................................

...THE YOUNGSTOWN OH CLIMATE SUMMARY FOR AUGUST 30 2015...

CLIMATE NORMAL PERIOD 1981 TO 2010
CLIMATE RECORD PERIOD 1897 TO 2015


WEATHER ITEM   OBSERVED TIME   RECORD YEAR NORMAL DEPARTURE LAST
                VALUE   (LST)  VALUE       VALUE  FROM      YEAR
                                                  NORMAL
..................................................................
TEMPERATURE (F)
 YESTERDAY
  MAXIMUM         83    403 PM  97    1953  78      5       87
  MINIMUM         66    653 AM  40    1986  56     10       60
  AVERAGE         75                        67      8       74

PRECIPITATION (IN)
  YESTERDAY        0.34                      0.11   0.23      T
  MONTH TO DATE    2.83                      3.13  -0.30     5.82
  SINCE JUN 1     15.92                     11.32   4.60    14.03
  SINCE JAN 1     30.90                     26.11   4.79    29.12

SNOWFALL (IN)
  YESTERDAY        0.0                       0.0    0.0      0.0
  MONTH TO DATE    0.0                       0.0    0.0      0.0
  SINCE JUN 1      0.0                       0.0    0.0      0.0
  SINCE JUL 1      0.0                       0.0    0.0      0.0
  SNOW DEPTH       0

DEGREE DAYS
 HEATING
  YESTERDAY        0                         1     -1        0
  MONTH TO DATE   22                        25     -3       24
  SINCE JUN 1     71                       107    -36       80
  SINCE JUL 1     29                        38     -9       52

 COOLING
  YESTERDAY       10                         4      6        9
  MONTH TO DATE  142                       150     -8      131
  SINCE JUN 1    437                       445     -8      414
  SINCE JAN 1    549                       484     65      469
..................................................................


WIND (MPH)
  HIGHEST WIND SPEED    12   HIGHEST WIND DIRECTION    SW (220)
  HIGHEST GUST SPEED    17   HIGHEST GUST DIRECTION     W (250)
  AVERAGE WIND SPEED     5.1


SKY COVER
  POSSIBLE SUNSHINE  MM
  AVERAGE SKY COVER 0.8


WEATHER CONDITIONS
 THE FOLLOWING WEATHER WAS RECORDED YESTERDAY.
  THUNDERSTORM
  HEAVY RAIN
  RAIN
  LIGHT RAIN
  FOG


RELATIVE HUMIDITY (PERCENT)
 HIGHEST    93           100 AM
 LOWEST     58           400 PM
 AVERAGE    76

..........................................................


THE YOUNGSTOWN OH CLIMATE NORMALS FOR TODAY
                         NORMAL    RECORD    YEAR
 MAXIMUM TEMPERATURE (F)   78        94      1932
 MINIMUM TEMPERATURE (F)   56        43      1976
                                             1897


SUNRISE AND SUNSET
AUGUST 31 2015........SUNRISE   648 AM EDT   SUNSET   757 PM EDT
SEPTEMBER  1 2015.....SUNRISE   649 AM EDT   SUNSET   756 PM EDT


-  INDICATES NEGATIVE NUMBERS.
R  INDICATES RECORD WAS SET OR TIED.
MM INDICATES DATA IS MISSING.
T  INDICATES TRACE AMOUNT.




$$
