000
CDUS41 KCLE 212115
CLIYNG


CLIMATE REPORT
NATIONAL WEATHER SERVICE CLEVELAND OH
514 PM EDT THU MAY 21 2015


...................................

...THE YOUNGSTOWN OH CLIMATE SUMMARY FOR MAY 21 2015...
VALID TODAY AS OF 0500 PM LOCAL TIME.

CLIMATE NORMAL PERIOD 1981 TO 2010
CLIMATE RECORD PERIOD 1897 TO 2015


WEATHER ITEM   OBSERVED TIME   RECORD YEAR NORMAL DEPARTURE LAST
                VALUE   (LST)  VALUE       VALUE  FROM      YEAR
                                                  NORMAL
..................................................................
TEMPERATURE (F)
 TODAY
  MAXIMUM         59   1213 PM  89    1934  70    -11       77
  MINIMUM         44    532 AM  32    2002  48     -4       63
  AVERAGE         52                        59     -7       70

PRECIPITATION (IN)
  TODAY            0.01                      0.13  -0.12     0.01
  MONTH TO DATE    1.25                      2.49  -1.24     3.46
  SINCE MAR 1      6.46                      8.79  -2.33    10.31
  SINCE JAN 1     11.69                     13.49  -1.80    15.00

SNOWFALL (IN)
  TODAY            0.0                       0.0    0.0      0.0
  MONTH TO DATE    0.0                       0.0    0.0       T
  SINCE MAR 1      9.5                      13.9   -4.4      9.1
  SINCE JUL 1     79.0                      62.7   16.3     90.1
  SNOW DEPTH       0

DEGREE DAYS
 HEATING
  TODAY           13                         7      6        0
  MONTH TO DATE  105                       194    -89      174
  SINCE MAR 1   1536                      1573    -37     1728
  SINCE JUL 1   6654                      6221    433     6796

 COOLING
  TODAY            0                         1     -1        5
  MONTH TO DATE   69                        14     55       37
  SINCE MAR 1     69                        23     46       37
  SINCE JAN 1     69                        23     46       37
..................................................................


WIND (MPH)
  HIGHEST WIND SPEED    15   HIGHEST WIND DIRECTION    NW (320)
  HIGHEST GUST SPEED    18   HIGHEST GUST DIRECTION    NW (320)


SKY COVER
  POSSIBLE SUNSHINE  MM
  AVERAGE SKY COVER 1.0


WEATHER CONDITIONS
 THE FOLLOWING WEATHER WAS RECORDED TODAY.
  LIGHT RAIN


RELATIVE HUMIDITY (PERCENT)
 HIGHEST    83           500 AM
 LOWEST     40          1200 PM
 AVERAGE    62

..........................................................


THE YOUNGSTOWN OH CLIMATE NORMALS FOR TOMORROW
                         NORMAL    RECORD    YEAR
 MAXIMUM TEMPERATURE (F)   70        92      1941
 MINIMUM TEMPERATURE (F)   48        30      2002


SUNRISE AND SUNSET
MAY 21 2015...........SUNRISE   559 AM EDT   SUNSET   840 PM EDT
MAY 22 2015...........SUNRISE   558 AM EDT   SUNSET   841 PM EDT


-  INDICATES NEGATIVE NUMBERS.
R  INDICATES RECORD WAS SET OR TIED.
MM INDICATES DATA IS MISSING.
T  INDICATES TRACE AMOUNT.




$$
