000
CDUS41 KCLE 220527
CLIYNG


CLIMATE REPORT
NATIONAL WEATHER SERVICE CLEVELAND OH
1227 AM EST WED FEB 22 2017


...................................

...THE YOUNGSTOWN OH CLIMATE SUMMARY FOR FEBRUARY 21 2017...

CLIMATE NORMAL PERIOD 1981 TO 2010
CLIMATE RECORD PERIOD 1897 TO 2017


WEATHER ITEM   OBSERVED TIME   RECORD YEAR NORMAL DEPARTURE LAST
                VALUE   (LST)  VALUE       VALUE  FROM      YEAR
                                                  NORMAL
..................................................................
TEMPERATURE (F)
 YESTERDAY
  MAXIMUM         63    413 PM  71    1997  38     25       54
  MINIMUM         46    741 AM  -9    1968  22     24       29
  AVERAGE         55                        30     25       42

PRECIPITATION (IN)
  YESTERDAY        0.00                      0.08  -0.08     0.00
  MONTH TO DATE    1.65                      1.57   0.08     2.28
  SINCE DEC 1     10.57                      7.11   3.46     7.88
  SINCE JAN 1      7.00                      4.12   2.88     3.69

SNOWFALL (IN)
  YESTERDAY        0.0                       0.5   -0.5      0.0
  MONTH TO DATE    6.0                       9.5   -3.5     17.3
  SINCE DEC 1     42.9                      41.1    1.8     29.9
  SINCE JUL 1     47.3                      45.5    1.8     30.3
  SNOW DEPTH       0

DEGREE DAYS
 HEATING
  YESTERDAY       10                        35    -25       23
  MONTH TO DATE  622                       784   -162      746
  SINCE DEC 1   2703                      3078   -375     2635
  SINCE JUL 1   3675                      4407   -732     3637

 COOLING
  YESTERDAY        0                         0      0        0
  MONTH TO DATE    0                         0      0        0
  SINCE DEC 1      0                         0      0        0
  SINCE JAN 1      0                         0      0        0
..................................................................


WIND (MPH)
  HIGHEST WIND SPEED    16   HIGHEST WIND DIRECTION    SE (120)
  HIGHEST GUST SPEED    21   HIGHEST GUST DIRECTION    SE (120)
  AVERAGE WIND SPEED     8.1


SKY COVER
  POSSIBLE SUNSHINE  MM
  AVERAGE SKY COVER 1.0


WEATHER CONDITIONS
 THE FOLLOWING WEATHER WAS RECORDED YESTERDAY.
  NO SIGNIFICANT WEATHER WAS OBSERVED.


RELATIVE HUMIDITY (PERCENT)
 HIGHEST    66          1100 PM
 LOWEST     42           100 PM
 AVERAGE    54

..........................................................


THE YOUNGSTOWN OH CLIMATE NORMALS FOR TODAY
                         NORMAL    RECORD    YEAR
 MAXIMUM TEMPERATURE (F)   38        64      1983
 MINIMUM TEMPERATURE (F)   22       -10      1963


SUNRISE AND SUNSET
FEBRUARY 22 2017......SUNRISE   707 AM EST   SUNSET   606 PM EST
FEBRUARY 23 2017......SUNRISE   706 AM EST   SUNSET   607 PM EST


-  INDICATES NEGATIVE NUMBERS.
R  INDICATES RECORD WAS SET OR TIED.
MM INDICATES DATA IS MISSING.
T  INDICATES TRACE AMOUNT.




$$
