000
CDUS41 KCLE 210536
CLIYNG


CLIMATE REPORT
NATIONAL WEATHER SERVICE CLEVELAND OH
126 AM EDT WED JUN 21 2017


...................................

...THE YOUNGSTOWN OH CLIMATE SUMMARY FOR JUNE 20 2017...

CLIMATE NORMAL PERIOD 1981 TO 2010
CLIMATE RECORD PERIOD 1897 TO 2017


WEATHER ITEM   OBSERVED TIME   RECORD YEAR NORMAL DEPARTURE LAST
                VALUE   (LST)  VALUE       VALUE  FROM      YEAR
                                                  NORMAL
..................................................................
TEMPERATURE (F)
 YESTERDAY
  MAXIMUM         77    333 PM  95    1933  79     -2       88
  MINIMUM         56    506 AM  40    2004  57     -1       67
                                      1970
  AVERAGE         67                        68     -1       78

PRECIPITATION (IN)
  YESTERDAY        0.15                      0.13   0.02     0.00
  MONTH TO DATE    2.47                      2.57  -0.10     2.69
  SINCE JUN 1      2.47                      2.57  -0.10     2.69
  SINCE JAN 1     23.77                     17.36   6.41    17.79

SNOWFALL (IN)
  YESTERDAY        0.0                       0.0    0.0      0.0
  MONTH TO DATE    0.0                       0.0    0.0      0.0
  SINCE JUN 1      0.0                       0.0    0.0      0.0
  SINCE JUL 1     69.5                      62.7    6.8     44.9
  SNOW DEPTH       0

DEGREE DAYS
 HEATING
  YESTERDAY        0                         2     -2        0
  MONTH TO DATE   33                        59    -26       30
  SINCE JUN 1     33                        59    -26       30
  SINCE JUL 1   5249                      6339  -1090     5283

 COOLING
  YESTERDAY        2                         4     -2       13
  MONTH TO DATE  118                        59     59       87
  SINCE JUN 1    118                        59     59       87
  SINCE JAN 1    167                        98     69      142
..................................................................


WIND (MPH)
  HIGHEST WIND SPEED    39   HIGHEST WIND DIRECTION     N (340)
  HIGHEST GUST SPEED    46   HIGHEST GUST DIRECTION     N (340)
  AVERAGE WIND SPEED     9.6


SKY COVER
  POSSIBLE SUNSHINE  MM
  AVERAGE SKY COVER 0.6


WEATHER CONDITIONS
 THE FOLLOWING WEATHER WAS RECORDED YESTERDAY.
  RAIN
  FOG


RELATIVE HUMIDITY (PERCENT)
 HIGHEST    80           300 AM
 LOWEST     41           300 PM
 AVERAGE    61

..........................................................


THE YOUNGSTOWN OH CLIMATE NORMALS FOR TODAY
                         NORMAL    RECORD    YEAR
 MAXIMUM TEMPERATURE (F)   79        98      1933
 MINIMUM TEMPERATURE (F)   57        35      1897


SUNRISE AND SUNSET
JUNE 21 2017..........SUNRISE   550 AM EDT   SUNSET   859 PM EDT
JUNE 22 2017..........SUNRISE   550 AM EDT   SUNSET   859 PM EDT


-  INDICATES NEGATIVE NUMBERS.
R  INDICATES RECORD WAS SET OR TIED.
MM INDICATES DATA IS MISSING.
T  INDICATES TRACE AMOUNT.




$$
