000
CXUS51 KCLE 021423
CLMYNG


CLIMATE REPORT
NATIONAL WEATHER SERVICE CLEVELAND OH
1023 AM EDT FRI MAY 2 2014

...................................

...THE YOUNGSTOWN OH CLIMATE SUMMARY FOR THE MONTH OF APRIL 2014...

CLIMATE NORMAL PERIOD 1981 TO 2010
CLIMATE RECORD PERIOD 1897 TO 2014

WEATHER         OBSERVED          NORMAL  DEPART  LAST YEAR`S
                 VALUE   DATE(S)  VALUE   FROM    VALUE
                                          NORMAL
.............................................................
TEMPERATURE (F)
RECORD
 HIGH              88   04/27/1990
                        04/10/1945
 LOW               11   04/14/1950
HIGHEST            80   04/13
LOWEST             18   04/16
AVG. MAXIMUM     60.5              59.0     1.5     60.8
AVG. MINIMUM     37.2              38.0    -0.8     36.3
MEAN             48.9              48.5     0.4     48.6
DAYS MAX >= 90      0               0.0     0.0        0
DAYS MAX <= 32      0               0.3    -0.3        0
DAYS MIN <= 32      7               8.6    -1.6       12
DAYS MIN <= 0       0               0.0     0.0        0

PRECIPITATION (INCHES)
RECORD
 MAXIMUM         7.29   1998
 MINIMUM         1.01
TOTALS           4.91              3.36    1.55     3.29
DAYS >= .01        13              14.5    -1.5       12
DAYS >= .10        10               7.8     2.2        7
DAYS >= .50         5               2.0     3.0        2
DAYS >= 1.00        0               0.6    -0.6        1
GREATEST
 24 HR. TOTAL    1.07   04/29 TO 04/30              1.35

SNOWFALL (INCHES)
RECORDS
 TOTAL           14.8   5
                        0
                        -26215
TOTALS            1.2               3.0    -1.8      0.6
SINCE 7/1        90.1              62.7    27.4     80.9
DAYS >= 1.0         1               0.6     0.4        0
GREATEST
 24 HR TOTAL      1.2   MM

DEGREE_DAYS
HEATING TOTAL     476               503     -27      494
 SINCE 7/1       6622              6027     595     5910
COOLING TOTAL       0                 8      -8        7
 SINCE 1/1          0                 9      -9        7
..............................................................

WIND (MPH)
AVERAGE WIND SPEED              9.9
HIGHEST WIND SPEED/DIRECTION    30/MM     DATE   MM
HIGHEST GUST SPEED/DIRECTION    45/MM     DATE   MM

SKY COVER
AVERAGE SKY COVER           0.70

AVERAGE RH (PERCENT)     61

WEATHER CONDITIONS. NUMBER OF DAYS WITH
THUNDERSTORM              0     MIXED PRECIP               1
HEAVY RAIN                3     RAIN                       9
LIGHT RAIN               15     FREEZING RAIN              1
LT FREEZING RAIN          1     HAIL                       0
HEAVY SNOW                0     SNOW                       1
LIGHT SNOW                2     SLEET                      1
FOG                      17     FOG W/VIS <= 1/4 MILE      2
HAZE                      1

-  INDICATES NEGATIVE NUMBERS.
R  INDICATES RECORD WAS SET OR TIED.
MM INDICATES DATA IS MISSING.
T  INDICATES TRACE AMOUNT.

$$
