317
CXUS51 KCLE 011322
CLMYNG


CLIMATE REPORT
NATIONAL WEATHER SERVICE CLEVELAND OH
918 AM EDT TUE AUG 1 2017

...................................

...THE YOUNGSTOWN OH CLIMATE SUMMARY FOR THE MONTH OF JULY 2017...

CLIMATE NORMAL PERIOD 1981 TO 2010
CLIMATE RECORD PERIOD 1897 TO 2017

WEATHER         OBSERVED          NORMAL  DEPART  LAST YEAR`S
                 VALUE   DATE(S)  VALUE   FROM    VALUE
                                          NORMAL
.............................................................
TEMPERATURE (F)
RECORD
 HIGH             100   07/16/1988
                        07/07/1988
                        07/14/1954
 LOW               40   07/02/2001
HIGHEST            90   07/21
LOWEST             53   07/26
AVG. MAXIMUM     81.9              81.4     0.5     84.6
AVG. MINIMUM     61.4              59.7     1.7     61.2
MEAN             71.6              70.5     1.1     72.9
DAYS MAX >= 90      1               2.2    -1.2        4
DAYS MAX <= 32      0               0.0     0.0        0
DAYS MIN <= 32      0               0.0     0.0        0
DAYS MIN <= 0       0               0.0     0.0        0

PRECIPITATION (INCHES)
RECORD
 MAXIMUM        10.40   2003
 MINIMUM         0.65
TOTALS           2.54              4.31   -1.77     5.23
DAYS >= .01        11              10.7     0.3       15
DAYS >= .10         5               7.1    -2.1       11
DAYS >= .50         3               2.8     0.2        4
DAYS >= 1.00        0               1.2    -1.2        1
GREATEST
 24 HR. TOTAL    2.21   06/30 TO 07/01              1.23

SNOWFALL (INCHES)
RECORDS
 TOTAL              T   2012
                        2008
                        5
TOTALS            0.0               0.0     0.0      0.0
SINCE 7/1         0.0               0.0     0.0      0.0
DAYS >= 1.0         0               0.0     0.0        0
GREATEST
 24 HR TOTAL      0.0   07/31 TO 07/31

DEGREE_DAYS
HEATING TOTAL       0                13     -13        6
 SINCE 7/1          0                13     -13        6
COOLING TOTAL     213               185      28      259
 SINCE 1/1        416               334      82      456
..............................................................

WIND (MPH)
AVERAGE WIND SPEED              6.3
HIGHEST WIND SPEED/DIRECTION    26/310    DATE  07/13
HIGHEST GUST SPEED/DIRECTION    37/300    DATE  07/13

SKY COVER
AVERAGE SKY COVER           0.70

AVERAGE RH (PERCENT)     73

WEATHER CONDITIONS. NUMBER OF DAYS WITH
THUNDERSTORM              0     MIXED PRECIP               0
HEAVY RAIN                4     RAIN                       5
LIGHT RAIN               13     FREEZING RAIN              0
LT FREEZING RAIN          0     HAIL                       0
HEAVY SNOW                0     SNOW                       0
LIGHT SNOW                0     SLEET                      0
FOG                      15     FOG W/VIS <= 1/4 MILE      1
HAZE                      1

-  INDICATES NEGATIVE NUMBERS.
R  INDICATES RECORD WAS SET OR TIED.
MM INDICATES DATA IS MISSING.
T  INDICATES TRACE AMOUNT.

$$
