000
CXUS51 KCLE 031643
CLMYNG
CLIMATE REPORT
NATIONAL WEATHER SERVICE CLEVELAND, OH
1243 PM EDT SAT JUN 03 2023
...................................
...THE YOUNGSTOWN OH CLIMATE SUMMARY FOR THE MONTH OF MAY 2023...
CLIMATE NORMAL PERIOD 1991 TO 2020
CLIMATE RECORD PERIOD 1897 TO 2023
WEATHER OBSERVED NORMAL DEPART LAST YEAR`S
VALUE DATE(S) VALUE FROM VALUE
NORMAL
..............................................................
TEMPERATURE (F)
RECORD
HIGH 92 05/18/1962
LOW 20 05/07/2010
HIGHEST 88 05/29
LOWEST 31 05/18
AVG. MAXIMUM 71.5 70.9 0.6 73.2
AVG. MINIMUM 44.7 47.6 -2.9 50.2
MEAN 58.1 59.3 -1.2 61.7
DAYS MAX >= 90 0 0.2 -0.2 0
DAYS MAX <= 32 0 0.0 0.0 0
DAYS MIN <= 32 1 1.3 -0.3 0
DAYS MIN <= 0 0 0.0 0.0 0
PRECIPITATION (INCHES)
RECORD
MAXIMUM 9.87 1946
MINIMUM 0.78
TOTALS 1.30 3.72 -2.42 4.26
DAYS >= .01 7 13.9 -6.9 16
DAYS >= .10 3 8.4 -5.4 11
DAYS >= .50 1 2.3 -1.3 4
DAYS >= 1.00 0 0.6 -0.6 0
GREATEST
24 HR. TOTAL 0.53 05/20 TO 05/20 0.78
SNOWFALL (INCHES)
RECORDS
TOTAL 5.4 1966
TOTALS T 0.0 0.0 0.0
SINCE 7/1 22.8 67.8 -45.0 60.8
DAYS >= 1.0 0 0.0 0.0 0
GREATEST
24 HR TOTAL T 05/03 TO 05/03
05/02 TO 05/02
05/01 TO 05/01
DEGREE DAYS
HEATING TOTAL 223 222 1 155
SINCE 7/1 5300 6037 -737 5545
COOLING TOTAL 19 43 -24 59
SINCE 1/1 39 51 -12 76
..............................................................
WIND (MPH)
AVERAGE WIND SPEED 7.3
HIGHEST WIND SPEED/DIRECTION 29/240 DATE 05/01
HIGHEST GUST SPEED/DIRECTION 37/240 DATE 05/01
SKY COVER
AVERAGE SKY COVER 0.54
AVERAGE RH (PERCENT) 59
WEATHER CONDITIONS. NUMBER OF DAYS WITH
THUNDERSTORM 0 MIXED PRECIP 0
HEAVY RAIN 0 RAIN 1
LIGHT RAIN 10 FREEZING RAIN 0
LT FREEZING RAIN 0 HAIL 0
HEAVY SNOW 0 SNOW 0
LIGHT SNOW 3 SLEET 0
FOG 6 FOG W/VIS <= 1/4 MILE 0
HAZE 1
- INDICATES NEGATIVE NUMBERS.
R INDICATES RECORD WAS SET OR TIED.
MM INDICATES DATA IS MISSING.
T INDICATES TRACE AMOUNT.
$$