000
CXUS51 KCLE 011557
CLMYNG


CLIMATE REPORT
NATIONAL WEATHER SERVICE CLEVELAND OH
1054 AM EST TUE MAR 1 2016

...................................

...THE YOUNGSTOWN OH CLIMATE SUMMARY FOR THE SEASON, FROM
12/1/2015 TO 2/29/2016...

CLIMATE NORMAL PERIOD 1981 TO 2010
CLIMATE RECORD PERIOD 1897 TO 2016

WEATHER         OBSERVED          NORMAL  DEPART
                 VALUE   DATE(S)  VALUE   FROM
                                          NORMAL
................................................
TEMPERATURE (F)
RECORD
 HIGH              76   12/03/1982
 LOW              -22   01/19/1994
HIGHEST            67   12/12
LOWEST             -2   02/14
AVG. MAXIMUM     41.7              35.0     6.7
AVG. MINIMUM     25.2              21.3     3.9
MEAN             33.5              28.1     5.4
DAYS MAX >= 90      0               0.0
DAYS MAX <= 32     26              37.0
DAYS MIN <= 32     63              75.1
DAYS MIN <= 0       1               3.6

PRECIPITATION (INCHES)
RECORD
 MAXIMUM        15.88   1950
 MINIMUM         3.84   1922
TOTALS           9.38              7.69    1.69
DAYS >= .01        50              48.6
DAYS >= .10        22              21.1
DAYS >= .50         6               3.4
DAYS >= 1.00        2               0.6

SNOWFALL (INCHES)
RECORDS
 TOTAL          103.7   2011
TOTALS           31.2              44.4
DAYS >= TRACE      46
DAYS >= 1.0        11              14.5

DEGREE_DAYS
HEATING TOTAL    2846              3318    -472
COOLING TOTAL       0                 0       0
.................................................

WIND (MPH)
HIGHEST GUST SPEED/DIRECTION    47/220    DATE  02/20

SKY COVER
POSSIBLE SUNSHINE (PERCENT)   MM
NUMBER OF DAYS FAIR            3
NUMBER OF DAYS PC             18
NUMBER OF DAYS CLOUDY         70


WEATHER CONDITIONS. NUMBER OF DAYS WITH
THUNDERSTORM              0     MIXED PRECIP               0
HEAVY RAIN                3     RAIN                      12
LIGHT RAIN               33     FREEZING RAIN              1
LT FREEZING RAIN          6     HAIL                       0
HEAVY SNOW                3     SNOW                      13
LIGHT SNOW               44     SLEET                      3
FOG                      59     FOG W/VIS <= 1/4 MILE      5
HAZE                      4

-  INDICATES NEGATIVE NUMBERS.
R  INDICATES RECORD WAS SET OR TIED.
MM INDICATES DATA IS MISSING.
T  INDICATES TRACE AMOUNT.

$$
