000
CXUS51 KCLE 021131
CLMYNG


CLIMATE REPORT
NATIONAL WEATHER SERVICE CLEVELAND OH
727 AM EDT FRI AUG 2 2013

...................................

...THE YOUNGSTOWN OH CLIMATE SUMMARY FOR THE MONTH OF JULY 2013...

CLIMATE NORMAL PERIOD 1981 TO 2010
CLIMATE RECORD PERIOD 1897 TO 2013

WEATHER         OBSERVED          NORMAL  DEPART  LAST YEAR`S
                 VALUE   DATE(S)  VALUE   FROM    VALUE
                                          NORMAL
.............................................................
TEMPERATURE (F)
RECORD
 HIGH             100   07/16/1988
                        07/07/1988
                        07/14/1954
 LOW               40   07/02/2001
HIGHEST            91   07/19
                        07/18
LOWEST             49   07/25
AVG. MAXIMUM     80.7              81.4    -0.7     86.1
AVG. MINIMUM     62.1              59.7     2.4     63.5
MEAN             71.4              70.5     0.9     74.8
DAYS MAX >= 90      4               2.2     1.8        9
DAYS MAX <= 32      0               0.0     0.0        0
DAYS MIN <= 32      0               0.0     0.0        0
DAYS MIN <= 0       0               0.0     0.0        0

PRECIPITATION (INCHES)
RECORD
 MAXIMUM        10.40   2003
 MINIMUM         0.65
TOTALS           7.45              4.31    3.14     6.01
DAYS >= .01        12              10.7     1.3        9
DAYS >= .10         9               7.1     1.9        7
DAYS >= .50         3               2.8     0.2        5
DAYS >= 1.00        2               1.2     0.8        2
GREATEST
 24 HR. TOTAL    4.22   07/09 TO 07/10              1.69

SNOWFALL (INCHES)
RECORDS
 TOTAL              *T  2012
                        2008

TOTALS            0.0               0.0     0.0        T
SINCE 7/1         0.0               0.0     0.0        T
DAYS >= 1.0         0               0.0     0.0        0
GREATEST
 24 HR TOTAL      0.0   07/31 TO 07/31

DEGREE_DAYS
HEATING TOTAL      13                13       0        0
 SINCE 7/1         13                13       0        0
COOLING TOTAL     220               185      35      309
 SINCE 1/1        426               334      92      564
..............................................................

WIND (MPH)
AVERAGE WIND SPEED              5.6
HIGHEST WIND SPEED/DIRECTION    36/060    DATE  07/10
HIGHEST GUST SPEED/DIRECTION    61/210    DATE  07/10

SKY COVER
AVERAGE SKY COVER           0.70

AVERAGE RH (PERCENT)     77

WEATHER CONDITIONS. NUMBER OF DAYS WITH
THUNDERSTORM              0     MIXED PRECIP               0
HEAVY RAIN                6     RAIN                       7
LIGHT RAIN               17     FREEZING RAIN              0
LT FREEZING RAIN          0     HAIL                       0
HEAVY SNOW                0     SNOW                       0
LIGHT SNOW                0     SLEET                      0
FOG                      25     FOG W/VIS <= 1/4 MILE      1
HAZE                      6

-  INDICATES NEGATIVE NUMBERS.
R  INDICATES RECORD WAS SET OR TIED.
MM INDICATES DATA IS MISSING.
T  INDICATES TRACE AMOUNT.
*  INDICATES TRACE OF HAIL
$$
