000
CXUS51 KCLE 031853
CLMYNG


CLIMATE REPORT...CORRECTED
NATIONAL WEATHER SERVICE CLEVELAND OH
249 PM EDT FRI JUL 3 2015

...................................

...THE YOUNGSTOWN OH CLIMATE SUMMARY FOR THE MONTH OF JUNE 2015...

CLIMATE NORMAL PERIOD 1981 TO 2010
CLIMATE RECORD PERIOD 1897 TO 2015

WEATHER         OBSERVED          NORMAL  DEPART  LAST YEAR`S
                 VALUE   DATE(S)  VALUE   FROM    VALUE
                                          NORMAL
.............................................................
TEMPERATURE (F)
RECORD
 HIGH              99   06/25/1988
                        06/26/1952
 LOW               30   06/11/1972
HIGHEST            89   06/12
LOWEST             45   06/01
AVG. MAXIMUM     76.3              77.4    -1.1     79.9
AVG. MINIMUM     57.6              55.4     2.2     57.8
MEAN             67.0              66.4     0.6     68.9
DAYS MAX >= 90      0               0.9    -0.9        0
DAYS MAX <= 32      0               0.0     0.0        0
DAYS MIN <= 32      0               0.0     0.0        0
DAYS MIN <= 0       0               0.0     0.0        0

PRECIPITATION (INCHES)
RECORD
 MAXIMUM        10.66   1986
 MINIMUM         0.71
TOTALS           9.02              3.88    5.14     4.80
DAYS >= .01        20              12.3     7.7       14
DAYS >= .10        14               7.6     6.4       11
DAYS >= .50         6               2.5     3.5        3
DAYS >= 1.00        2               0.8     1.2        0
GREATEST
 24 HR. TOTAL    2.07   06/27 TO 06/28              0.94

SNOWFALL (INCHES)
RECORDS
 TOTAL             MM   MM
TOTALS            0.0               0.0     0.0      0.0
SINCE 7/1        79.0              62.7    16.3     90.1
DAYS >= 1.0         0               0.0     0.0        0
GREATEST
 24 HR TOTAL      0.0   06/30 TO 06/30

DEGREE_DAYS
HEATING TOTAL      42                69     -27       28
 SINCE 7/1       6728              6349     379     6855
COOLING TOTAL     110               110       0      153
 SINCE 1/1        222               149      73      208
..............................................................

WIND (MPH)
AVERAGE WIND SPEED              7.4
HIGHEST WIND SPEED/DIRECTION    30/320    DATE  06/23
HIGHEST GUST SPEED/DIRECTION    40/320    DATE  06/23

SKY COVER
AVERAGE SKY COVER           0.80

AVERAGE RH (PERCENT)     78

WEATHER CONDITIONS. NUMBER OF DAYS WITH
THUNDERSTORM              0     MIXED PRECIP               0
HEAVY RAIN                6     RAIN                      13
LIGHT RAIN               21     FREEZING RAIN              0
LT FREEZING RAIN          0     HAIL                       0
HEAVY SNOW                0     SNOW                       0
LIGHT SNOW                0     SLEET                      0
FOG                      26     FOG W/VIS <= 1/4 MILE      1
HAZE                      3

-  INDICATES NEGATIVE NUMBERS.
R  INDICATES RECORD WAS SET OR TIED.
MM INDICATES DATA IS MISSING.
T  INDICATES TRACE AMOUNT.

$$
