058
CXUS51 KCLE 040444
CLMYNG


CLIMATE REPORT
NATIONAL WEATHER SERVICE CLEVELAND OH
1141 PM EST FRI MAR 3 2017

...................................

...THE YOUNGSTOWN OH CLIMATE SUMMARY FOR THE MONTH OF FEBRUARY 2017...

CLIMATE NORMAL PERIOD 1981 TO 2010
CLIMATE RECORD PERIOD 1897 TO 2017

WEATHER         OBSERVED          NORMAL  DEPART  LAST YEAR`S
                 VALUE   DATE(S)  VALUE   FROM    VALUE
                                          NORMAL
.............................................................
TEMPERATURE (F)
RECORD
 HIGH              75   02/24/2017
 LOW              -16   02/09/1934
HIGHEST            75R  02/24
LOWEST             13   02/17
                        02/10
                        02/04
AVG. MAXIMUM     47.8              36.1    11.7     41.0
AVG. MINIMUM     29.4              20.7     8.7     22.6
MEAN             38.6              28.4    10.2     31.8
DAYS MAX >= 90      0               0.0     0.0        0
DAYS MAX <= 32      6              10.7    -4.7        8
DAYS MIN <= 32     20              23.6    -3.6       25
DAYS MIN <= 0       0               0.9    -0.9        1

PRECIPITATION (INCHES)
RECORD
 MAXIMUM         5.83   2008
 MINIMUM         0.55
TOTALS           2.53              2.15    0.38     3.78
DAYS >= .01        14              14.3    -0.3       17
DAYS >= .10         4               6.5    -2.5        9
DAYS >= .50         2               0.8     1.2        3
DAYS >= 1.00        0               0.1    -0.1        1
GREATEST
 24 HR. TOTAL    0.90   02/06 TO 02/07              1.24

SNOWFALL (INCHES)
RECORDS
 TOTAL           36.3   2010
TOTALS            6.1              12.8    -6.7     18.6
SINCE 7/1        47.4              48.8    -1.4     31.6
DAYS >= 1.0         3               4.3    -1.3        6
GREATEST
 24 HR TOTAL      1.6   02/16 TO 02/16

DEGREE_DAYS
HEATING TOTAL     731              1025    -294      957
 SINCE 7/1       3784              4648    -864     3848
COOLING TOTAL       0                 0       0        0
 SINCE 1/1          0                 0       0        0
..............................................................

WIND (MPH)
AVERAGE WIND SPEED              9.8
HIGHEST WIND SPEED/DIRECTION    32/290    DATE  02/12
HIGHEST GUST SPEED/DIRECTION    43/260    DATE  02/25

SKY COVER
AVERAGE SKY COVER           0.80

AVERAGE RH (PERCENT)     67

WEATHER CONDITIONS. NUMBER OF DAYS WITH
THUNDERSTORM              0     MIXED PRECIP               0
HEAVY RAIN                1     RAIN                       3
LIGHT RAIN               11     FREEZING RAIN              0
LT FREEZING RAIN          1     HAIL                       0
HEAVY SNOW                0     SNOW                       5
LIGHT SNOW               14     SLEET                      1
FOG                      14     FOG W/VIS <= 1/4 MILE      0
HAZE                      2

-  INDICATES NEGATIVE NUMBERS.
R  INDICATES RECORD WAS SET OR TIED.
MM INDICATES DATA IS MISSING.
T  INDICATES TRACE AMOUNT.

$$
