000
CXUS51 KCLE 040535
CLMYNG


CLIMATE REPORT
NATIONAL WEATHER SERVICE CLEVELAND OH
1231 AM EST MON JAN 4 2016

...................................

...THE YOUNGSTOWN OH CLIMATE SUMMARY FOR THE MONTH OF DECEMBER 2015...

CLIMATE NORMAL PERIOD 1981 TO 2010
CLIMATE RECORD PERIOD 1897 TO 2016

WEATHER         OBSERVED          NORMAL  DEPART  LAST YEAR`S
                 VALUE   DATE(S)  VALUE   FROM    VALUE
                                          NORMAL
.............................................................
TEMPERATURE (F)
RECORD
 HIGH              76   12/03/1982
 LOW              -12   12/22/1989
                        12/25/1983
                        12/24/1983
HIGHEST            67   12/12
LOWEST             20   12/20
AVG. MAXIMUM     49.6              36.5    13.1     40.2
AVG. MINIMUM     35.3              24.0    11.3     29.0
MEAN             42.5              30.3    12.2     34.6
DAYS MAX >= 90      0               0.0     0.0        0
DAYS MAX <= 32      1              10.9    -9.9        8
DAYS MIN <= 32     10              24.7   -14.7       22
DAYS MIN <= 0       0               0.6    -0.6        0

PRECIPITATION (INCHES)
RECORD
 MAXIMUM         6.53   1990
 MINIMUM         0.88
TOTALS           4.19              2.99    1.20     2.32
DAYS >= .01        16              17.2    -1.2       16
DAYS >= .10         8               7.9     0.1        6
DAYS >= .50         3               1.4     1.6        1
DAYS >= 1.00        1               0.3     0.7        0
GREATEST
 24 HR. TOTAL    2.08   12/26 TO 12/27              0.93

SNOWFALL (INCHES)
RECORDS
 TOTAL           53.1   2010
TOTALS            0.8              15.0   -14.2      0.7
SINCE 7/1         1.2              19.4   -18.2     12.3
DAYS >= 1.0         0               4.8    -4.8        0
GREATEST
 24 HR TOTAL      0.7

DEGREE_DAYS
HEATING TOTAL     690              1077    -387      933
 SINCE 7/1       1692              2406    -714     2343
COOLING TOTAL       0                 0       0        0
 SINCE 1/1        681               544     137      533
..............................................................

WIND (MPH)
AVERAGE WIND SPEED              8.8
HIGHEST WIND SPEED/DIRECTION    31/120    DATE  12/28
HIGHEST GUST SPEED/DIRECTION    41/130    DATE  12/28

SKY COVER
AVERAGE SKY COVER           0.90

AVERAGE RH (PERCENT)     79

WEATHER CONDITIONS. NUMBER OF DAYS WITH
THUNDERSTORM              0     MIXED PRECIP               0
HEAVY RAIN                1     RAIN                       6
LIGHT RAIN               18     FREEZING RAIN              0
LT FREEZING RAIN          1     HAIL                       0
HEAVY SNOW                0     SNOW                       4
LIGHT SNOW                4     SLEET                      1
FOG                      26     FOG W/VIS <= 1/4 MILE      4
HAZE                      3

-  INDICATES NEGATIVE NUMBERS.
R  INDICATES RECORD WAS SET OR TIED.
MM INDICATES DATA IS MISSING.
T  INDICATES TRACE AMOUNT.

$$
