000
CXUS51 KCLE 020055
CLMYNG


CLIMATE REPORT
NATIONAL WEATHER SERVICE CLEVELAND OH
734 PM EST FRI DEC 1 2017

...................................

...THE YOUNGSTOWN OH CLIMATE SUMMARY FOR THE MONTH OF NOVEMBER 2017...

CLIMATE NORMAL PERIOD 1981 TO 2010
CLIMATE RECORD PERIOD 1897 TO 2017

WEATHER         OBSERVED          NORMAL  DEPART  LAST YEAR`S
                 VALUE   DATE(S)  VALUE   FROM    VALUE
                                          NORMAL
.............................................................
TEMPERATURE (F)
RECORD
 HIGH              80   11/03/1961
 LOW                1   11/30/1976
                        11/30/1958
HIGHEST            67   11/05
LOWEST             13   11/11
AVG. MAXIMUM     49.9              48.9     1.0     54.9
AVG. MINIMUM     31.9              33.9    -2.0     34.8
MEAN             40.9              41.4    -0.5     44.9
DAYS MAX >= 90      0               0.0     0.0        0
DAYS MAX <= 32      0               1.7    -1.7        0
DAYS MIN <= 32     17              13.1     3.9       12
DAYS MIN <= 0       0               0.0     0.0        0

PRECIPITATION (INCHES)
RECORD
 MAXIMUM         9.11   1985
 MINIMUM         0.82
TOTALS           5.43              3.18    2.25     1.96
DAYS >= .01        14              14.1    -0.1       13
DAYS >= .10         8               7.5     0.5        7
DAYS >= .50         3               1.7     1.3        0
DAYS >= 1.00        2               0.3     1.7        0
GREATEST
 24 HR. TOTAL    2.06   11/18 TO 11/18              0.58

SNOWFALL (INCHES)
RECORDS
 TOTAL           30.6   1950
TOTALS            1.0               3.6    -2.6      4.4
SINCE 7/1         1.0               4.4    -3.4      4.4
DAYS >= 1.0         0               1.1    -1.1        2
GREATEST
 24 HR TOTAL      0.7   11/19 TO 11/19

DEGREE_DAYS
HEATING TOTAL     716               708       8      601
 SINCE 7/1       1097              1329    -232      972
COOLING TOTAL       0                 0       0        3
 SINCE 1/1        658               544     114      879
..............................................................

WIND (MPH)
AVERAGE WIND SPEED              8.8
HIGHEST WIND SPEED/DIRECTION    31/310    DATE  11/18
HIGHEST GUST SPEED/DIRECTION    43/300    DATE  11/18

SKY COVER
AVERAGE SKY COVER           0.80

AVERAGE RH (PERCENT)     70

WEATHER CONDITIONS. NUMBER OF DAYS WITH
THUNDERSTORM              0     MIXED PRECIP               0
HEAVY RAIN                3     RAIN                       8
LIGHT RAIN               18     FREEZING RAIN              0
LT FREEZING RAIN          0     HAIL                       0
HEAVY SNOW                0     SNOW                       4
LIGHT SNOW                5     SLEET                      2
FOG                      13     FOG W/VIS <= 1/4 MILE      0
HAZE                      1

-  INDICATES NEGATIVE NUMBERS.
R  INDICATES RECORD WAS SET OR TIED.
MM INDICATES DATA IS MISSING.
T  INDICATES TRACE AMOUNT.

$$
