750
CXUS51 KCLE 030241
CLMYNG


CLIMATE REPORT
NATIONAL WEATHER SERVICE CLEVELAND OH
1038 PM EDT SUN JUL 2 2017

...................................

...THE YOUNGSTOWN OH CLIMATE SUMMARY FOR THE MONTH OF JUNE 2017...

CLIMATE NORMAL PERIOD 1981 TO 2010
CLIMATE RECORD PERIOD 1897 TO 2017

WEATHER         OBSERVED          NORMAL  DEPART  LAST YEAR`S
                 VALUE   DATE(S)  VALUE   FROM    VALUE
                                          NORMAL
.............................................................
TEMPERATURE (F)
RECORD
 HIGH              99   06/25/1988
                        06/26/1952
 LOW               30   06/11/1972
HIGHEST            92   06/13
LOWEST             45   06/08
AVG. MAXIMUM     79.0              77.4     1.6     79.9
AVG. MINIMUM     57.9              55.4     2.5     56.7
MEAN             68.4              66.4     2.0     68.3
DAYS MAX >= 90      1               0.9     0.1        0
DAYS MAX <= 32      0               0.0     0.0        0
DAYS MIN <= 32      0               0.0     0.0        0
DAYS MIN <= 0       0               0.0     0.0        0

PRECIPITATION (INCHES)
RECORD
 MAXIMUM        10.66   1986
 MINIMUM         0.71
TOTALS           6.84              3.88    2.96     2.94
DAYS >= .01        12              12.3    -0.3       12
DAYS >= .10         8               7.6     0.4        7
DAYS >= .50         4               2.5     1.5        1
DAYS >= 1.00        3               0.8     2.2        1
GREATEST
 24 HR. TOTAL    2.21   06/30 TO 06/30              1.44

SNOWFALL (INCHES)
RECORDS
 TOTAL             MM   MM
TOTALS            0.0               0.0     0.0      0.0
SINCE 7/1        69.5              62.7     6.8     44.9
DAYS >= 1.0         0               0.0     0.0        0
GREATEST
 24 HR TOTAL      0.0   06/30 TO 06/30

DEGREE_DAYS
HEATING TOTAL      44                69     -25       34
 SINCE 7/1       5260              6349   -1089     5287
COOLING TOTAL     154               110      44      142
 SINCE 1/1        203               149      54      197
..............................................................

WIND (MPH)
AVERAGE WIND SPEED              7.8
HIGHEST WIND SPEED/DIRECTION    39/340    DATE  06/20
HIGHEST GUST SPEED/DIRECTION    46/340    DATE  06/20

SKY COVER
AVERAGE SKY COVER           0.70

AVERAGE RH (PERCENT)     68

WEATHER CONDITIONS. NUMBER OF DAYS WITH
THUNDERSTORM              0     MIXED PRECIP               0
HEAVY RAIN                3     RAIN                       8
LIGHT RAIN               15     FREEZING RAIN              0
LT FREEZING RAIN          0     HAIL                       0
HEAVY SNOW                0     SNOW                       0
LIGHT SNOW                0     SLEET                      0
FOG                      14     FOG W/VIS <= 1/4 MILE      0
HAZE                      1

-  INDICATES NEGATIVE NUMBERS.
R  INDICATES RECORD WAS SET OR TIED.
MM INDICATES DATA IS MISSING.
T  INDICATES TRACE AMOUNT.

$$
