000
CXUS51 KCLE 012245
CLMYNG


CLIMATE REPORT
NATIONAL WEATHER SERVICE CLEVELAND OH
639 PM EDT MON AUG 1 2016

...................................

...THE YOUNGSTOWN OH CLIMATE SUMMARY FOR THE MONTH OF JULY 2016...

CLIMATE NORMAL PERIOD 1981 TO 2010
CLIMATE RECORD PERIOD 1897 TO 2016

WEATHER         OBSERVED          NORMAL  DEPART  LAST YEAR`S
                 VALUE   DATE(S)  VALUE   FROM    VALUE
                                          NORMAL
.............................................................
TEMPERATURE (F)
RECORD
 HIGH             100   07/16/1988
                        07/07/1988
                        07/14/1954
 LOW               40   07/02/2001
HIGHEST            92   07/23
LOWEST             48   07/03
AVG. MAXIMUM     84.6              81.4     3.2     81.5
AVG. MINIMUM     61.2              59.7     1.5     59.5
MEAN             72.9              70.5     2.4     70.5
DAYS MAX >= 90      4               2.2     1.8        2
DAYS MAX <= 32      0               0.0     0.0        0
DAYS MIN <= 32      0               0.0     0.0        0
DAYS MIN <= 0       0               0.0     0.0        0

PRECIPITATION (INCHES)
RECORD
 MAXIMUM        10.40   2003
 MINIMUM         0.65
TOTALS           5.23              4.31    0.92     4.07
DAYS >= .01        15              10.7     4.3       11
DAYS >= .10        11               7.1     3.9        7
DAYS >= .50         4               2.8     1.2        3
DAYS >= 1.00        1               1.2    -0.2        1
GREATEST
 24 HR. TOTAL    1.23   07/31 TO 07/31              1.75

SNOWFALL (INCHES)
RECORDS
TOTAL             0.0

TOTALS            0.0               0.0     0.0      0.0
SINCE 7/1         0.0               0.0     0.0      0.0
DAYS >= 1.0         0               0.0     0.0        0
GREATEST
 24 HR TOTAL      0.0   07/31 TO 07/31

DEGREE_DAYS
HEATING TOTAL       6                13      -7        7
 SINCE 7/1          6                13      -7        7
COOLING TOTAL     259               185      74      185
 SINCE 1/1        456               334     122      407
..............................................................

WIND (MPH)
AVERAGE WIND SPEED              6.2
HIGHEST WIND SPEED/DIRECTION    38/250    DATE  07/13
HIGHEST GUST SPEED/DIRECTION    51/260    DATE  07/13

SKY COVER
AVERAGE SKY COVER           0.70

AVERAGE RH (PERCENT)     71

WEATHER CONDITIONS. NUMBER OF DAYS WITH
THUNDERSTORM              0     MIXED PRECIP               0
HEAVY RAIN                7     RAIN                       5
LIGHT RAIN               14     FREEZING RAIN              0
LT FREEZING RAIN          0     HAIL                       0
HEAVY SNOW                0     SNOW                       0
LIGHT SNOW                0     SLEET                      0
FOG                      17     FOG W/VIS <= 1/4 MILE      2
HAZE                      2

-  INDICATES NEGATIVE NUMBERS.
R  INDICATES RECORD WAS SET OR TIED.
MM INDICATES DATA IS MISSING.
T  INDICATES TRACE AMOUNT.

$$
