000
CXUS51 KCLE 011554
CLMYNG


CLIMATE REPORT
NATIONAL WEATHER SERVICE CLEVELAND OH
1145 AM EDT FRI NOV 1 2013

...................................

...THE YOUNGSTOWN OH CLIMATE SUMMARY FOR THE MONTH OF OCTOBER 2013...

CLIMATE NORMAL PERIOD 1981 TO 2010
CLIMATE RECORD PERIOD 1897 TO 2013

WEATHER         OBSERVED          NORMAL  DEPART  LAST YEAR`S
                 VALUE   DATE(S)  VALUE   FROM    VALUE
                                          NORMAL
.............................................................
TEMPERATURE (F)
RECORD
 HIGH              88   10/09/1939
 LOW               20   10/31/1988
                        10/24/1969
HIGHEST            81   10/06
                        10/04
LOWEST             29   10/29
AVG. MAXIMUM     63.5              60.6     2.9     60.7
AVG. MINIMUM     43.6              41.5     2.1     42.8
MEAN             53.5              51.0     2.5     51.8
DAYS MAX >= 90      0               0.0     0.0        0
DAYS MAX <= 32      0               0.0     0.0        0
DAYS MIN <= 32      4               3.7     0.3        5
DAYS MIN <= 0       0               0.0     0.0        0

PRECIPITATION (INCHES)
RECORD
 MAXIMUM         8.59   1954
 MINIMUM         0.43
TOTALS           3.10              2.77    0.33     5.85
DAYS >= .01        13              11.5     1.5       20
DAYS >= .10         9               6.5     2.5       13
DAYS >= .50         1               1.6    -0.6        4
DAYS >= 1.00        0               0.4    -0.4        1
GREATEST
 24 HR. TOTAL    0.58   10/07 TO 10/07              1.62
                        10/06 TO 10/07
                        10/07 TO 10/07

SNOWFALL (INCHES)
RECORDS
 TOTAL            7.7   5
                        0
                        -26215
TOTALS            1.2               0.8     0.4      0.0
SINCE 7/1         1.2               0.8     0.4        T
DAYS >= 1.0         0               0.3    -0.3        0
GREATEST
 24 HR TOTAL      0.8   MM

DEGREE_DAYS
HEATING TOTAL     369               438     -69      406
 SINCE 7/1        558               621     -63      596
COOLING TOTAL      21                 6      15        3
 SINCE 1/1        630               544      86      761
..............................................................

WIND (MPH)
AVERAGE WIND SPEED              6.9
HIGHEST WIND SPEED/DIRECTION    25/220    DATE  10/26
HIGHEST GUST SPEED/DIRECTION    37/230    DATE  10/26

SKY COVER
AVERAGE SKY COVER           0.70

AVERAGE RH (PERCENT)     74

WEATHER CONDITIONS. NUMBER OF DAYS WITH
THUNDERSTORM              0     MIXED PRECIP               0
HEAVY RAIN                3     RAIN                       8
LIGHT RAIN               15     FREEZING RAIN              0
LT FREEZING RAIN          0     HAIL                       0
HEAVY SNOW                0     SNOW                       2
LIGHT SNOW                3     SLEET                      0
FOG                      20     FOG W/VIS <= 1/4 MILE      0
HAZE                      1

-  INDICATES NEGATIVE NUMBERS.
R  INDICATES RECORD WAS SET OR TIED.
MM INDICATES DATA IS MISSING.
T  INDICATES TRACE AMOUNT.

$$
