000
CXUS51 KCLE 042000
CLMYNG


CLIMATE REPORT
NATIONAL WEATHER SERVICE CLEVELAND OH
300 PM EST THU DEC 4 2014

...................................

...THE YOUNGSTOWN OH CLIMATE SUMMARY FOR THE MONTH OF NOVEMBER 2014...

CLIMATE NORMAL PERIOD 1981 TO 2010
CLIMATE RECORD PERIOD 1897 TO 2014

WEATHER         OBSERVED          NORMAL  DEPART  LAST YEAR`S
                 VALUE   DATE(S)  VALUE   FROM    VALUE
                                          NORMAL
.............................................................
TEMPERATURE (F)
RECORD
 HIGH              80   11/03/1961
 LOW                1   11/30/1976
                        11/30/1958
HIGHEST            68   11/11
LOWEST              9   11/19
AVG. MAXIMUM     44.2              48.9    -4.7     45.0
AVG. MINIMUM     30.0              33.9    -3.9     29.6
MEAN             37.1              41.4    -4.3     37.3
DAYS MAX >= 90      0               0.0     0.0        0
DAYS MAX <= 32      5               1.7     3.3        4
DAYS MIN <= 32     19              13.1     5.9       18
DAYS MIN <= 0       0               0.0     0.0        0

PRECIPITATION (INCHES)
RECORD
 MAXIMUM         9.11   1985
 MINIMUM         0.82
TOTALS           2.40              3.18   -0.78     3.08
DAYS >= .01        22              14.1     7.9       15
DAYS >= .10         7               7.5    -0.5       10
DAYS >= .50         1               1.7    -0.7        2
DAYS >= 1.00        0               0.3    -0.3        0
GREATEST
 24 HR. TOTAL    0.60   11/06 TO 11/07              0.65

SNOWFALL (INCHES)
RECORDS
 TOTAL           30.6   5
                        0
                        -26215
TOTALS           11.6               3.6     8.0     12.9
SINCE 7/1        11.6               4.4     7.2     14.1
DAYS >= 1.0         2               1.1     0.9        4
GREATEST
 24 HR TOTAL      4.4   MM

DEGREE_DAYS
HEATING TOTAL     829               708     121      824
 SINCE 7/1       1410              1329      81     1382
COOLING TOTAL       0                 0       0        0
 SINCE 1/1        533               544     -11      630
..............................................................

WIND (MPH)
AVERAGE WIND SPEED              10.6
HIGHEST WIND SPEED/DIRECTION    39/240    DATE  11/24
HIGHEST GUST SPEED/DIRECTION    52/240    DATE  11/24

SKY COVER
AVERAGE SKY COVER           0.80

AVERAGE RH (PERCENT)     71

WEATHER CONDITIONS. NUMBER OF DAYS WITH
THUNDERSTORM              0     MIXED PRECIP               1
HEAVY RAIN                0     RAIN                       3
LIGHT RAIN               12     FREEZING RAIN              0
LT FREEZING RAIN          1     HAIL                       0
HEAVY SNOW                1     SNOW                       3
LIGHT SNOW               15     SLEET                      1
FOG                      19     FOG W/VIS <= 1/4 MILE      2
HAZE                      1

-  INDICATES NEGATIVE NUMBERS.
R  INDICATES RECORD WAS SET OR TIED.
MM INDICATES DATA IS MISSING.
T  INDICATES TRACE AMOUNT.

$$
