000
CXUS51 KCLE 012137
CLMYNG


CLIMATE REPORT
NATIONAL WEATHER SERVICE CLEVELAND OH
432 PM EST TUE DEC 1 2015

...................................

...THE YOUNGSTOWN OH CLIMATE SUMMARY FOR THE MONTH OF NOVEMBER 2015...

CLIMATE NORMAL PERIOD 1981 TO 2010
CLIMATE RECORD PERIOD 1897 TO 2015

WEATHER         OBSERVED          NORMAL  DEPART  LAST YEAR`S
                 VALUE   DATE(S)  VALUE   FROM    VALUE
                                          NORMAL
.............................................................
TEMPERATURE (F)
RECORD
 HIGH              80   11/03/1961
 LOW                1   11/30/1976
                        11/30/1958
HIGHEST            76   11/05
                        11/04
                        11/03
LOWEST             22   11/23
AVG. MAXIMUM     56.6              48.9     7.7     44.2
AVG. MINIMUM     37.7              33.9     3.8     30.0
MEAN             47.2              41.4     5.8     37.1
DAYS MAX >= 90      0               0.0     0.0        0
DAYS MAX <= 32      0               1.7    -1.7        5
DAYS MIN <= 32     10              13.1    -3.1       19
DAYS MIN <= 0       0               0.0     0.0        0

PRECIPITATION (INCHES)
RECORD
 MAXIMUM         9.11   1985
 MINIMUM         0.82
TOTALS           1.86              3.18   -1.32     2.40
DAYS >= .01        13              14.1    -1.1       22
DAYS >= .10         7               7.5    -0.5        7
DAYS >= .50         1               1.7    -0.7        1
DAYS >= 1.00        0               0.3    -0.3        0
GREATEST
 24 HR. TOTAL    0.72   11/10 TO 11/10              0.60

SNOWFALL (INCHES)
RECORDS
 TOTAL           30.6   5
                        0

TOTALS              T               3.6    -3.6     11.6
SINCE 7/1         0.4               4.4    -4.0     11.6
DAYS >= 1.0         0               1.1    -1.1        2
GREATEST
 24 HR TOTAL        T   11/24 TO 11/24

DEGREE_DAYS
HEATING TOTAL     530               708    -178      829
 SINCE 7/1       1002              1329    -327     1410
COOLING TOTAL       2                 0       2        0
 SINCE 1/1        681               544     137      533
..............................................................

WIND (MPH)
AVERAGE WIND SPEED              9.5
HIGHEST WIND SPEED/DIRECTION    36/260    DATE  11/12
HIGHEST GUST SPEED/DIRECTION    45/250    DATE  11/12

SKY COVER
AVERAGE SKY COVER           0.70

AVERAGE RH (PERCENT)     65

WEATHER CONDITIONS. NUMBER OF DAYS WITH
THUNDERSTORM              0     MIXED PRECIP               0
HEAVY RAIN                1     RAIN                       3
LIGHT RAIN               14     FREEZING RAIN              0
LT FREEZING RAIN          0     HAIL                       0
HEAVY SNOW                0     SNOW                       2
LIGHT SNOW                4     SLEET                      1
FOG                      11     FOG W/VIS <= 1/4 MILE      0
HAZE                      0

-  INDICATES NEGATIVE NUMBERS.
R  INDICATES RECORD WAS SET OR TIED.
MM INDICATES DATA IS MISSING.
T  INDICATES TRACE AMOUNT.

$$
