000
CXUS51 KCLE 011721
CLMYNG


CLIMATE REPORT
NATIONAL WEATHER SERVICE CLEVELAND OH
119 PM EDT THU JUN 1 2017

...................................

...THE YOUNGSTOWN OH CLIMATE SUMMARY FOR THE MONTH OF MAY 2017...

CLIMATE NORMAL PERIOD 1981 TO 2010
CLIMATE RECORD PERIOD 1897 TO 2017

WEATHER         OBSERVED          NORMAL  DEPART  LAST YEAR`S
                 VALUE   DATE(S)  VALUE   FROM    VALUE
                                          NORMAL
.............................................................
TEMPERATURE (F)
RECORD
 HIGH              92   05/18/1962
 LOW               20   05/07/2010
HIGHEST            86   05/17
LOWEST             29   05/09
AVG. MAXIMUM     67.7              68.9    -1.2     69.8
AVG. MINIMUM     47.8              46.7     1.1     47.3
MEAN             57.7              57.8    -0.1     58.6
DAYS MAX >= 90      0               0.0     0.0        0
DAYS MAX <= 32      0               0.0     0.0        0
DAYS MIN <= 32      2               1.0     1.0        1
DAYS MIN <= 0       0               0.0     0.0        0

PRECIPITATION (INCHES)
RECORD
 MAXIMUM         9.87   1946
 MINIMUM         0.78
TOTALS           4.54              3.79    0.75     2.29
DAYS >= .01        20              13.6     6.4       11
DAYS >= .10        11               8.6     2.4        7
DAYS >= .50         4               2.5     1.5        0
DAYS >= 1.00        0               0.6    -0.6        0
GREATEST
 24 HR. TOTAL    0.79   05/25 TO 05/25              0.47

SNOWFALL (INCHES)
RECORDS
 TOTAL            5.4   1966
TOTALS            0.0                 T     0.0      0.2
SINCE 7/1        69.5              62.7     6.8     44.9
DAYS >= 1.0         0               0.0     0.0        0
GREATEST
 24 HR TOTAL      0.0   05/31 TO 05/31

DEGREE_DAYS
HEATING TOTAL     251               253      -2      246
 SINCE 7/1       5216              6280   -1064     5253
COOLING TOTAL      33                30       3       55
 SINCE 1/1         49                39      10       55
..............................................................

WIND (MPH)
AVERAGE WIND SPEED              9.1
HIGHEST WIND SPEED/DIRECTION    47/230    DATE  05/01
HIGHEST GUST SPEED/DIRECTION    67/230    DATE  05/01

SKY COVER
AVERAGE SKY COVER           0.80

AVERAGE RH (PERCENT)     69

WEATHER CONDITIONS. NUMBER OF DAYS WITH
THUNDERSTORM              0     MIXED PRECIP               0
HEAVY RAIN                3     RAIN                       5
LIGHT RAIN               20     FREEZING RAIN              0
LT FREEZING RAIN          0     HAIL                       0
HEAVY SNOW                0     SNOW                       0
LIGHT SNOW                0     SLEET                      0
FOG                      17     FOG W/VIS <= 1/4 MILE      1
HAZE                      0

-  INDICATES NEGATIVE NUMBERS.
R  INDICATES RECORD WAS SET OR TIED.
MM INDICATES DATA IS MISSING.
T  INDICATES TRACE AMOUNT.

$$
