000
CXUS51 KCLE 011535
CLMYNG


CLIMATE REPORT
NATIONAL WEATHER SERVICE CLEVELAND OH
1114 AM EDT SAT NOV 1 2014

...................................

...THE YOUNGSTOWN OH CLIMATE SUMMARY FOR THE MONTH OF OCTOBER 2014...

CLIMATE NORMAL PERIOD 1981 TO 2010
CLIMATE RECORD PERIOD 1897 TO 2014

WEATHER         OBSERVED          NORMAL  DEPART  LAST YEAR`S
                 VALUE   DATE(S)  VALUE   FROM    VALUE
                                          NORMAL
.............................................................
TEMPERATURE (F)
RECORD
 HIGH              88   10/09/1939
 LOW               20   10/31/1988
                        10/24/1969
HIGHEST            79   10/14
LOWEST             30   10/12
AVG. MAXIMUM     61.5              60.6     0.9     63.5
AVG. MINIMUM     43.4              41.5     1.9     43.6
MEAN             52.4              51.0     1.4     53.5
DAYS MAX >= 90      0               0.0     0.0        0
DAYS MAX <= 32      0               0.0     0.0        0
DAYS MIN <= 32      2               3.7    -1.7        4
DAYS MIN <= 0       0               0.0     0.0        0

PRECIPITATION (INCHES)
RECORD
 MAXIMUM         8.59   1954
 MINIMUM         0.43
TOTALS           3.09              2.77    0.32     3.10
DAYS >= .01        17              11.5     5.5       13
DAYS >= .10        10               6.5     3.5        9
DAYS >= .50         2               1.6     0.4        1
DAYS >= 1.00        0               0.4    -0.4        0
GREATEST
 24 HR. TOTAL    0.91   10/20 TO 10/21              0.58

SNOWFALL (INCHES)
RECORDS
 TOTAL            7.7   1993
TOTALS              T               0.8    -0.8      1.2
SINCE 7/1           T               0.8    -0.8      1.2
DAYS >= 1.0         0               0.3    -0.3        0
GREATEST
 24 HR TOTAL        T   10/04 TO 10/05

DEGREE_DAYS
HEATING TOTAL     388               438     -50      369
 SINCE 7/1        581               621     -40      558
COOLING TOTAL       3                 6      -3       21
 SINCE 1/1        533               544     -11      630
..............................................................

WIND (MPH)
AVERAGE WIND SPEED              8.4
HIGHEST WIND SPEED/DIRECTION    28/170    DATE  10/14
HIGHEST GUST SPEED/DIRECTION    36/160    DATE  10/14

SKY COVER
AVERAGE SKY COVER           0.70

AVERAGE RH (PERCENT)     75

WEATHER CONDITIONS. NUMBER OF DAYS WITH
THUNDERSTORM              0     MIXED PRECIP               0
HEAVY RAIN                5     RAIN                       9
LIGHT RAIN               19     FREEZING RAIN              0
LT FREEZING RAIN          0     HAIL                       0
HEAVY SNOW                0     SNOW                       0
LIGHT SNOW                0     SLEET                      1
FOG                      21     FOG W/VIS <= 1/4 MILE      3
HAZE                      2

-  INDICATES NEGATIVE NUMBERS.
R  INDICATES RECORD WAS SET OR TIED.
MM INDICATES DATA IS MISSING.
T  INDICATES TRACE AMOUNT.

$$
