000
CXUS51 KCLE 051724
CLMYNG


CLIMATE REPORT
NATIONAL WEATHER SERVICE CLEVELAND OH
124 PM EDT TUE APR 5 2016

...................................

...THE YOUNGSTOWN OH CLIMATE SUMMARY FOR THE MONTH OF MARCH 2016...

CLIMATE NORMAL PERIOD 1981 TO 2010
CLIMATE RECORD PERIOD 1897 TO 2016

WEATHER         OBSERVED          NORMAL  DEPART  LAST YEAR`S
                 VALUE   DATE(S)  VALUE   FROM    VALUE
                                          NORMAL
.............................................................
TEMPERATURE (F)
RECORD
 HIGH              82   03/30/1986
 LOW              -10   03/02/1980
HIGHEST            76   03/27
LOWEST             13   03/03
AVG. MAXIMUM     54.7              45.8     8.9     42.9
AVG. MINIMUM     34.9              27.7     7.2     22.8
MEAN             44.8              36.7     8.1     32.9
DAYS MAX >= 90      0               0.0     0.0        0
DAYS MAX <= 32      2               4.5    -2.5        5
DAYS MIN <= 32     18              21.4    -3.4       27
DAYS MIN <= 0       0               0.1    -0.1        2

PRECIPITATION (INCHES)
RECORD
 MAXIMUM         6.38   2008
 MINIMUM         1.07
TOTALS           3.81              2.94    0.87     2.33
DAYS >= .01        15              14.1     0.9       15
DAYS >= .10         9               7.5     1.5        7
DAYS >= .50         3               1.7     1.3        0
DAYS >= 1.00        0               0.3    -0.3        0
GREATEST
 24 HR. TOTAL    0.80   03/10 TO 03/10              0.46
                        03/09 TO 03/10

SNOWFALL (INCHES)
RECORDS
 TOTAL           30.9   1993
TOTALS            4.3              10.9    -6.6      8.6
SINCE 7/1        35.9              59.7   -23.8     78.1
DAYS >= 1.0         2               2.7    -0.7        1
GREATEST
 24 HR TOTAL      2.1   MM

DEGREE_DAYS
HEATING TOTAL     614               876    -262      988
 SINCE 7/1       4462              5524   -1062     6106
COOLING TOTAL       0                 1      -1        0
 SINCE 1/1          0                 1      -1        0
..............................................................

WIND (MPH)
AVERAGE WIND SPEED              9.4
HIGHEST WIND SPEED/DIRECTION    37/230    DATE  03/16
HIGHEST GUST SPEED/DIRECTION    49/240    DATE  03/16

SKY COVER
AVERAGE SKY COVER           0.80

AVERAGE RH (PERCENT)     66

WEATHER CONDITIONS. NUMBER OF DAYS WITH
THUNDERSTORM              0     MIXED PRECIP               0
HEAVY RAIN                2     RAIN                       5
LIGHT RAIN               16     FREEZING RAIN              0
LT FREEZING RAIN          1     HAIL                       0
HEAVY SNOW                0     SNOW                       2
LIGHT SNOW                7     SLEET                      0
FOG                      17     FOG W/VIS <= 1/4 MILE      0
HAZE                      1

-  INDICATES NEGATIVE NUMBERS.
R  INDICATES RECORD WAS SET OR TIED.
MM INDICATES DATA IS MISSING.
T  INDICATES TRACE AMOUNT.

$$
