000
CXUS51 KCLE 011924
CLMYNG


CLIMATE REPORT
NATIONAL WEATHER SERVICE CLEVELAND OH
222 PM EST MON FEB 1 2016

...................................

...THE YOUNGSTOWN OH CLIMATE SUMMARY FOR THE MONTH OF JANUARY 2016...

CLIMATE NORMAL PERIOD 1981 TO 2010
CLIMATE RECORD PERIOD 1897 TO 2016

WEATHER         OBSERVED          NORMAL  DEPART  LAST YEAR`S
                 VALUE   DATE(S)  VALUE   FROM    VALUE
                                          NORMAL
.............................................................
TEMPERATURE (F)
RECORD
 HIGH              71   01/25/1950
 LOW              -22   01/19/1994
HIGHEST            59   01/31
LOWEST              5   01/20
                        01/18
                        01/05
AVG. MAXIMUM     34.5              32.5     2.0     29.9
AVG. MINIMUM     17.8              19.0    -1.2     13.1
MEAN             26.1              25.8     0.3     21.5
DAYS MAX >= 90      0               0.0     0.0        0
DAYS MAX <= 32     17              15.4     1.6       19
DAYS MIN <= 32     28              26.8     1.2       31
DAYS MIN <= 0       0               2.1    -2.1        4

PRECIPITATION (INCHES)
RECORD
 MAXIMUM         7.64   1950
 MINIMUM         0.73
TOTALS           1.41              2.55   -1.14     3.16
DAYS >= .01        17              17.1    -0.1       19
DAYS >= .10         5               6.7    -1.7        9
DAYS >= .50         0               1.2    -1.2        1
DAYS >= 1.00        0               0.2    -0.2        1
GREATEST
 24 HR. TOTAL    0.37   01/10 TO 01/10              1.10
                        01/09 TO 01/10
                        01/10 TO 01/10

SNOWFALL (INCHES)
RECORDS
 TOTAL           36.4   5
TOTALS           11.8              16.6    -4.8     29.3
SINCE 7/1        13.0              36.0   -23.0     41.6
DAYS >= 1.0         5               5.4    -0.4       10
GREATEST
 24 HR TOTAL      2.6   MM

DEGREE_DAYS
HEATING TOTAL    1199              1217     -18     1343
 SINCE 7/1       2891              3623    -732     3686
COOLING TOTAL       0                 0       0        0
 SINCE 1/1          0                 0       0        0
..............................................................

WIND (MPH)
AVERAGE WIND SPEED              10.3
HIGHEST WIND SPEED/DIRECTION    32/260    DATE  01/10
HIGHEST GUST SPEED/DIRECTION    42/250    DATE  01/10

SKY COVER
AVERAGE SKY COVER           0.80

AVERAGE RH (PERCENT)     69

WEATHER CONDITIONS. NUMBER OF DAYS WITH
THUNDERSTORM              0     MIXED PRECIP               0
HEAVY RAIN                0     RAIN                       2
LIGHT RAIN                7     FREEZING RAIN              0
LT FREEZING RAIN          3     HAIL                       0
HEAVY SNOW                2     SNOW                       4
LIGHT SNOW               23     SLEET                      0
FOG                      14     FOG W/VIS <= 1/4 MILE      0
HAZE                      0

-  INDICATES NEGATIVE NUMBERS.
R  INDICATES RECORD WAS SET OR TIED.
MM INDICATES DATA IS MISSING.
T  INDICATES TRACE AMOUNT.

$$
