000
CXUS51 KCLE 021328
CLMYNG


CLIMATE REPORT
NATIONAL WEATHER SERVICE CLEVELAND OH
927 AM EDT FRI OCT 2 2015

...................................

...THE YOUNGSTOWN OH CLIMATE SUMMARY FOR THE MONTH OF SEPTEMBER 2015...

CLIMATE NORMAL PERIOD 1981 TO 2010
CLIMATE RECORD PERIOD 1897 TO 2015

WEATHER         OBSERVED          NORMAL  DEPART  LAST YEAR`S
                 VALUE   DATE(S)  VALUE   FROM    VALUE
                                          NORMAL
.............................................................
TEMPERATURE (F)
RECORD
 HIGH              99   09/05/1954
 LOW               29   09/28/1991
                        09/27/1957
HIGHEST            90   09/08
                        09/07
LOWEST             46   09/21
                        09/20
AVG. MAXIMUM     78.1              72.4     5.7     73.2
AVG. MINIMUM     56.1              51.4     4.7     50.5
MEAN             67.1              61.9     5.2     61.8
DAYS MAX >= 90      2               0.2     1.8        0
DAYS MAX <= 32      0               0.0     0.0        0
DAYS MIN <= 32      0               0.1    -0.1        0
DAYS MIN <= 0       0               0.0     0.0        0

PRECIPITATION (INCHES)
RECORD
 MAXIMUM         7.08   2011
 MINIMUM         0.27
TOTALS           3.18              3.75   -0.57     1.90
DAYS >= .01         9              10.6    -1.6       11
DAYS >= .10         6               6.9    -0.9        7
DAYS >= .50         2               2.6    -0.6        0
DAYS >= 1.00        1               1.0     0.0        0
GREATEST
 24 HR. TOTAL    1.54   09/12 TO 09/12              0.53

SNOWFALL (INCHES)
RECORDS
 TOTAL              T   5
                        0
                        -26215
TOTALS            0.0               0.0     0.0      0.0
SINCE 7/1         0.0               0.0     0.0      0.0
DAYS >= 1.0         0               0.0     0.0        0
GREATEST
 24 HR TOTAL      0.0   09/30 TO 09/30

DEGREE_DAYS
HEATING TOTAL      50               145     -95      141
 SINCE 7/1         79               183    -104      193
COOLING TOTAL     119                52      67       53
 SINCE 1/1        679               538     141      530
..............................................................

WIND (MPH)
AVERAGE WIND SPEED              6.5
HIGHEST WIND SPEED/DIRECTION    24/320    DATE  09/19
HIGHEST GUST SPEED/DIRECTION    31/320    DATE  09/19

SKY COVER
AVERAGE SKY COVER           0.60

AVERAGE RH (PERCENT)     72

WEATHER CONDITIONS. NUMBER OF DAYS WITH
THUNDERSTORM              0     MIXED PRECIP               0
HEAVY RAIN                2     RAIN                       4
LIGHT RAIN               11     FREEZING RAIN              0
LT FREEZING RAIN          0     HAIL                       0
HEAVY SNOW                0     SNOW                       0
LIGHT SNOW                0     SLEET                      0
FOG                      18     FOG W/VIS <= 1/4 MILE      1
HAZE                      6

-  INDICATES NEGATIVE NUMBERS.
R  INDICATES RECORD WAS SET OR TIED.
MM INDICATES DATA IS MISSING.
T  INDICATES TRACE AMOUNT.

$$
