000
CXUS51 KCLE 031735
CLMYNG
CLIMATE REPORT
NATIONAL WEATHER SERVICE CLEVELAND, OH
135 PM EDT MON APR 03 2023
...................................
...THE YOUNGSTOWN OH CLIMATE SUMMARY FOR THE MONTH OF MARCH 2023...
CLIMATE NORMAL PERIOD 1991 TO 2020
CLIMATE RECORD PERIOD 1897 TO 2023
WEATHER OBSERVED NORMAL DEPART LAST YEAR`S
VALUE DATE(S) VALUE FROM VALUE
NORMAL
..............................................................
TEMPERATURE (F)
RECORD
HIGH 82 03/30/1986
LOW -10 03/02/1980
HIGHEST 65 03/25
LOWEST 18 03/15
03/19
AVG. MAXIMUM 47.3 46.6 0.7 51.7
AVG. MINIMUM 28.8 27.8 1.0 30.3
MEAN 38.1 37.2 0.9 41.0
DAYS MAX >= 90 0 0.0 0.0 0
DAYS MAX <= 32 1 4.5 -3.5 3
DAYS MIN <= 32 21 22.2 -1.2 16
DAYS MIN <= 0 0 0.2 -0.2 0
PRECIPITATION (INCHES)
RECORD
MAXIMUM 6.38 2008
MINIMUM 1.07
TOTALS 4.56 3.21 1.35 4.22
DAYS >= .01 18 15.1 2.9 19
DAYS >= .10 10 8.1 1.9 11
DAYS >= .50 3 1.8 1.2 2
DAYS >= 1.00 0 0.4 -0.4 1
GREATEST
24 HR. TOTAL 1.09 03/22 TO 03/23 1.73
SNOWFALL (INCHES)
RECORDS
TOTAL 30.9 1993
TOTALS 4.6 10.5 -5.9 8.3
SINCE 7/1 22.8 65.2 -42.4 58.3
DAYS >= 1.0 1 3.0 -2.0 3
GREATEST
24 HR TOTAL 2.3 03/13 TO 03/13
DEGREE DAYS
HEATING TOTAL 830 862 -32 737
SINCE 7/1 4660 5334 -674 4861
COOLING TOTAL 0 1 -1 0
SINCE 1/1 0 1 -1 0
..............................................................
WIND (MPH)
AVERAGE WIND SPEED 9.9
HIGHEST WIND SPEED/DIRECTION 47/250 DATE 03/25
HIGHEST GUST SPEED/DIRECTION 61/250 DATE 03/25
SKY COVER
AVERAGE SKY COVER 0.72
AVERAGE RH (PERCENT) 67
WEATHER CONDITIONS. NUMBER OF DAYS WITH
THUNDERSTORM 4 MIXED PRECIP 0
HEAVY RAIN 0 RAIN 3
LIGHT RAIN 16 FREEZING RAIN 0
LT FREEZING RAIN 2 HAIL 1
HEAVY SNOW 0 SNOW 1
LIGHT SNOW 13 SLEET 0
FOG 18 FOG W/VIS <= 1/4 MILE 0
HAZE 4
- INDICATES NEGATIVE NUMBERS.
R INDICATES RECORD WAS SET OR TIED.
MM INDICATES DATA IS MISSING.
T INDICATES TRACE AMOUNT.
$$