000
CXUS51 KCLE 011858
CLMYNG


CLIMATE REPORT
NATIONAL WEATHER SERVICE CLEVELAND OH
149 PM EST SAT FEB 1 2014

...................................

...THE YOUNGSTOWN OH CLIMATE SUMMARY FOR THE MONTH OF JANUARY 2014...

CLIMATE NORMAL PERIOD 1981 TO 2010
CLIMATE RECORD PERIOD 1897 TO 2014

WEATHER         OBSERVED          NORMAL  DEPART  LAST YEAR`S
                 VALUE   DATE(S)  VALUE   FROM    VALUE
                                          NORMAL
.............................................................
TEMPERATURE (F)
RECORD
 HIGH              71   01/25/1950
 LOW              -22   01/19/1994
HIGHEST            52   01/11
LOWEST            -12   01/28
                        01/07
AVG. MAXIMUM     28.7              32.5    -3.8     36.6
AVG. MINIMUM     10.8              19.0    -8.2     22.0
MEAN             19.8              25.8    -6.0     29.3
DAYS MAX >= 90      0               0.0     0.0        0
DAYS MAX <= 32     17              15.4     1.6       12
DAYS MIN <= 32     28              26.8     1.2       24
DAYS MIN <= 0       8               2.1     5.9        0

PRECIPITATION (INCHES)
RECORD
 MAXIMUM         7.64   1950
 MINIMUM         0.73
TOTALS           2.43              2.55   -0.12     1.81
DAYS >= .01        23              17.1     5.9       21
DAYS >= .10         8               6.7     1.3        6
DAYS >= .50         0               1.2    -1.2        0
DAYS >= 1.00        0               0.2    -0.2        0
GREATEST
 24 HR. TOTAL    0.52   01/10 TO 01/11              0.39

SNOWFALL (INCHES)
RECORDS
 TOTAL           36.4   1999
TOTALS           23.0              16.6     6.4     12.7
SINCE 7/1        57.6              36.0    21.6     39.9
DAYS >= 1.0         8               5.4     2.6        6
GREATEST
 24 HR TOTAL      5.5   01/25 TO 01/25

DEGREE_DAYS
HEATING TOTAL    1395              1217     178     1097
 SINCE 7/1       3839              3623     216     3360
COOLING TOTAL       0                 0       0        0
 SINCE 1/1          0                 0       0        0
..............................................................

WIND (MPH)
AVERAGE WIND SPEED              10.5
HIGHEST WIND SPEED/DIRECTION    36/230    DATE  01/06
HIGHEST GUST SPEED/DIRECTION    48/220    DATE  01/06

SKY COVER
AVERAGE SKY COVER           0.80

AVERAGE RH (PERCENT)     70

WEATHER CONDITIONS. NUMBER OF DAYS WITH
THUNDERSTORM              0     MIXED PRECIP               0
HEAVY RAIN                2     RAIN                       5
LIGHT RAIN                9     FREEZING RAIN              0
LT FREEZING RAIN          1     HAIL                       0
HEAVY SNOW                5     SNOW                       7
LIGHT SNOW               22     SLEET                      1
FOG                      17     FOG W/VIS <= 1/4 MILE      2
HAZE                      3

-  INDICATES NEGATIVE NUMBERS.
R  INDICATES RECORD WAS SET OR TIED.
MM INDICATES DATA IS MISSING.
T  INDICATES TRACE AMOUNT.

$$
