000
CXUS51 KCLE 021333
CLMYNG


CLIMATE REPORT
NATIONAL WEATHER SERVICE CLEVELAND OH
921 AM EDT TUE SEP 2 2014

...................................

...THE YOUNGSTOWN OH CLIMATE SUMMARY FOR THE MONTH OF AUGUST 2014...

CLIMATE NORMAL PERIOD 1981 TO 2010
CLIMATE RECORD PERIOD 1897 TO 2014

WEATHER         OBSERVED          NORMAL  DEPART  LAST YEAR`S
                 VALUE   DATE(S)  VALUE   FROM    VALUE
                                          NORMAL
.............................................................
TEMPERATURE (F)
RECORD
 HIGH              97   08/17/1988
                        08/30/1953
 LOW               32   08/29/1982
HIGHEST            87   08/30
LOWEST             47   08/29
                        08/15
AVG. MAXIMUM     79.1              79.9    -0.8     78.9
AVG. MINIMUM     58.0              58.3    -0.3     57.3
MEAN             68.5              69.1    -0.6     68.1
DAYS MAX >= 90      0               1.7    -1.7        0
DAYS MAX <= 32      0               0.0     0.0        0
DAYS MIN <= 32      0               0.0     0.0        0
DAYS MIN <= 0       0               0.0     0.0        0

PRECIPITATION (INCHES)
RECORD
 MAXIMUM         7.86   1956
 MINIMUM         0.51
TOTALS           6.26              3.24    3.02     2.63
DAYS >= .01        12              10.0     2.0        9
DAYS >= .10        11               6.0     5.0        7
DAYS >= .50         4               2.1     1.9        2
DAYS >= 1.00        1               0.7     0.3        0
GREATEST
 24 HR. TOTAL    2.32   08/19 TO 08/20              1.37

SNOWFALL (INCHES)
RECORDS
 TOTAL             MM
TOTALS            0.0               0.0     0.0      0.0
SINCE 7/1         0.0               0.0     0.0      0.0
DAYS >= 1.0         0               0.0     0.0        0
GREATEST
 24 HR TOTAL      0.0

DEGREE_DAYS
HEATING TOTAL      24                25      -1       25
 SINCE 7/1         52                38      14       38
COOLING TOTAL     142               152     -10      126
 SINCE 1/1        480               486      -6      552
..............................................................

WIND (MPH)
AVERAGE WIND SPEED              6.0
HIGHEST WIND SPEED/DIRECTION    29/350    DATE  08/05
HIGHEST GUST SPEED/DIRECTION    36/340    DATE  08/05

SKY COVER
AVERAGE SKY COVER           0.60

AVERAGE RH (PERCENT)     74

WEATHER CONDITIONS. NUMBER OF DAYS WITH
THUNDERSTORM              0     MIXED PRECIP               0
HEAVY RAIN                7     RAIN                       9
LIGHT RAIN               14     FREEZING RAIN              0
LT FREEZING RAIN          0     HAIL                       0
HEAVY SNOW                0     SNOW                       0
LIGHT SNOW                0     SLEET                      0
FOG                      20     FOG W/VIS <= 1/4 MILE      3
HAZE                      6

-  INDICATES NEGATIVE NUMBERS.
R  INDICATES RECORD WAS SET OR TIED.
MM INDICATES DATA IS MISSING.
T  INDICATES TRACE AMOUNT.

$$
