000
CXUS51 KCLE 010530
CLMYNG


CLIMATE REPORT
NATIONAL WEATHER SERVICE CLEVELAND OH
1230 AM EST SAT MAR 1 2014

...................................

...THE YOUNGSTOWN OH CLIMATE SUMMARY FOR THE MONTH OF FEBRUARY 2014...

CLIMATE NORMAL PERIOD 1981 TO 2010
CLIMATE RECORD PERIOD 1897 TO 2014

WEATHER         OBSERVED          NORMAL  DEPART  LAST YEAR`S
                 VALUE   DATE(S)  VALUE   FROM    VALUE
                                          NORMAL
.............................................................
TEMPERATURE (F)
RECORD
 HIGH              73   02/26/2000
 LOW              -16   02/09/1934
HIGHEST            53   02/21
                        02/20
LOWEST             -8   02/28
AVG. MAXIMUM     29.7              36.1    -6.4     33.2
AVG. MINIMUM     12.0              20.7    -8.7     18.9
MEAN             20.9              28.4    -7.5     26.1
DAYS MAX >= 90      0               0.0     0.0        0
DAYS MAX <= 32     20              10.7     9.3       12
DAYS MIN <= 32     26              23.6     2.4       27
DAYS MIN <= 0       6               0.9     5.1        0

PRECIPITATION (INCHES)
RECORD
 MAXIMUM         5.83   2008
 MINIMUM         0.55
TOTALS           2.26              2.15    0.11     2.49
DAYS >= .01        17              14.3     2.7       20
DAYS >= .10         6               6.5    -0.5       10
DAYS >= .50         1               0.8     0.2        1
DAYS >= 1.00        0               0.1    -0.1        0
GREATEST
 24 HR. TOTAL    0.54   02/04 TO 02/05              0.96

SNOWFALL (INCHES)
RECORDS
 TOTAL           36.3   2010
TOTALS           23.4              12.8    10.6     20.3
SINCE 7/1        81.0              48.8    32.2     60.4
DAYS >= 1.0         8               4.3     3.7        8
GREATEST
 24 HR TOTAL      5.1   MM

DEGREE_DAYS
HEATING TOTAL    1229              1025     204     1082
 SINCE 7/1       5068              4648     420     4442
COOLING TOTAL       0                 0       0        0
 SINCE 1/1          0                 0       0        0
..............................................................

WIND (MPH)
AVERAGE WIND SPEED              8.8
HIGHEST WIND SPEED/DIRECTION    33/240    DATE  02/21
HIGHEST GUST SPEED/DIRECTION    46/240    DATE  02/21

SKY COVER
AVERAGE SKY COVER           0.80

AVERAGE RH (PERCENT)     69

WEATHER CONDITIONS. NUMBER OF DAYS WITH
THUNDERSTORM              0     MIXED PRECIP               0
HEAVY RAIN                1     RAIN                       2
LIGHT RAIN                6     FREEZING RAIN              2
LT FREEZING RAIN          3     HAIL                       0
HEAVY SNOW                3     SNOW                      11
LIGHT SNOW               21     SLEET                      4
FOG                      18     FOG W/VIS <= 1/4 MILE      2
HAZE                      6

-  INDICATES NEGATIVE NUMBERS.
R  INDICATES RECORD WAS SET OR TIED.
MM INDICATES DATA IS MISSING.
T  INDICATES TRACE AMOUNT.

$$
