000
CXUS51 KCLE 011930
CLMYNG


CLIMATE REPORT
NATIONAL WEATHER SERVICE CLEVELAND OH
328 PM EDT SUN JUN 1 2014

...................................

...THE YOUNGSTOWN OH CLIMATE SUMMARY FOR THE MONTH OF MAY 2014...

CLIMATE NORMAL PERIOD 1981 TO 2010
CLIMATE RECORD PERIOD 1897 TO 2014

WEATHER         OBSERVED          NORMAL  DEPART  LAST YEAR`S
                 VALUE   DATE(S)  VALUE   FROM    VALUE
                                          NORMAL
.............................................................
TEMPERATURE (F)
RECORD
 HIGH              92   05/18/1962
 LOW               20   05/07/2010
HIGHEST            86   05/13
LOWEST             34   05/05
AVG. MAXIMUM     71.0              68.9     2.1     73.3
AVG. MINIMUM     48.8              46.7     2.1     49.0
MEAN             59.9              57.8     2.1     61.2
DAYS MAX >= 90      0               0.0     0.0        0
DAYS MAX <= 32      0               0.0     0.0        0
DAYS MIN <= 32      0               1.0    -1.0        4
DAYS MIN <= 0       0               0.0     0.0        0

PRECIPITATION (INCHES)
RECORD
 MAXIMUM         9.87   1946
 MINIMUM         0.78
TOTALS           3.55              3.79   -0.24     1.47
DAYS >= .01        11              13.6    -2.6       10
DAYS >= .10         5               8.6    -3.6        4
DAYS >= .50         2               2.5    -0.5        0
DAYS >= 1.00        1               0.6     0.4        0
GREATEST
 24 HR. TOTAL    1.62   05/12 TO 05/12              0.42
                        05/12 TO 05/13

SNOWFALL (INCHES)
RECORDS
 TOTAL            5.4   5
                        0
                        -26215
TOTALS              T                 T     0.0        T
SINCE 7/1        90.1              62.7    27.4     80.9
DAYS >= 1.0         0               0.0     0.0        0
GREATEST
 24 HR TOTAL        T   05/17 TO 05/17

DEGREE_DAYS
HEATING TOTAL     205               253     -48      190
 SINCE 7/1       6827              6280     547     6100
COOLING TOTAL      55                30      25       81
 SINCE 1/1         55                39      16       88
..............................................................

WIND (MPH)
AVERAGE WIND SPEED              7.0
HIGHEST WIND SPEED/DIRECTION    35/260    DATE  05/09
HIGHEST GUST SPEED/DIRECTION    46/260    DATE  05/09

SKY COVER
AVERAGE SKY COVER           0.70

AVERAGE RH (PERCENT)     67

WEATHER CONDITIONS. NUMBER OF DAYS WITH
THUNDERSTORM              0     MIXED PRECIP               0
HEAVY RAIN                3     RAIN                       5
LIGHT RAIN               17     FREEZING RAIN              0
LT FREEZING RAIN          0     HAIL                       1
HEAVY SNOW                0     SNOW                       0
LIGHT SNOW                0     SLEET                      0
FOG                      16     FOG W/VIS <= 1/4 MILE      4
HAZE                      6

-  INDICATES NEGATIVE NUMBERS.
R  INDICATES RECORD WAS SET OR TIED.
MM INDICATES DATA IS MISSING.
T  INDICATES TRACE AMOUNT.

$$
