000
CXUS51 KCLE 021924
CLMYNG


CLIMATE REPORT
NATIONAL WEATHER SERVICE CLEVELAND OH
322 PM EDT TUE JUL 2 2013

...................................

...THE YOUNGSTOWN OH CLIMATE SUMMARY FOR THE MONTH OF JUNE 2013...

CLIMATE NORMAL PERIOD 1981 TO 2010
CLIMATE RECORD PERIOD 1897 TO 2013

WEATHER         OBSERVED          NORMAL  DEPART  LAST YEAR`S
                 VALUE   DATE(S)  VALUE   FROM    VALUE
                                          NORMAL
.............................................................
TEMPERATURE (F)
RECORD
 HIGH              99   06/25/1988
                        06/26/1952
 LOW               30   06/11/1972
HIGHEST            89   06/23
LOWEST             40   06/04
AVG. MAXIMUM     77.5              77.4     0.1     80.9
AVG. MINIMUM     56.1              55.4     0.7     56.4
MEAN             66.8              66.4     0.4     68.6
DAYS MAX >= 90      0               0.9    -0.9        4
DAYS MAX <= 32      0               0.0     0.0        0
DAYS MIN <= 32      0               0.0     0.0        0
DAYS MIN <= 0       0               0.0     0.0        0

PRECIPITATION (INCHES)
RECORD
 MAXIMUM        10.66   1986
 MINIMUM         0.71
TOTALS           5.37              3.88    1.49     2.72
DAYS >= .01        12              12.3    -0.3        9
DAYS >= .10         9               7.6     1.4        7
DAYS >= .50         5               2.5     2.5        1
DAYS >= 1.00        1               0.8     0.2        1
GREATEST
 24 HR. TOTAL    1.71   06/27 TO 06/27              1.28

SNOWFALL (INCHES)
RECORDS
 TOTAL             MM   5
TOTALS              T               0.0     0.0      0.0
SINCE 7/1        80.9              62.7    18.2     56.5
DAYS >= 1.0         0               0.0     0.0        0
GREATEST
 24 HR TOTAL        T   06/25 TO 06/25

DEGREE_DAYS
HEATING TOTAL      56                69     -13       41
 SINCE 7/1       6156              6349    -193     5087
COOLING TOTAL     118               110       8      154
 SINCE 1/1        206               149      57      255
..............................................................

WIND (MPH)
AVERAGE WIND SPEED              6.9
HIGHEST WIND SPEED/DIRECTION    29/330    DATE  06/25
HIGHEST GUST SPEED/DIRECTION    52/240    DATE  06/25

SKY COVER
AVERAGE SKY COVER           0.70

AVERAGE RH (PERCENT)     74

WEATHER CONDITIONS. NUMBER OF DAYS WITH
THUNDERSTORM              0     MIXED PRECIP               0
HEAVY RAIN                3     RAIN                       5
LIGHT RAIN               14     FREEZING RAIN              0
LT FREEZING RAIN          0     HAIL                       1
HEAVY SNOW                0     SNOW                       0
LIGHT SNOW                0     SLEET                      0
FOG                      21     FOG W/VIS <= 1/4 MILE      4
HAZE                      5

-  INDICATES NEGATIVE NUMBERS.
R  INDICATES RECORD WAS SET OR TIED.
MM INDICATES DATA IS MISSING.
T  INDICATES TRACE AMOUNT.

$$
