000
CXUS51 KCLE 291913
CLMYNG


CLIMATE REPORT...CORRECTED
NATIONAL WEATHER SERVICE CLEVELAND OH
311 PM EDT SUN SEP 29 2013

...................................

...THE YOUNGSTOWN OH CLIMATE SUMMARY FOR THE SEASON, FROM
6/1/2013 TO 8/31/2013...

CLIMATE NORMAL PERIOD 1981 TO 2010
CLIMATE RECORD PERIOD 1897 TO 2013

WEATHER         OBSERVED          NORMAL  DEPART
                 VALUE   DATE(S)  VALUE   FROM
                                          NORMAL
................................................
TEMPERATURE (F)
RECORD
 HIGH             100   07/16/1988
                        07/07/1988
                        07/14/1954
 LOW               30   06/11/1972
HIGHEST            91   07/19
                        07/18
LOWEST             40   06/04
AVG. MAXIMUM     79.0              79.6    -0.6
AVG. MINIMUM     58.5              57.8     0.7
MEAN             68.8              68.7     0.1
DAYS MAX >= 90      4               4.8
DAYS MAX <= 32      0               0.0
DAYS MIN <= 32      0               0.0
DAYS MIN <= 0       0               0.0

PRECIPITATION (INCHES)
RECORD
 MAXIMUM        20.69   1986
 MINIMUM         5.72   1933
TOTALS          15.45             11.43    4.02
DAYS >= .01        33              33.0
DAYS >= .10        25              20.7
DAYS >= .50        10               7.4
DAYS >= 1.00        3               2.7

SNOWFALL (INCHES)
RECORDS
 TOTAL             MM   MM
TOTALS              T               0.0
DAYS >= TRACE       1
DAYS >= 1.0         0               0.0

DEGREE_DAYS
HEATING TOTAL      94               107     -13
COOLING TOTAL     464               447      17
.................................................

WIND (MPH)
HIGHEST GUST SPEED/DIRECTION    61/210    DATE  07/10

SKY COVER
POSSIBLE SUNSHINE (PERCENT)   MM
NUMBER OF DAYS FAIR            6
NUMBER OF DAYS PC             53
NUMBER OF DAYS CLOUDY         33


WEATHER CONDITIONS. NUMBER OF DAYS WITH
THUNDERSTORM              0     MIXED PRECIP               0
HEAVY RAIN               13     RAIN                      19
LIGHT RAIN               44     FREEZING RAIN              0
LT FREEZING RAIN          0     HAIL                       1
HEAVY SNOW                0     SNOW                       0
LIGHT SNOW                0     SLEET                      0
FOG                      67     FOG W/VIS <= 1/4 MILE      8
HAZE                     18

-  INDICATES NEGATIVE NUMBERS.
R  INDICATES RECORD WAS SET OR TIED.
MM INDICATES DATA IS MISSING.
T  INDICATES TRACE AMOUNT.

$$
...MIN TEMP ON AUG 24 WAS 64 INSTEAD OF 58...
