000
CXUS51 KCLE 011225
CLMYNG


CLIMATE REPORT
NATIONAL WEATHER SERVICE CLEVELAND OH
813 AM EDT SAT JUN 1 2013

...................................

...THE YOUNGSTOWN OH CLIMATE SUMMARY FOR THE MONTH OF MAY 2013...

CLIMATE NORMAL PERIOD 1981 TO 2010
CLIMATE RECORD PERIOD 1897 TO 2013

WEATHER         OBSERVED          NORMAL  DEPART  LAST YEAR`S
                 VALUE   DATE(S)  VALUE   FROM    VALUE
                                          NORMAL
.............................................................
TEMPERATURE (F)
RECORD
 HIGH              92   05/18/1962
 LOW               20   05/07/2010
HIGHEST            88   05/31
LOWEST             28   05/14
AVG. MAXIMUM     73.3              68.9     4.4     77.5
AVG. MINIMUM     49.0              46.7     2.3     51.4
MEAN             61.2              57.8     3.4     64.5
DAYS MAX >= 90      0               0.0     0.0        2
DAYS MAX <= 32      0               0.0     0.0        0
DAYS MIN <= 32      4               1.0     3.0        0
DAYS MIN <= 0       0               0.0     0.0        0

PRECIPITATION (INCHES)
RECORD
 MAXIMUM         9.87   1946
 MINIMUM         0.78
TOTALS           1.47              3.79   -2.32     3.54
DAYS >= .01        10              13.6    -3.6       10
DAYS >= .10         4               8.6    -4.6        5
DAYS >= .50         0               2.5    -2.5        3
DAYS >= 1.00        0               0.6    -0.6        2
GREATEST
 24 HR. TOTAL    0.42   05/27 TO 05/28              1.63

SNOWFALL (INCHES)
RECORDS
 TOTAL            5.4   1966
TOTALS              T                 T     0.0      0.0
SINCE 7/1        80.9              62.7    18.2     56.5
DAYS >= 1.0         0               0.0     0.0        0
GREATEST
 24 HR TOTAL        T   05/13 TO 05/13

DEGREE_DAYS
HEATING TOTAL     190               253     -63      101
 SINCE 7/1       6100              6280    -180     5046
COOLING TOTAL      81                30      51       89
 SINCE 1/1         88                39      49      101
..............................................................

WIND (MPH)
AVERAGE WIND SPEED              8.9
HIGHEST WIND SPEED/DIRECTION    30/220    DATE  05/10
HIGHEST GUST SPEED/DIRECTION    44/210    DATE  05/10

SKY COVER
AVERAGE SKY COVER           0.60

AVERAGE RH (PERCENT)     63

WEATHER CONDITIONS. NUMBER OF DAYS WITH
THUNDERSTORM              0     MIXED PRECIP               0
HEAVY RAIN                1     RAIN                       5
LIGHT RAIN               14     FREEZING RAIN              0
LT FREEZING RAIN          0     HAIL                       0
HEAVY SNOW                0     SNOW                       1
LIGHT SNOW                0     SLEET                      0
FOG                       7     FOG W/VIS <= 1/4 MILE      0
HAZE                      1

-  INDICATES NEGATIVE NUMBERS.
R  INDICATES RECORD WAS SET OR TIED.
MM INDICATES DATA IS MISSING.
T  INDICATES TRACE AMOUNT.

$$
