000
CXUS51 KCLE 022344
CLMYNG


CLIMATE REPORT
NATIONAL WEATHER SERVICE CLEVELAND OH
739 PM EDT MON SEP 2 2013

...................................

...THE YOUNGSTOWN OH CLIMATE SUMMARY FOR THE MONTH OF AUGUST 2013...

CLIMATE NORMAL PERIOD 1981 TO 2010
CLIMATE RECORD PERIOD 1897 TO 2013

WEATHER         OBSERVED          NORMAL  DEPART  LAST YEAR`S
                 VALUE   DATE(S)  VALUE   FROM    VALUE
                                          NORMAL
.............................................................
TEMPERATURE (F)
RECORD
 HIGH              97   08/17/1988
                        08/30/1953
 LOW               32   08/29/1982
HIGHEST            86   08/30
                        08/26
LOWEST             46   08/15
AVG. MAXIMUM     78.9              79.9    -1.0     80.6
AVG. MINIMUM     57.1              58.3    -1.2     56.9
MEAN             68.0              69.1    -1.1     68.7
DAYS MAX >= 90      0               1.7    -1.7        3
DAYS MAX <= 32      0               0.0     0.0        0
DAYS MIN <= 32      0               0.0     0.0        0
DAYS MIN <= 0       0               0.0     0.0        0

PRECIPITATION (INCHES)
RECORD
 MAXIMUM         7.86   1956
 MINIMUM         0.51
TOTALS           2.63              3.24   -0.61     4.48
DAYS >= .01         9              10.0    -1.0       11
DAYS >= .10         7               6.0     1.0        8
DAYS >= .50         2               2.1    -0.1        4
DAYS >= 1.00        0               0.7    -0.7        0
GREATEST
 24 HR. TOTAL    1.37   08/27 TO 08/28              1.08

SNOWFALL (INCHES)
RECORDS
 TOTAL             MM   5
TOTALS            0.0               0.0     0.0      0.0
SINCE 7/1         0.0               0.0     0.0        T
DAYS >= 1.0         0               0.0     0.0        0
GREATEST
 24 HR TOTAL      0.0   08/31 TO 08/31

DEGREE_DAYS
HEATING TOTAL      25                25       0        6
 SINCE 7/1         38                38       0        6
COOLING TOTAL     123               152     -29      130
 SINCE 1/1        549               486      63      694
..............................................................

WIND (MPH)
AVERAGE WIND SPEED              5.4
HIGHEST WIND SPEED/DIRECTION    23/330    DATE  08/13
HIGHEST GUST SPEED/DIRECTION    28/330    DATE  08/13

SKY COVER
AVERAGE SKY COVER           0.60

AVERAGE RH (PERCENT)     74

WEATHER CONDITIONS. NUMBER OF DAYS WITH
THUNDERSTORM              0     MIXED PRECIP               0
HEAVY RAIN                4     RAIN                       7
LIGHT RAIN               13     FREEZING RAIN              0
LT FREEZING RAIN          0     HAIL                       0
HEAVY SNOW                0     SNOW                       0
LIGHT SNOW                0     SLEET                      0
FOG                      21     FOG W/VIS <= 1/4 MILE      3
HAZE                      7

-  INDICATES NEGATIVE NUMBERS.
R  INDICATES RECORD WAS SET OR TIED.
MM INDICATES DATA IS MISSING.
T  INDICATES TRACE AMOUNT.

$$
