000
CXUS51 KCLE 051802
CLMYNG


CLIMATE REPORT
NATIONAL WEATHER SERVICE CLEVELAND OH
101 PM EST THU FEB 5 2015

...................................

...THE YOUNGSTOWN OH CLIMATE SUMMARY FOR THE MONTH OF JANUARY 2015...

CLIMATE NORMAL PERIOD 1981 TO 2010
CLIMATE RECORD PERIOD 1897 TO 2015

WEATHER         OBSERVED          NORMAL  DEPART  LAST YEAR`S
                 VALUE   DATE(S)  VALUE   FROM    VALUE
                                          NORMAL
.............................................................
TEMPERATURE (F)
RECORD
 HIGH              71   01/25/1950
 LOW              -22   01/19/1994
HIGHEST            58   01/04
LOWEST             -4   01/10
AVG. MAXIMUM     29.9              32.5    -2.6     28.7
AVG. MINIMUM     13.1              19.0    -5.9     10.8
MEAN             21.5              25.8    -4.3     19.8
DAYS MAX >= 90      0               0.0     0.0        0
DAYS MAX <= 32     19              15.4     3.6       17
DAYS MIN <= 32     31              26.8     4.2       28
DAYS MIN <= 0       4               2.1     1.9        8

PRECIPITATION (INCHES)
RECORD
 MAXIMUM         7.64   1950
 MINIMUM         0.73
TOTALS           3.16              2.55    0.61     2.43
DAYS >= .01        19              17.1     1.9       23
DAYS >= .10         9               6.7     2.3        8
DAYS >= .50         1               1.2    -0.2        0
DAYS >= 1.00        1               0.2     0.8        0
GREATEST
 24 HR. TOTAL    1.10   01/03 TO 01/04              0.52

SNOWFALL (INCHES)
RECORDS
 TOTAL           36.4   5
                        0
                        -26215
TOTALS           29.3              16.6    12.7     23.0
SINCE 7/1        41.6              36.0     5.6     57.6
DAYS >= 1.0        10               5.4     4.6        8
GREATEST
 24 HR TOTAL      4.3   MM

DEGREE_DAYS
HEATING TOTAL    1343              1217     126     1395
 SINCE 7/1       3686              3623      63     3839
COOLING TOTAL       0                 0       0        0
 SINCE 1/1          0                 0       0        0
..............................................................

WIND (MPH)
AVERAGE WIND SPEED              9.8
HIGHEST WIND SPEED/DIRECTION    32/240    DATE  01/04
HIGHEST GUST SPEED/DIRECTION    41/240    DATE  01/04

SKY COVER
AVERAGE SKY COVER           0.80

AVERAGE RH (PERCENT)     74

WEATHER CONDITIONS. NUMBER OF DAYS WITH
THUNDERSTORM              0     MIXED PRECIP               2
HEAVY RAIN                0     RAIN                       2
LIGHT RAIN                5     FREEZING RAIN              0
LT FREEZING RAIN          7     HAIL                       0
HEAVY SNOW                2     SNOW                       6
LIGHT SNOW               21     SLEET                      4
FOG                      24     FOG W/VIS <= 1/4 MILE      3
HAZE                      2

-  INDICATES NEGATIVE NUMBERS.
R  INDICATES RECORD WAS SET OR TIED.
MM INDICATES DATA IS MISSING.
T  INDICATES TRACE AMOUNT.

$$
