000
CXUS51 KCLE 031628
CLMYNG


CLIMATE REPORT
NATIONAL WEATHER SERVICE CLEVELAND OH
1128 AM EST FRI JAN 3 2014

...................................

...THE YOUNGSTOWN OH CLIMATE SUMMARY FOR THE MONTH OF DECEMBER 2013...

CLIMATE NORMAL PERIOD 1981 TO 2010
CLIMATE RECORD PERIOD 1897 TO 2014

WEATHER         OBSERVED          NORMAL  DEPART  LAST YEAR`S
                 VALUE   DATE(S)  VALUE   FROM    VALUE
                                          NORMAL
.............................................................
TEMPERATURE (F)
RECORD
 HIGH              76   12/03/1982
 LOW              -12   12/22/1989
                        12/25/1983
                        12/24/1983
HIGHEST            64   12/22
LOWEST              5   12/12
AVG. MAXIMUM     37.1              36.5     0.6     42.9
AVG. MINIMUM     24.0              24.0     0.0     29.6
MEAN             30.5              30.3     0.2     36.3
DAYS MAX >= 90      0               0.0     0.0        0
DAYS MAX <= 32     14              10.9     3.1        6
DAYS MIN <= 32     25              24.7     0.3       22
DAYS MIN <= 0       0               0.6    -0.6        0

PRECIPITATION (INCHES)
RECORD
 MAXIMUM         6.53   1990
 MINIMUM         0.88
TOTALS           3.52              2.99    0.53     5.19
DAYS >= .01        21              17.2     3.8       20
DAYS >= .10         9               7.9     1.1       15
DAYS >= .50         2               1.4     0.6        3
DAYS >= 1.00        1               0.3     0.7        0
GREATEST
 24 HR. TOTAL    1.25   12/21 TO 12/22              0.82

SNOWFALL (INCHES)
RECORDS
 TOTAL           53.1   2010
TOTALS           20.5              15.0     5.5     24.3
SINCE 7/1        34.6              19.4    15.2     27.2
DAYS >= 1.0         8               4.8     3.2        6
GREATEST
 24 HR TOTAL      4.3   MM

DEGREE_DAYS
HEATING TOTAL    1062              1077     -15      882
 SINCE 7/1       2444              2406      38     2263
COOLING TOTAL       0                 0       0        0
 SINCE 1/1        630               544      86      761
..............................................................

WIND (MPH)
AVERAGE WIND SPEED              9.2
HIGHEST WIND SPEED/DIRECTION    32/240    DATE  12/22
HIGHEST GUST SPEED/DIRECTION    43/160    DATE  12/22

SKY COVER
AVERAGE SKY COVER           0.90

AVERAGE RH (PERCENT)     73

WEATHER CONDITIONS. NUMBER OF DAYS WITH
THUNDERSTORM              0     MIXED PRECIP               3
HEAVY RAIN                1     RAIN                       5
LIGHT RAIN                9     FREEZING RAIN              0
LT FREEZING RAIN          7     HAIL                       0
HEAVY SNOW                3     SNOW                       8
LIGHT SNOW               21     SLEET                      3
FOG                      21     FOG W/VIS <= 1/4 MILE      0
HAZE                      4

-  INDICATES NEGATIVE NUMBERS.
R  INDICATES RECORD WAS SET OR TIED.
MM INDICATES DATA IS MISSING.
T  INDICATES TRACE AMOUNT.

$$
