000
CXUS51 KCLE 011742
CLMYNG


CLIMATE REPORT
NATIONAL WEATHER SERVICE CLEVELAND OH
136 PM EDT SAT APR 1 2017

...................................

...THE YOUNGSTOWN OH CLIMATE SUMMARY FOR THE MONTH OF MARCH 2017...

CLIMATE NORMAL PERIOD 1981 TO 2010
CLIMATE RECORD PERIOD 1897 TO 2017

WEATHER         OBSERVED          NORMAL  DEPART  LAST YEAR`S
                 VALUE   DATE(S)  VALUE   FROM    VALUE
                                          NORMAL
.............................................................
TEMPERATURE (F)
RECORD
 HIGH              82   03/30/1986
 LOW              -10   03/02/1980
HIGHEST            72   03/24
LOWEST             12   03/05
AVG. MAXIMUM     44.7              45.8    -1.1     54.7
AVG. MINIMUM     28.6              27.7     0.9     34.9
MEAN             36.7              36.7     0.0     44.8
DAYS MAX >= 90      0               0.0     0.0        0
DAYS MAX <= 32      8               4.5     3.5        2
DAYS MIN <= 32     18              21.4    -3.4       18
DAYS MIN <= 0       0               0.1    -0.1        0

PRECIPITATION (INCHES)
RECORD
 MAXIMUM         6.38   2008
 MINIMUM         1.07
TOTALS           5.04              2.94    2.10     3.81
DAYS >= .01        22              14.1     7.9       15
DAYS >= .10        12               7.5     4.5        9
DAYS >= .50         2               1.7     0.3        3
DAYS >= 1.00        1               0.3     0.7        0
GREATEST
 24 HR. TOTAL    1.12   03/31 TO 03/31              0.80

SNOWFALL (INCHES)
RECORDS
 TOTAL           30.9   1993
TOTALS           20.1              10.9     9.2      4.3
SINCE 7/1        67.5              59.7     7.8     35.9
DAYS >= 1.0         6               2.7     3.3        2
GREATEST
 24 HR TOTAL      6.3   03/02 TO 03/03

DEGREE_DAYS
HEATING TOTAL     870               876      -6      614
 SINCE 7/1       4654              5524    -870     4462
COOLING TOTAL       0                 1      -1        0
 SINCE 1/1          0                 1      -1        0
..............................................................

WIND (MPH)
AVERAGE WIND SPEED              10.8
HIGHEST WIND SPEED/DIRECTION    45/240    DATE  03/08
HIGHEST GUST SPEED/DIRECTION    70/230    DATE  03/08

SKY COVER
AVERAGE SKY COVER           0.80

AVERAGE RH (PERCENT)     69

WEATHER CONDITIONS. NUMBER OF DAYS WITH
THUNDERSTORM              0     MIXED PRECIP               0
HEAVY RAIN                3     RAIN                       3
LIGHT RAIN               13     FREEZING RAIN              0
LT FREEZING RAIN          2     HAIL                       1
HEAVY SNOW                1     SNOW                       4
LIGHT SNOW               15     SLEET                      1
FOG                      21     FOG W/VIS <= 1/4 MILE      2
HAZE                      1

-  INDICATES NEGATIVE NUMBERS.
R  INDICATES RECORD WAS SET OR TIED.
MM INDICATES DATA IS MISSING.
T  INDICATES TRACE AMOUNT.

$$
