000
CXUS51 KCLE 011743
CLMYNG


CLIMATE REPORT
NATIONAL WEATHER SERVICE CLEVELAND OH
141 PM EDT WED MAY 1 2013

...................................

...THE YOUNGSTOWN OH CLIMATE SUMMARY FOR THE MONTH OF APRIL 2013...

CLIMATE NORMAL PERIOD 1981 TO 2010
CLIMATE RECORD PERIOD 1897 TO 2013

WEATHER         OBSERVED          NORMAL  DEPART  LAST YEAR`S
                 VALUE   DATE(S)  VALUE   FROM    VALUE
                                          NORMAL
.............................................................
TEMPERATURE (F)
RECORD
 HIGH              88   04/27/1990
                        04/10/1945
 LOW               11   04/14/1950
HIGHEST            84   04/18
LOWEST             17   04/04
AVG. MAXIMUM     60.8              59.0     1.8     59.3
AVG. MINIMUM     36.3              38.0    -1.7     35.4
MEAN             48.6              48.5     0.1     47.3
DAYS MAX >= 90      0               0.0     0.0        0
DAYS MAX <= 32      0               0.3    -0.3        0
DAYS MIN <= 32     12               8.6     3.4       11
DAYS MIN <= 0       0               0.0     0.0        0

PRECIPITATION (INCHES)
RECORD
 MAXIMUM         7.29   1998
 MINIMUM         1.01
TOTALS           3.29              3.36   -0.07     1.60
DAYS >= .01        12              14.5    -2.5       10
DAYS >= .10         7               7.8    -0.8        4
DAYS >= .50         2               2.0     0.0        1
DAYS >= 1.00        1               0.6     0.4        0
GREATEST
 24 HR. TOTAL    1.35   04/10 TO 04/11              0.50

SNOWFALL (INCHES)
RECORDS
 TOTAL           14.8   5
                        0
                        -26215
TOTALS            0.6               3.0    -2.4      1.2
SINCE 7/1        80.9              62.7    18.2     56.5
DAYS >= 1.0         0               0.6    -0.6        0
GREATEST
 24 HR TOTAL      0.4   MM

DEGREE_DAYS
HEATING TOTAL     494               503      -9      527
 SINCE 7/1       5910              6027    -117     4945
COOLING TOTAL       7                 8      -1        5
 SINCE 1/1          7                 9      -2       12
..............................................................

WIND (MPH)
AVERAGE WIND SPEED              9.4
HIGHEST WIND SPEED/DIRECTION    35/280    DATE  04/10
HIGHEST GUST SPEED/DIRECTION    46/290    DATE  04/10

SKY COVER
AVERAGE SKY COVER           0.70

AVERAGE RH (PERCENT)     63

WEATHER CONDITIONS. NUMBER OF DAYS WITH
THUNDERSTORM              0     MIXED PRECIP               0
HEAVY RAIN                5     RAIN                       7
LIGHT RAIN               13     FREEZING RAIN              0
LT FREEZING RAIN          0     HAIL                       1
HEAVY SNOW                0     SNOW                       1
LIGHT SNOW                4     SLEET                      0
FOG                      15     FOG W/VIS <= 1/4 MILE      1
HAZE                      4

-  INDICATES NEGATIVE NUMBERS.
R  INDICATES RECORD WAS SET OR TIED.
MM INDICATES DATA IS MISSING.
T  INDICATES TRACE AMOUNT.

$$
