000
CXUS51 KCLE 011615
CLMYNG


CLIMATE REPORT
NATIONAL WEATHER SERVICE CLEVELAND OH
1114 AM EST TUE MAR 1 2016

...................................

...THE YOUNGSTOWN OH CLIMATE SUMMARY FOR THE MONTH OF FEBRUARY 2016...

CLIMATE NORMAL PERIOD 1981 TO 2010
CLIMATE RECORD PERIOD 1897 TO 2016

WEATHER         OBSERVED          NORMAL  DEPART  LAST YEAR`S
                 VALUE   DATE(S)  VALUE   FROM    VALUE
                                          NORMAL
.............................................................
TEMPERATURE (F)
RECORD
 HIGH              73   02/26/2000
 LOW              -16   02/09/1934
HIGHEST            65   02/20
LOWEST             -2   02/14
AVG. MAXIMUM     41.0              36.1     4.9     23.8
AVG. MINIMUM     22.6              20.7     1.9      3.6
MEAN             31.8              28.4     3.4     13.7
DAYS MAX >= 90      0               0.0     0.0        0
DAYS MAX <= 32      8              10.7    -2.7       22
DAYS MIN <= 32     25              23.6     1.4       28
DAYS MIN <= 0       1               0.9     0.1       12

PRECIPITATION (INCHES)
RECORD
 MAXIMUM         5.83   2008
 MINIMUM         0.55
TOTALS           3.78              2.15    1.63     2.07
DAYS >= .01        17              14.3     2.7       17
DAYS >= .10         9               6.5     2.5        5
DAYS >= .50         3               0.8     2.2        1
DAYS >= 1.00        1               0.1     0.9        0
GREATEST
 24 HR. TOTAL    1.24   02/24 TO 02/24              0.89

SNOWFALL (INCHES)
RECORDS
 TOTAL           36.3   2010
TOTALS           18.6              12.8     5.8     27.9
SINCE 7/1        31.6              48.8   -17.2     69.5
DAYS >= 1.0         6               4.3     1.7        7
GREATEST
 24 HR TOTAL      7.3   02/15 TO 02/16

DEGREE_DAYS
HEATING TOTAL     957              1025     -68     1432
 SINCE 7/1       3848              4682    -834     5118
COOLING TOTAL       0                 0       0        0
 SINCE 1/1          0                 0       0        0
..............................................................

WIND (MPH)
AVERAGE WIND SPEED              10.2
HIGHEST WIND SPEED/DIRECTION    35/230    DATE  02/20
HIGHEST GUST SPEED/DIRECTION    47/220    DATE  02/20

SKY COVER
AVERAGE SKY COVER           0.80

AVERAGE RH (PERCENT)     68

WEATHER CONDITIONS. NUMBER OF DAYS WITH
THUNDERSTORM              0     MIXED PRECIP               0
HEAVY RAIN                2     RAIN                       4
LIGHT RAIN                8     FREEZING RAIN              1
LT FREEZING RAIN          2     HAIL                       0
HEAVY SNOW                1     SNOW                       5
LIGHT SNOW               17     SLEET                      2
FOG                      19     FOG W/VIS <= 1/4 MILE      1
HAZE                      1

-  INDICATES NEGATIVE NUMBERS.
R  INDICATES RECORD WAS SET OR TIED.
MM INDICATES DATA IS MISSING.
T  INDICATES TRACE AMOUNT.

$$
