000
CXUS51 KCLE 061941
CLMYNG


CLIMATE REPORT
NATIONAL WEATHER SERVICE CLEVELAND OH
340 PM EDT THU AUG 6 2015

...................................

...THE YOUNGSTOWN OH CLIMATE SUMMARY FOR THE MONTH OF JULY 2015...

CLIMATE NORMAL PERIOD 1981 TO 2010
CLIMATE RECORD PERIOD 1897 TO 2015

WEATHER         OBSERVED          NORMAL  DEPART  LAST YEAR`S
                 VALUE   DATE(S)  VALUE   FROM    VALUE
                                          NORMAL
.............................................................
TEMPERATURE (F)
RECORD
 HIGH             100   07/16/1988
                        07/07/1988
                        07/14/1954
 LOW               40   07/02/2001
HIGHEST            91   07/29
LOWEST             46   07/16
AVG. MAXIMUM     81.5              81.4     0.1     78.2
AVG. MINIMUM     59.5              59.7    -0.2     57.9
MEAN             70.5              70.5     0.0     68.1
DAYS MAX >= 90      2               2.2    -0.2        0
DAYS MAX <= 32      0               0.0     0.0        0
DAYS MIN <= 32      0               0.0     0.0        0
DAYS MIN <= 0       0               0.0     0.0        0

PRECIPITATION (INCHES)
RECORD
 MAXIMUM        10.40   2003
 MINIMUM         0.65
TOTALS           4.07              4.31   -0.24     3.41
DAYS >= .01        11              10.7     0.3       17
DAYS >= .10         7               7.1    -0.1        9
DAYS >= .50         3               2.8     0.2        3
DAYS >= 1.00        1               1.2    -0.2        0
GREATEST
 24 HR. TOTAL    1.75   07/14 TO 07/15              0.86

SNOWFALL (INCHES)
RECORDS
 TOTAL              T   2012
                        2008
                        5
TOTALS            0.0               0.0     0.0      0.0
SINCE 7/1         0.0               0.0     0.0      0.0
DAYS >= 1.0         0               0.0     0.0        0
GREATEST
 24 HR TOTAL      0.0   07/31 TO 07/31

DEGREE_DAYS
HEATING TOTAL       7                13      -6       28
 SINCE 7/1          7                13      -6       28
COOLING TOTAL     185               185       0      130
 SINCE 1/1        407               334      73      338
..............................................................

WIND (MPH)
AVERAGE WIND SPEED              6.2
HIGHEST WIND SPEED/DIRECTION    28/330    DATE  07/14
HIGHEST GUST SPEED/DIRECTION    41/320    DATE  07/17

SKY COVER
AVERAGE SKY COVER           0.70

AVERAGE RH (PERCENT)     71

WEATHER CONDITIONS. NUMBER OF DAYS WITH
THUNDERSTORM              0     MIXED PRECIP               0
HEAVY RAIN                6     RAIN                       3
LIGHT RAIN               15     FREEZING RAIN              0
LT FREEZING RAIN          0     HAIL                       0
HEAVY SNOW                0     SNOW                       0
LIGHT SNOW                0     SLEET                      0
FOG                      19     FOG W/VIS <= 1/4 MILE      1
HAZE                      4

-  INDICATES NEGATIVE NUMBERS.
R  INDICATES RECORD WAS SET OR TIED.
MM INDICATES DATA IS MISSING.
T  INDICATES TRACE AMOUNT.

$$
